{"id":163,"date":"2023-02-08T19:35:17","date_gmt":"2023-02-08T19:35:17","guid":{"rendered":"https:\/\/www.celec.gob.ec\/celecsur\/?page_id=163"},"modified":"2026-01-19T08:40:16","modified_gmt":"2026-01-19T13:40:16","slug":"solicitud-de-visita","status":"publish","type":"page","link":"https:\/\/www.celec.gob.ec\/celecsur\/solicitud-de-visita\/","title":{"rendered":"Solicitud de Visita"},"content":{"rendered":"\n<p>La Corporaci\u00f3n El\u00e9ctrica del Ecuador CELEC EP, Unidad de Negocio CELEC SUR, es la empresa encargada de la administraci\u00f3n, operaci\u00f3n y mantenimiento de las Centrales Hidroel\u00e9ctricas Mazar, Molino, Sopladora y Minas San Francisco, que suman una capacidad instalada de 2027 MW (megavatios) de energ\u00eda renovable y amigable con el medio ambiente.<\/p>\n\n\n\n<div style=\"height:53px\" aria-hidden=\"true\" class=\"wp-block-spacer\"><\/div>\n\n\n\n<h2 class=\"wp-block-heading\">Visitas a las Centrales de Generaci\u00f3n<\/h2>\n\n\n\n<div style=\"height:25px\" aria-hidden=\"true\" class=\"wp-block-spacer\"><\/div>\n\n\n\n<p>Existen visitas t\u00e9cnicas y no t\u00e9cnicas. Usted debe especificar m\u00e1s adelante el tipo de visita, en la<strong> Solicitud de Visita.<\/strong><\/p>\n\n\n\n<div id=\"wp-block-themeisle-blocks-tabs-4343578a\" class=\"wp-block-themeisle-blocks-tabs is-style-boxed has-light-bg\"><div class=\"wp-block-themeisle-blocks-tabs__content\">\n<div data-title=\"Visita T\u00e9cnica General\" class=\"wp-block-themeisle-blocks-tabs-item\"><div class=\"wp-block-themeisle-blocks-tabs-item__header\" tabindex=\"0\">Visita T\u00e9cnica General<\/div><div class=\"wp-block-themeisle-blocks-tabs-item__content\">\n<p>Estudiantes de universidades en carreras de ingenier\u00eda el\u00e9ctrica, mec\u00e1nica, civil, industrial o afines. Profesionales o t\u00e9cnicos especialistas en estas ramas. Estudiantes de colegio de ciclos diversificados.<\/p>\n\n\n\n<p><\/p>\n<\/div><\/div>\n\n\n\n<div data-title=\"Visita T\u00e9cnica Especializada\" class=\"wp-block-themeisle-blocks-tabs-item\"><div class=\"wp-block-themeisle-blocks-tabs-item__header\" tabindex=\"0\">Visita T\u00e9cnica Especializada<\/div><div class=\"wp-block-themeisle-blocks-tabs-item__content\">\n<p>Visita especializada que aborda un nivel m\u00e1s alto de explicaci\u00f3n y a mayor detalle de los diferentes procesos de generaci\u00f3n, conforme al requerimiento del visitante. Estas visitas pueden ser:<\/p>\n\n\n\n<p><strong>Educativas Especializadas:<\/strong> Estudiantes de nivel universitario y maestr\u00edas de carreras t\u00e9cnicas e instituciones del Sector El\u00e9ctrico.<\/p>\n<\/div><\/div>\n\n\n\n<div data-title=\"Visitas no T\u00e9cnicas o Tur\u00edsticas\" class=\"wp-block-themeisle-blocks-tabs-item\"><div class=\"wp-block-themeisle-blocks-tabs-item__header\" tabindex=\"0\">Visitas no T\u00e9cnicas o Tur\u00edsticas<\/div><div class=\"wp-block-themeisle-blocks-tabs-item__content\">\n<p>Est\u00e1n dirigidas a estudiantes de escuelas y colegios no t\u00e9cnicos, as\u00ed como a grupos de familias y organizaciones.<\/p>\n<\/div><\/div>\n<\/div><\/div>\n\n\n\n<div style=\"height:53px\" aria-hidden=\"true\" class=\"wp-block-spacer\"><\/div>\n\n\n\n<h2 class=\"wp-block-heading\">\u00bfC\u00f3mo se puede visitar?<\/h2>\n\n\n\n<div style=\"height:25px\" aria-hidden=\"true\" class=\"wp-block-spacer\"><\/div>\n\n\n\n<ul class=\"wp-block-list\">\n<li>Llenar el formulario de Solicitud, con al menos 15 d\u00edas de anticipaci\u00f3n.<\/li>\n\n\n\n<li>Previo para ingresar los datos debe saber el tipo de visita, nombres, apellidos y n\u00famero de c\u00e9dula de cada visitante, placas de veh\u00edculo, lugares a visitar, servicio a requerir.<\/li>\n\n\n\n<li>Recibir\u00e1 la confirmaci\u00f3n o negaci\u00f3n de la visita al correo electr\u00f3nico proporcionado en el formulario de solicitud de visita.<\/li>\n\n\n\n<li>Grupo m\u00e1ximo de 30 personas.<\/li>\n\n\n\n<li>Si la visita es confirmada, por favor al ingresar a las centrales hidroel\u00e9ctricas deber\u00e1 presentar la solicitud aprobada en las garitas de control de acceso.<\/li>\n\n\n\n<li><em>Restricciones: En las Unidades Operativas COCA CODO SINCLAIR, CELEC SUR, TERMOMANAB\u00cd , HIDROTOAPI e HIDROAGOY\u00c1N,&nbsp;no se permite el ingreso de menores de edad en estas instalaciones, o a ciertos zonas de riesgo.<\/em><\/li>\n<\/ul>\n\n\n\n<div style=\"height:53px\" aria-hidden=\"true\" class=\"wp-block-spacer\"><\/div>\n\n\n\n<h2 class=\"wp-block-heading\">Veh\u00edculos<\/h2>\n\n\n\n<p>Si utilizar\u00e1 transporte propio:<\/p>\n\n\n\n<ul class=\"wp-block-list\">\n<li><strong>Cantidad de Veh\u00edculos<\/strong><\/li>\n\n\n\n<li><strong>Placas de los Veh\u00edculos:<\/strong> Separe con \u00abslash\u00bb (\/) si son varios.<\/li>\n<\/ul>\n\n\n\n<div style=\"height:52px\" aria-hidden=\"true\" class=\"wp-block-spacer\"><\/div>\n\n\n\n<div id=\"wp-block-themeisle-blocks-accordion-c4fdb227\" class=\"wp-block-themeisle-blocks-accordion exclusive has-icon has-dark-title-bg\">\n<details open class=\"wp-block-themeisle-blocks-accordion-item\"><summary class=\"wp-block-themeisle-blocks-accordion-item__title\"><div>\u00bfQu\u00e9 incluye?<\/div><\/summary><div class=\"wp-block-themeisle-blocks-accordion-item__content\">\n<p>\u00c1reas externas e internas de los frentes de obra.<\/p>\n<\/div><\/details>\n\n\n\n<details class=\"wp-block-themeisle-blocks-accordion-item\"><summary class=\"wp-block-themeisle-blocks-accordion-item__title\"><div>\u00bfCu\u00e1ndo?<\/div><\/summary><div class=\"wp-block-themeisle-blocks-accordion-item__content\">\n<p><strong>Debe ser programada con anticipaci\u00f3n<\/strong> y su confirmaci\u00f3n est\u00e1 sujeta al plan de mantenimiento, condiciones viales y agenda de la Unidad de Negocio CELEC SUR, se les notificar\u00e1 a trav\u00e9s de los datos que proporcionen los interesados.<\/p>\n\n\n\n<p><strong>Se reciben visitas los d\u00edas martes y jueves<\/strong>, por temas log\u00edsticos, administrativos y t\u00e9cnicos de las centrales.<\/p>\n\n\n\n<p>Grupo m\u00e1ximo de <strong>30 personas<\/strong>: martes y jueves (08:00 a 15:00)<\/p>\n\n\n\n<p><strong>El inicio de la visita es a las 08:00 o 09:00<\/strong>, hora que ser\u00e1 coordinada previamente. Los visitantes deben llegar al punto de contacto a la hora definida, de manera puntual. <\/p>\n\n\n\n<p><strong>Todas las visitas inician con la charla de inducci\u00f3n de seguridad.<\/strong><\/p>\n<\/div><\/details>\n\n\n\n<details class=\"wp-block-themeisle-blocks-accordion-item\"><summary class=\"wp-block-themeisle-blocks-accordion-item__title\"><div>\u00bfCu\u00e1nto?<\/div><\/summary><div class=\"wp-block-themeisle-blocks-accordion-item__content\">\n<p>Si desean el servicio de alimentaci\u00f3n: Desayuno: USD 3,27 m\u00e1s IVA, Almuerzo: USD $4,57 m\u00e1s IVA, los visitantes deben pagar directamente al contratista.<\/p>\n<\/div><\/details>\n\n\n\n<details class=\"wp-block-themeisle-blocks-accordion-item\"><summary class=\"wp-block-themeisle-blocks-accordion-item__title\"><div>\u00bfTiempo de visita?<\/div><\/summary><div class=\"wp-block-themeisle-blocks-accordion-item__content\">\n<p><strong>Visita t\u00e9cnica: <\/strong>Aproximadamente dos horas y media en cada central.<\/p>\n\n\n\n<p><strong>Visita no t\u00e9cnica o Tur\u00edstica: <\/strong>Aproximadamente una hora en cada central.<\/p>\n\n\n\n<p><strong>Tiempos de traslados:<\/strong><\/p>\n\n\n\n<ul class=\"wp-block-list\">\n<li><strong>Cuenca- Chilcaplaya (Minas San Francisco): <\/strong>una hora y media<\/li>\n<\/ul>\n\n\n\n<ul class=\"wp-block-list\">\n<li><strong>Cuenca &#8211; Arenales (Mazar):<\/strong> una hora y media a dos horas.<\/li>\n<\/ul>\n\n\n\n<ul class=\"wp-block-list\">\n<li><strong>Arenales &#8211; Guarumales (Molino): <\/strong>cuarenta y cinco minutos.<\/li>\n<\/ul>\n\n\n\n<ul class=\"wp-block-list\">\n<li><strong>Guarumales &#8211; Sopladora:<\/strong> Treinta y cinco minutos.<\/li>\n<\/ul>\n<\/div><\/details>\n\n\n\n<details class=\"wp-block-themeisle-blocks-accordion-item\"><summary class=\"wp-block-themeisle-blocks-accordion-item__title\"><div>\u00bfVestuario?<\/div><\/summary><div class=\"wp-block-themeisle-blocks-accordion-item__content\">\n<p>Ropa c\u00f3moda, zapatos de seguridad o zapatos deportivos.<\/p>\n<\/div><\/details>\n\n\n\n<details class=\"wp-block-themeisle-blocks-accordion-item\"><summary class=\"wp-block-themeisle-blocks-accordion-item__title\"><div>\u00bfTiene inquietudes?<\/div><\/summary><div class=\"wp-block-themeisle-blocks-accordion-item__content\">\n<p>Tel\u00e9fonos (593)7 3 700-100 ext. 71008, \u00e1rea de comunicaci\u00f3n.<\/p>\n<\/div><\/details>\n<\/div>\n\n\n\n<div style=\"height:25px\" aria-hidden=\"true\" class=\"wp-block-spacer\"><\/div>\n\n\n\n<p>Llene su <strong>Solicitud de Visita<\/strong> en el siguiente enlace:<\/p>\n\n\n\n<div class=\"wp-block-buttons is-content-justification-center is-layout-flex wp-container-core-buttons-is-layout-16018d1d wp-block-buttons-is-layout-flex\">\n<div class=\"wp-block-button has-custom-width wp-block-button__width-25\"><a class=\"wp-block-button__link has-luminous-vivid-amber-background-color has-background has-medium-font-size has-custom-font-size wp-element-button\" href=\"https:\/\/formularios.celec.gob.ec\/VisitaCentral\" target=\"_blank\" rel=\"noreferrer noopener\">Ir a enlace<\/a><\/div>\n<\/div>\n\n\n\n<div style=\"height:25px\" aria-hidden=\"true\" class=\"wp-block-spacer\"><\/div>\n\n\n\n<p class=\"has-white-color has-text-color has-link-color wp-elements-c54f50ed934bd30915b6cc94808e955f\">Despu\u00e9s del recorrido por favor se solicita que nos apoyen llenado la <strong>Encuesta de Satisfacci\u00f3n de la Calidad del Servicio<\/strong> en el siguiente enlace.<\/p>\n\n\n\n<p><\/p>\n","protected":false},"excerpt":{"rendered":"<p>La Corporaci\u00f3n El\u00e9ctrica del Ecuador CELEC EP, Unidad de Negocio CELEC SUR, es la empresa encargada de la administraci\u00f3n, operaci\u00f3n y mantenimiento de las Centrales Hidroel\u00e9ctricas Mazar, Molino, Sopladora y Minas San Francisco, que suman una capacidad instalada de 2027 MW (megavatios) de energ\u00eda renovable y amigable con el medio ambiente. Visitas a las Centrales [&hellip;]<\/p>\n","protected":false},"author":9,"featured_media":0,"parent":0,"menu_order":0,"comment_status":"closed","ping_status":"closed","template":"","meta":{"_acf_changed":false,"_themeisle_gutenberg_block_has_review":false,"footnotes":""},"class_list":["post-163","page","type-page","status-publish","hentry"],"acf":[],"_links":{"self":[{"href":"https:\/\/www.celec.gob.ec\/celecsur\/wp-json\/wp\/v2\/pages\/163","targetHints":{"allow":["GET"]}}],"collection":[{"href":"https:\/\/www.celec.gob.ec\/celecsur\/wp-json\/wp\/v2\/pages"}],"about":[{"href":"https:\/\/www.celec.gob.ec\/celecsur\/wp-json\/wp\/v2\/types\/page"}],"author":[{"embeddable":true,"href":"https:\/\/www.celec.gob.ec\/celecsur\/wp-json\/wp\/v2\/users\/9"}],"replies":[{"embeddable":true,"href":"https:\/\/www.celec.gob.ec\/celecsur\/wp-json\/wp\/v2\/comments?post=163"}],"version-history":[{"count":6,"href":"https:\/\/www.celec.gob.ec\/celecsur\/wp-json\/wp\/v2\/pages\/163\/revisions"}],"predecessor-version":[{"id":2969,"href":"https:\/\/www.celec.gob.ec\/celecsur\/wp-json\/wp\/v2\/pages\/163\/revisions\/2969"}],"wp:attachment":[{"href":"https:\/\/www.celec.gob.ec\/celecsur\/wp-json\/wp\/v2\/media?parent=163"}],"curies":[{"name":"wp","href":"https:\/\/api.w.org\/{rel}","templated":true}]}}