{"id":46,"date":"2023-07-26T14:39:37","date_gmt":"2023-07-26T19:39:37","guid":{"rendered":"https:\/\/www.celec.gob.ec\/celecsur\/?page_id=46"},"modified":"2024-07-08T16:20:20","modified_gmt":"2024-07-08T21:20:20","slug":"estrategia","status":"publish","type":"page","link":"https:\/\/www.celec.gob.ec\/celecsur\/estrategia\/","title":{"rendered":"Misi\u00f3n, Visi\u00f3n y Valores Institucionales"},"content":{"rendered":"\n<p class=\"has-text-align-right\"><strong><em>Caminamos para cumplir nuestra MISI\u00d3N<\/em><\/strong><\/p>\n\n\n\n<h2 class=\"wp-block-heading\">Misi\u00f3n<\/h2>\n\n\n\n<p>Lideramos la transici\u00f3n energ\u00e9tica mediante soluciones integrales de energ\u00eda, con innovaci\u00f3n y creaci\u00f3n de valor sostenible.<\/p>\n\n\n\n<h2 class=\"wp-block-heading\">Visi\u00f3n<\/h2>\n\n\n\n<p>Ser reconocida como la mejor empresa p\u00fablica del Ecuador, que genera bienestar a sus grupos de inter\u00e9s por su excelencia t\u00e9cnica, transparencia, fortaleza financiera, capital humano inspirado y continuo desarrollo de nuevos negocios.<\/p>\n\n\n\n<p><strong>Plan Estrat\u00e9gico 2021-2025<\/strong><\/p>\n\n\n\n<figure class=\"wp-block-gallery has-nested-images columns-default is-cropped wp-block-gallery-1 is-layout-flex wp-block-gallery-is-layout-flex\">\n<figure class=\"wp-block-image size-medium\"><img loading=\"lazy\" decoding=\"async\" width=\"212\" height=\"300\" data-id=\"1495\" src=\"https:\/\/www.celec.gob.ec\/celecsur\/wp-content\/uploads\/2023\/10\/Mision_vision-212x300.png\" alt=\"\" class=\"wp-image-1495\" srcset=\"https:\/\/www.celec.gob.ec\/celecsur\/wp-content\/uploads\/2023\/10\/Mision_vision-212x300.png 212w, https:\/\/www.celec.gob.ec\/celecsur\/wp-content\/uploads\/2023\/10\/Mision_vision.png 595w\" sizes=\"auto, (max-width: 212px) 100vw, 212px\" \/><\/figure>\n<\/figure>\n\n\n\n<h2 class=\"wp-block-heading\">Valores Institucionales<\/h2>\n\n\n\n<div id=\"wp-block-themeisle-blocks-accordion-b79932d4\" class=\"wp-block-themeisle-blocks-accordion exclusive has-dark-title-bg\">\n<details class=\"wp-block-themeisle-blocks-accordion-item\"><summary class=\"wp-block-themeisle-blocks-accordion-item__title\"><div>Integridad<\/div><\/summary><div class=\"wp-block-themeisle-blocks-accordion-item__content\">\n<p>Nuestras acciones y decisiones est\u00e1n enmarcadas&nbsp;en la conducta moral, siempre fieles a nuestros compromisos, coherentes&nbsp;con los principios de legalidad, honestidad y transparencia.<\/p>\n<\/div><\/details>\n\n\n\n<details class=\"wp-block-themeisle-blocks-accordion-item\"><summary class=\"wp-block-themeisle-blocks-accordion-item__title\"><div>Compromiso<\/div><\/summary><div class=\"wp-block-themeisle-blocks-accordion-item__content\">\n<p>Cumplimos con nuestras responsabilidades para alcanzar las metas corporativas, en el marco de las pol\u00edticas institucionales.<\/p>\n<\/div><\/details>\n\n\n\n<details class=\"wp-block-themeisle-blocks-accordion-item\"><summary class=\"wp-block-themeisle-blocks-accordion-item__title\"><div>Trabajo en Equipo<\/div><\/summary><div class=\"wp-block-themeisle-blocks-accordion-item__content\">\n<p>Unimos esfuerzos para lograr los mejores resultados, conscientes de que el poder de nuestra inteligencia colectiva es superior a la magnitud de nuestros retos.<\/p>\n<\/div><\/details>\n\n\n\n<details class=\"wp-block-themeisle-blocks-accordion-item\"><summary class=\"wp-block-themeisle-blocks-accordion-item__title\"><div>Pasi\u00f3n por el Servicio<\/div><\/summary><div class=\"wp-block-themeisle-blocks-accordion-item__content\">\n<p>Actuamos proactivamente con vocaci\u00f3n y motivaci\u00f3n personal, para brindar productos y servicios que cumplan las necesidades de la comunidad y superen sus expectativas.<\/p>\n<\/div><\/details>\n\n\n\n<details class=\"wp-block-themeisle-blocks-accordion-item\"><summary class=\"wp-block-themeisle-blocks-accordion-item__title\"><div>Excelencia<\/div><\/summary><div class=\"wp-block-themeisle-blocks-accordion-item__content\">\n<p>Entregamos nuestro mayor esfuerzo para brindar servicios de calidad, desarrollando nuestras competencias para mejorar continuamente y as\u00ed contribuir al cambio y la consolidaci\u00f3n de la matriz productiva.<\/p>\n<\/div><\/details>\n\n\n\n<details class=\"wp-block-themeisle-blocks-accordion-item\"><summary class=\"wp-block-themeisle-blocks-accordion-item__title\"><div>Respeto<\/div><\/summary><div class=\"wp-block-themeisle-blocks-accordion-item__content\">\n<p>Brindamos un trato amable, cordial y construimos relaciones s\u00f3lidas con nuestros grupos de inter\u00e9s, basados en la transparencia y la verdad.<\/p>\n<\/div><\/details>\n\n\n\n<details class=\"wp-block-themeisle-blocks-accordion-item\"><summary class=\"wp-block-themeisle-blocks-accordion-item__title\"><div>Respeto<\/div><\/summary><div class=\"wp-block-themeisle-blocks-accordion-item__content\">\n<p>Brindamos un trato amable, cordial y construimos relaciones s\u00f3lidas con nuestros grupos de inter\u00e9s, basados en la transparencia y la verdad.<\/p>\n<\/div><\/details>\n\n\n\n<details class=\"wp-block-themeisle-blocks-accordion-item\"><summary class=\"wp-block-themeisle-blocks-accordion-item__title\"><div>Responsabilidad Ambiental<\/div><\/summary><div class=\"wp-block-themeisle-blocks-accordion-item__content\">\n<p>Proveemos bienestar y desarrollo a nuestros clientes, a todos los colaboradores de la empresa y sus familias, a nuestros proveedores y socios de negocios, a las comunidades con las que interactuamos y a la sociedad en general, equilibrando el progreso con la preservaci\u00f3n de la naturaleza y el medio ambiente.<\/p>\n<\/div><\/details>\n<\/div>\n\n\n\n<p><\/p>\n","protected":false},"excerpt":{"rendered":"<p>Caminamos para cumplir nuestra MISI\u00d3N Misi\u00f3n Lideramos la transici\u00f3n energ\u00e9tica mediante soluciones integrales de energ\u00eda, con innovaci\u00f3n y creaci\u00f3n de valor sostenible. Visi\u00f3n Ser reconocida como la mejor empresa p\u00fablica del Ecuador, que genera bienestar a sus grupos de inter\u00e9s por su excelencia t\u00e9cnica, transparencia, fortaleza financiera, capital humano inspirado y continuo desarrollo de nuevos [&hellip;]<\/p>\n","protected":false},"author":1,"featured_media":0,"parent":0,"menu_order":0,"comment_status":"closed","ping_status":"closed","template":"","meta":{"_acf_changed":false,"_themeisle_gutenberg_block_has_review":false,"footnotes":""},"class_list":["post-46","page","type-page","status-publish","hentry"],"acf":[],"_links":{"self":[{"href":"https:\/\/www.celec.gob.ec\/celecsur\/wp-json\/wp\/v2\/pages\/46","targetHints":{"allow":["GET"]}}],"collection":[{"href":"https:\/\/www.celec.gob.ec\/celecsur\/wp-json\/wp\/v2\/pages"}],"about":[{"href":"https:\/\/www.celec.gob.ec\/celecsur\/wp-json\/wp\/v2\/types\/page"}],"author":[{"embeddable":true,"href":"https:\/\/www.celec.gob.ec\/celecsur\/wp-json\/wp\/v2\/users\/1"}],"replies":[{"embeddable":true,"href":"https:\/\/www.celec.gob.ec\/celecsur\/wp-json\/wp\/v2\/comments?post=46"}],"version-history":[{"count":2,"href":"https:\/\/www.celec.gob.ec\/celecsur\/wp-json\/wp\/v2\/pages\/46\/revisions"}],"predecessor-version":[{"id":2307,"href":"https:\/\/www.celec.gob.ec\/celecsur\/wp-json\/wp\/v2\/pages\/46\/revisions\/2307"}],"wp:attachment":[{"href":"https:\/\/www.celec.gob.ec\/celecsur\/wp-json\/wp\/v2\/media?parent=46"}],"curies":[{"name":"wp","href":"https:\/\/api.w.org\/{rel}","templated":true}]}}