{"id":225,"date":"2023-05-15T20:14:20","date_gmt":"2023-05-15T20:14:20","guid":{"rendered":"https:\/\/www.celec.gob.ec\/electroguayas\/?page_id=225"},"modified":"2024-01-05T16:42:02","modified_gmt":"2024-01-05T16:42:02","slug":"noticias","status":"publish","type":"page","link":"https:\/\/www.celec.gob.ec\/electroguayas\/noticias\/","title":{"rendered":"Noticias"},"content":{"rendered":"\n<p><strong>CELEC EP Electroguayas recibe certificaci\u00f3n en Promoci\u00f3n de Salud en el trabajo \u201cAct\u00edvate<\/strong><strong>&nbsp;y Vive<\/strong><strong>\u201d<\/strong><strong><\/strong><\/p>\n\n\n\n<figure class=\"wp-block-image size-large is-resized\"><img fetchpriority=\"high\" decoding=\"async\" width=\"1024\" height=\"461\" src=\"https:\/\/www.celec.gob.ec\/electroguayas\/wp-content\/uploads\/2024\/01\/WhatsApp-Image-2023-12-27-at-9.19.46-PM-10-1024x461.jpeg\" alt=\"\" class=\"wp-image-2916\" style=\"width:833px;height:auto\" srcset=\"https:\/\/www.celec.gob.ec\/electroguayas\/wp-content\/uploads\/2024\/01\/WhatsApp-Image-2023-12-27-at-9.19.46-PM-10-1024x461.jpeg 1024w, https:\/\/www.celec.gob.ec\/electroguayas\/wp-content\/uploads\/2024\/01\/WhatsApp-Image-2023-12-27-at-9.19.46-PM-10-300x135.jpeg 300w, https:\/\/www.celec.gob.ec\/electroguayas\/wp-content\/uploads\/2024\/01\/WhatsApp-Image-2023-12-27-at-9.19.46-PM-10-768x346.jpeg 768w, https:\/\/www.celec.gob.ec\/electroguayas\/wp-content\/uploads\/2024\/01\/WhatsApp-Image-2023-12-27-at-9.19.46-PM-10.jpeg 1280w\" sizes=\"(max-width: 1024px) 100vw, 1024px\" \/><\/figure>\n\n\n\n<p>La Dra. Ximena Stay, coordinadora Zona -5 MSP, entreg\u00f3 al Ing. Freddy Jimenez, Jefe de Seguridad y Salud Laboral, la certificaci\u00f3n en Promoci\u00f3n de Salud en el Trabajo.<\/p>\n\n\n\n<p>La central t\u00e9rmica Santa Elena,\u00a0operada por la Unidad de Negocio Electroguayas de la Corporaci\u00f3n El\u00e9ctrica del Ecuador, obtuvo la Certificaci\u00f3n otorgada por el Ministerio de Salud P\u00fablica: \u201cAct\u00edvate y Vive\u201d.<\/p>\n\n\n\n<p>Dando cumplimiento al Acuerdo Ministerial 049-2022:&nbsp;Reglamento&nbsp;de la Salud en el Trabajo&nbsp;del Ministerio de Salud P\u00fablica, se implement\u00f3 el Plan de Promoci\u00f3n de la Salud en el Trabajo, en lo que respecta a&nbsp;la exposici\u00f3n de los riesgos en la empresa, definiendo subprogramas y planes de acci\u00f3n para garantizar puestos de trabajo seguros y saludables.<\/p>\n\n\n\n<p>De esta manera, el \u00e1rea de Gesti\u00f3n de Seguridad y Salud Laboral cuenta con programas de la vigilancia de la salud mediante cuatro pilares: Promoci\u00f3n, prevenci\u00f3n, tratamiento y rehabilitaci\u00f3n de la salud de los trabajadores.<\/p>\n\n\n\n<p>Con el Certificado obtenido&nbsp;por&nbsp;la Unidad de Negocio Electroguayas&nbsp;se incentiva a\u00fan m\u00e1s a formentar&nbsp;pr\u00e1cticas saludables, motivando la actividad f\u00edsica y alimentaci\u00f3n nutritiva;&nbsp;promoviendo la salud mental, sexual y reproductiva segura y saludables, adem\u00e1s de reducir el consumo de tabaco, alcohol y otras drogas, en un marco integral de evaluaci\u00f3n de riesgos en los puestos de trabajo, para la disminuci\u00f3n de accidentes y prevenci\u00f3n de enfermedades ocupacionales.<\/p>\n","protected":false},"excerpt":{"rendered":"<p>CELEC EP Electroguayas recibe certificaci\u00f3n en Promoci\u00f3n de Salud en el trabajo \u201cAct\u00edvate&nbsp;y Vive\u201d La Dra. Ximena Stay, coordinadora Zona -5 MSP, entreg\u00f3 al Ing. Freddy Jimenez, Jefe de Seguridad y Salud Laboral, la certificaci\u00f3n en Promoci\u00f3n de Salud en el Trabajo. La central t\u00e9rmica Santa Elena,\u00a0operada por la Unidad de Negocio Electroguayas de la [&hellip;]<\/p>\n","protected":false},"author":1,"featured_media":0,"parent":0,"menu_order":0,"comment_status":"closed","ping_status":"closed","template":"","meta":{"_acf_changed":false,"rop_custom_images_group":[],"rop_custom_messages_group":[],"rop_publish_now":"initial","rop_publish_now_accounts":[],"rop_publish_now_history":[],"rop_publish_now_status":"pending","_themeisle_gutenberg_block_has_review":false,"footnotes":""},"class_list":["post-225","page","type-page","status-publish","hentry"],"acf":[],"_links":{"self":[{"href":"https:\/\/www.celec.gob.ec\/electroguayas\/wp-json\/wp\/v2\/pages\/225","targetHints":{"allow":["GET"]}}],"collection":[{"href":"https:\/\/www.celec.gob.ec\/electroguayas\/wp-json\/wp\/v2\/pages"}],"about":[{"href":"https:\/\/www.celec.gob.ec\/electroguayas\/wp-json\/wp\/v2\/types\/page"}],"author":[{"embeddable":true,"href":"https:\/\/www.celec.gob.ec\/electroguayas\/wp-json\/wp\/v2\/users\/1"}],"replies":[{"embeddable":true,"href":"https:\/\/www.celec.gob.ec\/electroguayas\/wp-json\/wp\/v2\/comments?post=225"}],"version-history":[{"count":3,"href":"https:\/\/www.celec.gob.ec\/electroguayas\/wp-json\/wp\/v2\/pages\/225\/revisions"}],"predecessor-version":[{"id":2917,"href":"https:\/\/www.celec.gob.ec\/electroguayas\/wp-json\/wp\/v2\/pages\/225\/revisions\/2917"}],"wp:attachment":[{"href":"https:\/\/www.celec.gob.ec\/electroguayas\/wp-json\/wp\/v2\/media?parent=225"}],"curies":[{"name":"wp","href":"https:\/\/api.w.org\/{rel}","templated":true}]}}