{"id":36,"date":"2023-02-08T22:44:39","date_gmt":"2023-02-08T22:44:39","guid":{"rendered":"https:\/\/www.celec.gob.ec\/electroguayas\/?page_id=36"},"modified":"2026-05-05T20:35:42","modified_gmt":"2026-05-05T20:35:42","slug":"directorio-administracion-electroguayas","status":"publish","type":"page","link":"https:\/\/www.celec.gob.ec\/electroguayas\/directorio-administracion-electroguayas\/","title":{"rendered":"Directorio &#8211; Administraci\u00f3n Electroguayas"},"content":{"rendered":"\n<p><strong>Ing. Carlos Andrade Villac\u00eds<\/strong><\/p>\n\n\n\n<p><em>Gerente de Unidad (E)<\/em><\/p>\n\n\n\n<div style=\"height:30px\" aria-hidden=\"true\" class=\"wp-block-spacer\"><\/div>\n\n\n\n<p><strong>Ing. G\u00f3mez Mar\u00eda Fernanda<\/strong><\/p>\n\n\n\n<p><em>Subgerente Financiero&nbsp;(E)&nbsp;<\/em><em>&nbsp;<\/em><em><\/em><\/p>\n\n\n\n<div style=\"height:30px\" aria-hidden=\"true\" class=\"wp-block-spacer\"><\/div>\n\n\n\n<p><strong>Lcdo. Fabricio Loffredo Abad<\/strong><\/p>\n\n\n\n<p><em>Subgerente Administrativo<\/em> <\/p>\n\n\n\n<div style=\"height:30px\" aria-hidden=\"true\" class=\"wp-block-spacer\"><\/div>\n\n\n\n<p><strong>\u00a0Ing. <strong>Jos\u00e9 Manuel<\/strong><\/strong> <strong>Mu\u00f1oz Cede\u00f1o <\/strong><\/p>\n\n\n\n<p><em>Subgerente de Producci\u00f3n&nbsp;(E)<\/em><\/p>\n\n\n\n<div style=\"height:30px\" aria-hidden=\"true\" class=\"wp-block-spacer\"><\/div>\n\n\n\n<p><strong>Ing. Oca\u00f1a Donoso Carlos Arturo<\/strong><\/p>\n\n\n\n<p><em>Subgerente de Gesti\u00f3n Organizacional<\/em><\/p>\n\n\n\n<div style=\"height:30px\" aria-hidden=\"true\" class=\"wp-block-spacer\"><\/div>\n\n\n\n<p><strong>Abg. Gabriel Adan Aroca Matarreno<\/strong><\/p>\n\n\n\n<p><em>Subgerente Jur\u00eddico<\/em> (E)<\/p>\n\n\n\n<div style=\"height:30px\" aria-hidden=\"true\" class=\"wp-block-spacer\"><\/div>\n\n\n\n<p><strong>Ing. Hasskel Herdo\u00edza Mart\u00edn Jos\u00e9<\/strong><\/p>\n\n\n\n<p><em>Jefe de Central Gonzalo Zevallos<\/em><\/p>\n\n\n\n<div style=\"height:30px\" aria-hidden=\"true\" class=\"wp-block-spacer\"><\/div>\n\n\n\n<p><strong>&nbsp;Ing. Danilo Vargas <strong>Boh\u00f3rquez<\/strong><\/strong><\/p>\n\n\n\n<p><em>Jefe de Central Trinitaria <\/em><\/p>\n\n\n\n<div style=\"height:30px\" aria-hidden=\"true\" class=\"wp-block-spacer\"><\/div>\n\n\n\n<p><strong>Ing.&nbsp;Santiago Torres<\/strong><\/p>\n\n\n\n<p><em>Jefe de Central Enrique Garc\u00eda<\/em> <\/p>\n\n\n\n<div style=\"height:30px\" aria-hidden=\"true\" class=\"wp-block-spacer\"><\/div>\n\n\n\n<p><strong>Ing. Olga Tatiana Espinoza Salas<\/strong><\/p>\n\n\n\n<p><em>Jefe de Central Santa Elena <\/em><\/p>\n\n\n\n<div style=\"height:30px\" aria-hidden=\"true\" class=\"wp-block-spacer\"><\/div>\n\n\n\n<p><strong>Ing. Hugo Mateo Castro Chamorro<\/strong><\/p>\n\n\n\n<p><em>Jefe de Central CAS\/CAT (E)<\/em><\/p>\n\n\n\n<p><\/p>\n","protected":false},"excerpt":{"rendered":"<p>Ing. Carlos Andrade Villac\u00eds Gerente de Unidad (E) Ing. G\u00f3mez Mar\u00eda Fernanda Subgerente Financiero&nbsp;(E)&nbsp;&nbsp; Lcdo. Fabricio Loffredo Abad Subgerente Administrativo \u00a0Ing. Jos\u00e9 Manuel Mu\u00f1oz Cede\u00f1o Subgerente de Producci\u00f3n&nbsp;(E) Ing. Oca\u00f1a Donoso Carlos Arturo Subgerente de Gesti\u00f3n Organizacional Abg. Gabriel Adan Aroca Matarreno Subgerente Jur\u00eddico (E) Ing. Hasskel Herdo\u00edza Mart\u00edn Jos\u00e9 Jefe de Central Gonzalo Zevallos [&hellip;]<\/p>\n","protected":false},"author":1,"featured_media":0,"parent":0,"menu_order":0,"comment_status":"closed","ping_status":"closed","template":"","meta":{"_acf_changed":false,"rop_custom_images_group":[],"rop_custom_messages_group":[],"rop_publish_now":"initial","rop_publish_now_accounts":[],"rop_publish_now_history":[],"rop_publish_now_status":"pending","_themeisle_gutenberg_block_has_review":false,"footnotes":""},"class_list":["post-36","page","type-page","status-publish","hentry"],"acf":[],"_links":{"self":[{"href":"https:\/\/www.celec.gob.ec\/electroguayas\/wp-json\/wp\/v2\/pages\/36","targetHints":{"allow":["GET"]}}],"collection":[{"href":"https:\/\/www.celec.gob.ec\/electroguayas\/wp-json\/wp\/v2\/pages"}],"about":[{"href":"https:\/\/www.celec.gob.ec\/electroguayas\/wp-json\/wp\/v2\/types\/page"}],"author":[{"embeddable":true,"href":"https:\/\/www.celec.gob.ec\/electroguayas\/wp-json\/wp\/v2\/users\/1"}],"replies":[{"embeddable":true,"href":"https:\/\/www.celec.gob.ec\/electroguayas\/wp-json\/wp\/v2\/comments?post=36"}],"version-history":[{"count":49,"href":"https:\/\/www.celec.gob.ec\/electroguayas\/wp-json\/wp\/v2\/pages\/36\/revisions"}],"predecessor-version":[{"id":4671,"href":"https:\/\/www.celec.gob.ec\/electroguayas\/wp-json\/wp\/v2\/pages\/36\/revisions\/4671"}],"wp:attachment":[{"href":"https:\/\/www.celec.gob.ec\/electroguayas\/wp-json\/wp\/v2\/media?parent=36"}],"curies":[{"name":"wp","href":"https:\/\/api.w.org\/{rel}","templated":true}]}}