{"id":2936,"date":"2023-08-07T11:00:54","date_gmt":"2023-08-07T16:00:54","guid":{"rendered":"https:\/\/www.celec.gob.ec\/hidroagoyan\/?page_id=2936"},"modified":"2025-09-25T14:46:10","modified_gmt":"2025-09-25T19:46:10","slug":"politica-de-calidad","status":"publish","type":"page","link":"https:\/\/www.celec.gob.ec\/hidroagoyan\/politica-de-calidad\/","title":{"rendered":"Pol\u00edtica de Calidad"},"content":{"rendered":"\n<p>CELEC EP Hidroagoy\u00e1n, est\u00e1 comprometida en Incrementar el valor para los clientes y el cumplimiento de los requisitos aplicables mediante un Sistema de Gesti\u00f3n de la Calidad orientado al mejoramiento continuo, con enfoque en la innovaci\u00f3n y diversificaci\u00f3n de modelos de gesti\u00f3n para desarrollar nuevos negocios;<br>Incrementando as\u00ed, la sostenibilidad financiera y de desarrollo en Hidroagoy\u00e1n, con \u00e9nfasis en las imensiones social y ambiental, respaldadas con el compromiso y aporte del Talento Humano capacitado, competente y motivado, para el desempe\u00f1o de la gesti\u00f3n, en constante interacci\u00f3n con las partes interesadas, aplicando la transformaci\u00f3n digital y el marco legal en todo el \u00e1mbito organizacional, enmarcados en la eficiencia empresarial.<\/p>\n\n\n\n<p>Gerencia CELEC EP \u2013 Hidroagoy\u00e1n<br>Septiembre 2025<\/p>\n\n\n\n<p><\/p>\n\n\n\n<p><strong>DESCARGAR DOCUMENTO<\/strong><\/p>\n\n\n\n<div class=\"wp-block-file\"><a id=\"wp-block-file--media-fd945648-e4d7-404e-a3f7-45e66e71edc7\" href=\"https:\/\/www.celec.gob.ec\/hidroagoyan\/wp-content\/uploads\/2025\/09\/Politica-de-Calidad-2025.pdf\" target=\"_blank\" rel=\"noreferrer noopener\">Politica de Calidad 2025<\/a><\/div>\n","protected":false},"excerpt":{"rendered":"<p>CELEC EP Hidroagoy\u00e1n, est\u00e1 comprometida en Incrementar el valor para los clientes y el cumplimiento de los requisitos aplicables mediante un Sistema de Gesti\u00f3n de la Calidad orientado al mejoramiento continuo, con enfoque en la innovaci\u00f3n y diversificaci\u00f3n de modelos de gesti\u00f3n para desarrollar nuevos negocios;Incrementando as\u00ed, la sostenibilidad financiera y de desarrollo en Hidroagoy\u00e1n, [&hellip;]<\/p>\n","protected":false},"author":3,"featured_media":2934,"parent":0,"menu_order":0,"comment_status":"closed","ping_status":"closed","template":"","meta":{"_acf_changed":false,"_themeisle_gutenberg_block_has_review":false,"footnotes":""},"class_list":["post-2936","page","type-page","status-publish","has-post-thumbnail","hentry"],"acf":[],"publishpress_future_action":{"enabled":false,"date":"2026-04-30 17:39:45","action":"change-status","newStatus":"draft","terms":[],"taxonomy":"","extraData":[]},"publishpress_future_workflow_manual_trigger":{"enabledWorkflows":[]},"_links":{"self":[{"href":"https:\/\/www.celec.gob.ec\/hidroagoyan\/wp-json\/wp\/v2\/pages\/2936","targetHints":{"allow":["GET"]}}],"collection":[{"href":"https:\/\/www.celec.gob.ec\/hidroagoyan\/wp-json\/wp\/v2\/pages"}],"about":[{"href":"https:\/\/www.celec.gob.ec\/hidroagoyan\/wp-json\/wp\/v2\/types\/page"}],"author":[{"embeddable":true,"href":"https:\/\/www.celec.gob.ec\/hidroagoyan\/wp-json\/wp\/v2\/users\/3"}],"replies":[{"embeddable":true,"href":"https:\/\/www.celec.gob.ec\/hidroagoyan\/wp-json\/wp\/v2\/comments?post=2936"}],"version-history":[{"count":27,"href":"https:\/\/www.celec.gob.ec\/hidroagoyan\/wp-json\/wp\/v2\/pages\/2936\/revisions"}],"predecessor-version":[{"id":4562,"href":"https:\/\/www.celec.gob.ec\/hidroagoyan\/wp-json\/wp\/v2\/pages\/2936\/revisions\/4562"}],"wp:featuredmedia":[{"embeddable":true,"href":"https:\/\/www.celec.gob.ec\/hidroagoyan\/wp-json\/wp\/v2\/media\/2934"}],"wp:attachment":[{"href":"https:\/\/www.celec.gob.ec\/hidroagoyan\/wp-json\/wp\/v2\/media?parent=2936"}],"curies":[{"name":"wp","href":"https:\/\/api.w.org\/{rel}","templated":true}]}}