{"id":3902,"date":"2024-07-12T10:00:58","date_gmt":"2024-07-12T15:00:58","guid":{"rendered":"https:\/\/www.celec.gob.ec\/hidroagoyan\/?page_id=3902"},"modified":"2024-07-12T10:26:01","modified_gmt":"2024-07-12T15:26:01","slug":"presentacion","status":"publish","type":"page","link":"https:\/\/www.celec.gob.ec\/hidroagoyan\/presentacion\/","title":{"rendered":"Presentaci\u00f3n"},"content":{"rendered":"\n<h2 class=\"wp-block-heading\"><strong>UNIDAD DE NEGOCIO HIDROAGOY\u00c1N<\/strong><\/h2>\n\n\n\n<h2 class=\"wp-block-heading\"><strong>CENTRO DE INVESTIGACI\u00d3N Y REPARACI\u00d3N DE TURBINAS \u00abCIRT\u00bb<\/strong><\/h2>\n\n\n\n<figure class=\"wp-block-image size-full\"><img loading=\"lazy\" decoding=\"async\" width=\"800\" height=\"577\" src=\"https:\/\/www.celec.gob.ec\/hidroagoyan\/wp-content\/uploads\/2024\/07\/CIRT.jpg\" alt=\"\" class=\"wp-image-3904\" srcset=\"https:\/\/www.celec.gob.ec\/hidroagoyan\/wp-content\/uploads\/2024\/07\/CIRT.jpg 800w, https:\/\/www.celec.gob.ec\/hidroagoyan\/wp-content\/uploads\/2024\/07\/CIRT-300x216.jpg 300w, https:\/\/www.celec.gob.ec\/hidroagoyan\/wp-content\/uploads\/2024\/07\/CIRT-768x554.jpg 768w\" sizes=\"auto, (max-width: 800px) 100vw, 800px\" \/><\/figure>\n\n\n\n<div style=\"height:100px\" aria-hidden=\"true\" class=\"wp-block-spacer\"><\/div>\n\n\n\n<h2 class=\"wp-block-heading\"><strong>Descripci\u00f3n del Servicio<\/strong><\/h2>\n\n\n\n<p>El CIRT, se dedica a la generaci\u00f3n de soluciones de dise\u00f1o, optimizaci\u00f3n, mantenimiento y reparaci\u00f3n de turbinas hidr\u00e1ulicas y partes industriales, volvi\u00e9ndolas a su estado original o mejor\u00e1ndolas, para lo cual se cuenta con procesos eficientes, mano de obra calificada, tecnolog\u00eda de punta en cada \u00e1rea, asimismo, mantiene una comunicaci\u00f3n y relaci\u00f3n fluida entre las partes interesadas, cumpliendo con los objetivos que son orientados al compromiso de satisfacci\u00f3n de las necesidades t\u00e9cnicas de sus clientes de forma oportuna, con los m\u00e1s altos est\u00e1ndares de calidad y con un enfoque sostenible y amigable con el medio ambiente, buscando siempre la mejora continua en todos los procesos e incentivando a la innovaci\u00f3n tecnol\u00f3gica y al desarrollo de investigaci\u00f3n en el pa\u00eds.<\/p>\n\n\n\n<p>Esta \u00e1rea de negocios orienta sus principales actividades al mantenimiento, reparaci\u00f3n y modificaci\u00f3n de turbinas y partes industriales de la Corporaci\u00f3n El\u00e9ctrica del Ecuador y al sector privado del pa\u00eds, aplicando las m\u00e1s avanzadas t\u00e9cnicas de inspecci\u00f3n, m\u00e9todos de reparaci\u00f3n y mantenimiento.<\/p>\n\n\n\n<p>El equipamiento existente y la disponibilidad de personal altamente calificado y con experiencia permiten adicionalmente realizar trabajos en campo de recuperaci\u00f3n de piezas y partes, as\u00ed como tambi\u00e9n inspecciones, An\u00e1lisis Causa Ra\u00edz (RCA) de fallas, alineamiento y montaje integral de turbinas hidr\u00e1ulicas.<\/p>\n\n\n\n<div style=\"height:100px\" aria-hidden=\"true\" class=\"wp-block-spacer\"><\/div>\n\n\n\n<h2 class=\"wp-block-heading\"><strong>Cont\u00e1ctenos<\/strong><\/h2>\n\n\n\n<p>Lo m\u00e1s importante para CELEC EP HIDROAGOY\u00c1N son sus clientes. Para m\u00e1s informaci\u00f3n sobre los servicios del CIRT, favor realizar sus consultas al correo institucional Contacto:<\/p>\n\n\n\n<p><strong>CIRT Servicios Email: <\/strong>hag-cirt@celec.gob.ec<\/p>\n\n\n\n<p><strong>Tel\u00e9fono:<\/strong> 03-2996710 <strong>Ext.<\/strong> 31601<\/p>\n\n\n\n<p><\/p>\n\n\n\n<div style=\"height:100px\" aria-hidden=\"true\" class=\"wp-block-spacer\"><\/div>\n\n\n\n<h2 class=\"wp-block-heading\">SERVICIOS OFERTADOS<\/h2>\n\n\n\n<div id=\"wp-block-themeisle-blocks-advanced-columns-3d51bb95\" class=\"wp-block-themeisle-blocks-advanced-columns has-3-columns has-desktop-equal-layout has-tablet-equal-layout has-mobile-collapsedRows-layout has-vertical-unset\"><div class=\"wp-block-themeisle-blocks-advanced-columns-overlay\"><\/div><div class=\"innerblocks-wrap\">\n<div id=\"wp-block-themeisle-blocks-advanced-column-ec58c536\" class=\"wp-block-themeisle-blocks-advanced-column\">\n<div class=\"wp-block-buttons is-layout-flex wp-block-buttons-is-layout-flex\">\n<div class=\"wp-block-button\"><a class=\"wp-block-button__link wp-element-button\" href=\"https:\/\/www.celec.gob.ec\/hidroagoyan\/ingenieria-de-recuperacion-diseno-y-optimizacion\/\">Ingenier\u00eda de recuperaci\u00f3n, dise\u00f1o y optimizaci\u00f3n<\/a><\/div>\n<\/div>\n<\/div>\n\n\n\n<div id=\"wp-block-themeisle-blocks-advanced-column-682fee43\" class=\"wp-block-themeisle-blocks-advanced-column\">\n<div class=\"wp-block-buttons is-layout-flex wp-block-buttons-is-layout-flex\">\n<div class=\"wp-block-button\"><a class=\"wp-block-button__link wp-element-button\" href=\"https:\/\/www.celec.gob.ec\/hidroagoyan\/qa-qc-aseguramiento-y-control-de-la-calidad\/\">Control de Calidad y Laboratorios<\/a><\/div>\n<\/div>\n<\/div>\n\n\n\n<div id=\"wp-block-themeisle-blocks-advanced-column-832eef6c\" class=\"wp-block-themeisle-blocks-advanced-column\">\n<div class=\"wp-block-buttons is-layout-flex wp-block-buttons-is-layout-flex\">\n<div class=\"wp-block-button\"><a class=\"wp-block-button__link wp-element-button\" href=\"https:\/\/www.celec.gob.ec\/hidroagoyan\/investigacion-y-desarrollo-id\/\">Investigaci\u00f3n y Desarrollo (I+D)<\/a><\/div>\n<\/div>\n<\/div>\n<\/div><\/div>\n\n\n\n<div style=\"height:100px\" aria-hidden=\"true\" class=\"wp-block-spacer\"><\/div>\n\n\n\n<figure class=\"wp-block-image size-full\"><img loading=\"lazy\" decoding=\"async\" width=\"800\" height=\"533\" src=\"https:\/\/www.celec.gob.ec\/hidroagoyan\/wp-content\/uploads\/2024\/07\/VISTA-AEREA-DEL-CIRT-2.jpg\" alt=\"\" class=\"wp-image-3914\" srcset=\"https:\/\/www.celec.gob.ec\/hidroagoyan\/wp-content\/uploads\/2024\/07\/VISTA-AEREA-DEL-CIRT-2.jpg 800w, https:\/\/www.celec.gob.ec\/hidroagoyan\/wp-content\/uploads\/2024\/07\/VISTA-AEREA-DEL-CIRT-2-300x200.jpg 300w, https:\/\/www.celec.gob.ec\/hidroagoyan\/wp-content\/uploads\/2024\/07\/VISTA-AEREA-DEL-CIRT-2-768x512.jpg 768w\" sizes=\"auto, (max-width: 800px) 100vw, 800px\" \/><\/figure>\n","protected":false},"excerpt":{"rendered":"<p>UNIDAD DE NEGOCIO HIDROAGOY\u00c1N CENTRO DE INVESTIGACI\u00d3N Y REPARACI\u00d3N DE TURBINAS \u00abCIRT\u00bb Descripci\u00f3n del Servicio El CIRT, se dedica a la generaci\u00f3n de soluciones de dise\u00f1o, optimizaci\u00f3n, mantenimiento y reparaci\u00f3n de turbinas hidr\u00e1ulicas y partes industriales, volvi\u00e9ndolas a su estado original o mejor\u00e1ndolas, para lo cual se cuenta con procesos eficientes, mano de obra calificada, [&hellip;]<\/p>\n","protected":false},"author":3,"featured_media":3904,"parent":0,"menu_order":0,"comment_status":"closed","ping_status":"closed","template":"","meta":{"_acf_changed":false,"_themeisle_gutenberg_block_has_review":false,"footnotes":""},"class_list":["post-3902","page","type-page","status-publish","has-post-thumbnail","hentry"],"acf":[],"publishpress_future_action":{"enabled":false,"date":"2026-04-14 03:44:26","action":"change-status","newStatus":"draft","terms":[],"taxonomy":"","extraData":[]},"publishpress_future_workflow_manual_trigger":{"enabledWorkflows":[]},"_links":{"self":[{"href":"https:\/\/www.celec.gob.ec\/hidroagoyan\/wp-json\/wp\/v2\/pages\/3902","targetHints":{"allow":["GET"]}}],"collection":[{"href":"https:\/\/www.celec.gob.ec\/hidroagoyan\/wp-json\/wp\/v2\/pages"}],"about":[{"href":"https:\/\/www.celec.gob.ec\/hidroagoyan\/wp-json\/wp\/v2\/types\/page"}],"author":[{"embeddable":true,"href":"https:\/\/www.celec.gob.ec\/hidroagoyan\/wp-json\/wp\/v2\/users\/3"}],"replies":[{"embeddable":true,"href":"https:\/\/www.celec.gob.ec\/hidroagoyan\/wp-json\/wp\/v2\/comments?post=3902"}],"version-history":[{"count":8,"href":"https:\/\/www.celec.gob.ec\/hidroagoyan\/wp-json\/wp\/v2\/pages\/3902\/revisions"}],"predecessor-version":[{"id":3916,"href":"https:\/\/www.celec.gob.ec\/hidroagoyan\/wp-json\/wp\/v2\/pages\/3902\/revisions\/3916"}],"wp:featuredmedia":[{"embeddable":true,"href":"https:\/\/www.celec.gob.ec\/hidroagoyan\/wp-json\/wp\/v2\/media\/3904"}],"wp:attachment":[{"href":"https:\/\/www.celec.gob.ec\/hidroagoyan\/wp-json\/wp\/v2\/media?parent=3902"}],"curies":[{"name":"wp","href":"https:\/\/api.w.org\/{rel}","templated":true}]}}