{"id":16,"date":"2023-02-13T15:17:43","date_gmt":"2023-02-13T15:17:43","guid":{"rendered":"https:\/\/www.celec.gob.ec\/hidroazogues\/?page_id=16"},"modified":"2023-02-13T15:17:45","modified_gmt":"2023-02-13T15:17:45","slug":"principales-proyectos-ejecutados-en-desarrollo-territorial","status":"publish","type":"page","link":"https:\/\/www.celec.gob.ec\/hidroazogues\/principales-proyectos-ejecutados-en-desarrollo-territorial\/","title":{"rendered":"Principales proyectos ejecutados en Desarrollo Territorial"},"content":{"rendered":"\n<div id=\"wp-block-themeisle-blocks-accordion-98f0ab04\" class=\"wp-block-themeisle-blocks-accordion exclusive\">\n<details class=\"wp-block-themeisle-blocks-accordion-item\"><summary class=\"wp-block-themeisle-blocks-accordion-item__title\"><div>Inversiones en Desarrollo Territorial<\/div><\/summary><div class=\"wp-block-themeisle-blocks-accordion-item__content\">\n<figure class=\"wp-block-table is-style-stripes\"><table><tbody><tr><td><strong>DESARROLLO TERRITORIAL<\/strong><\/td><\/tr><tr><td><strong>OBRA<\/strong><\/td><td><strong>INVERSI\u00d3N TOTAL<br><\/strong>(sin IVA)<\/td><td><strong>INVERSI\u00d3N EJECUTADA<br><\/strong>(sin IVA)<\/td><td><strong>AVANCE PORCENTUAL<\/strong><\/td><td><strong>BENEFICIARIOS<\/strong><\/td><\/tr><tr><td><strong>&nbsp;EDUCACI\u00d3N&nbsp;<\/strong><\/td><td><strong>&nbsp;10.972,20<\/strong><\/td><td><strong>10.971,20<\/strong><\/td><td><strong>100%<\/strong><\/td><td><strong>&nbsp;300 personas&nbsp;<\/strong><\/td><\/tr><tr><td><strong>&nbsp;SOCIOECON\u00d3MICO&nbsp;<\/strong><\/td><td><strong>&nbsp; 221.326,00<\/strong><\/td><td><strong>220.351,76<\/strong><\/td><td><strong>100%<\/strong><\/td><td><strong>&nbsp;4000 personas&nbsp;<\/strong><\/td><\/tr><tr><td><strong>&nbsp;CONSERVACI\u00d3N AMBIENTAL&nbsp;<\/strong><\/td><td><strong>&nbsp;131.470,00<\/strong><\/td><td><strong>72.270,00<\/strong><\/td><td><strong>97%<\/strong><\/td><td><strong>&nbsp;2500 personas<\/strong><\/td><\/tr><tr><td><strong>INFRAESTRUCTURA Y VIALIDAD<\/strong><\/td><td><strong>435.194,63<\/strong><\/td><td><strong>420.144,92<\/strong><\/td><td><strong>98%<\/strong><\/td><td><strong>&nbsp;7750 personas&nbsp;<\/strong><\/td><\/tr><tr><td><strong>ELECTRIFICACI\u00d3N<\/strong><\/td><td><strong>1.116.907,05<\/strong><\/td><td><strong>1.085.310,27<\/strong><\/td><td><strong>100%<\/strong><\/td><td><strong>6500 personas<\/strong><\/td><\/tr><tr><td><strong>SERVICIOS B\u00c1SICOS Y SANEAMIENTO<\/strong><\/td><td><strong>56.138,08<\/strong><\/td><td><strong>52.138,08<\/strong><\/td><td><strong>81%<\/strong><\/td><td><strong>1850 personas<\/strong><\/td><\/tr><tr><td><strong>TOTAL<\/strong><\/td><td><strong>1.972.007,96<\/strong><\/td><td><strong>1.861.186,23<\/strong><\/td><td><strong>96%<\/strong><\/td><td><strong>&nbsp;<\/strong><\/td><\/tr><\/tbody><\/table><\/figure>\n<\/div><\/details>\n\n\n\n<details class=\"wp-block-themeisle-blocks-accordion-item\"><summary class=\"wp-block-themeisle-blocks-accordion-item__title\"><div>Electrificaci\u00f3n<\/div><\/summary><div class=\"wp-block-themeisle-blocks-accordion-item__content\">\n<p>Mejoramiento de las redes el\u00e9ctricas y alumbrado p\u00fablico de la zona de influencia del proyecto.<\/p>\n\n\n\n<figure class=\"wp-block-table is-style-stripes\"><table><tbody><tr><td><strong>EJE<\/strong><\/td><td>Inversi\u00f3n total<\/td><td>Inversi\u00f3n ejecutada<\/td><td>Porcentaje<\/td><td>Beneficiarios<\/td><\/tr><tr><td><strong>Electrificaci\u00f3n<\/strong><\/td><td>1.116.907,05<\/td><td>1.085.310,27<\/td><td>100%<\/td><td>6500<\/td><\/tr><\/tbody><\/table><\/figure>\n<\/div><\/details>\n\n\n\n<details class=\"wp-block-themeisle-blocks-accordion-item\"><summary class=\"wp-block-themeisle-blocks-accordion-item__title\"><div>Conservaci\u00f3n ambiental<\/div><\/summary><div class=\"wp-block-themeisle-blocks-accordion-item__content\">\n<figure class=\"wp-block-table is-style-stripes\"><table><tbody><tr><td><strong>EJE<\/strong><\/td><td>Inversi\u00f3n total<\/td><td>Inversi\u00f3n ejecutada<\/td><td>Porcentaje<\/td><td>Beneficiarios<\/td><\/tr><tr><td>Conservaci\u00f3n Ambiental<\/td><td>131.470,00<\/td><td>72.270,00<\/td><td>97%<\/td><td>2400<\/td><\/tr><\/tbody><\/table><\/figure>\n\n\n\n<p><strong>Principales Proyectos<\/strong><\/p>\n\n\n\n<p>Protecci\u00f3n de \u00e1reas sensibles mediante el fortalecimiento de los sistemas productivos agropecuarios de las parroquias de Taday, Pindilig y Rivera. Inversi\u00f3n&nbsp;$&nbsp;62.000,00 en convenio con el GAD Provincial del Ca\u00f1ar.<\/p>\n\n\n\n<p>Producci\u00f3n de plantas forestales nativas y crianza de aves de engorde, en convenio con el Colegio Andr\u00e9s Guritave de Taday. Inversi\u00f3n&nbsp;$&nbsp;5.000,00.<\/p>\n\n\n\n<p>Eventos masivos de sensibilizaci\u00f3n y educaci\u00f3n ambiental. Inversi\u00f3n&nbsp;$&nbsp;8.100,00.<\/p>\n\n\n\n<p>En ejecuci\u00f3n el proyecto para el Monitoreo hidrol\u00f3gico del R\u00edo Mazar. Inversi\u00f3n $ 33.089,00. En convenio con la Fundaci\u00f3n Cordillera Tropical.<\/p>\n\n\n\n<p>Desarrollo de un Manual de Implementaci\u00f3n para el programa Acuerdos de Conservaci\u00f3n en las Subcuencas de los r\u00edos Mazar y Dudas. Inversi\u00f3n&nbsp; $ 12.062,40. En convenio con la Fundaci\u00f3n Cordillera Tropical.<\/p>\n<\/div><\/details>\n\n\n\n<details class=\"wp-block-themeisle-blocks-accordion-item\"><summary class=\"wp-block-themeisle-blocks-accordion-item__title\"><div>Infraestructura y vialidad<\/div><\/summary><div class=\"wp-block-themeisle-blocks-accordion-item__content\">\n<figure class=\"wp-block-table is-style-stripes\"><table><tbody><tr><td><strong>EJE<\/strong><\/td><td>Inversi\u00f3n total<\/td><td>Inversi\u00f3n ejecutada<\/td><td>Porcentaje<\/td><td>Beneficiarios<\/td><\/tr><tr><td>Infraestructura y Vialidad<\/td><td>435.194,63<\/td><td>420.144,92&nbsp;<\/td><td>98%<\/td><td>7750<\/td><\/tr><\/tbody><\/table><\/figure>\n\n\n\n<p><strong>Principales Proyectos<\/strong><\/p>\n\n\n\n<p>Mejoramiento vial de la parroquia Taday. Inversi\u00f3n $ 120.000,00. En convenio con el GAD Provincial del Ca\u00f1ar y el GAD Parroquial.<\/p>\n\n\n\n<p>Asfaltado de las calles del centro de Pindilig. Inversi\u00f3n $ 64.750,00. Ejecutado en Convenio con el GAD Municipal de Azogues, GAD Provincial del Ca\u00f1ar y el GAD Parroquial.&nbsp;<\/p>\n\n\n\n<p>Lastrado de la v\u00eda a la comunidad de San Francisco de la parroquia Rivera. Inversi\u00f3n $ 25.820,31. &nbsp;<\/p>\n\n\n\n<p>Estudio de impacto ambiental para el camino ecol\u00f3gico a la comunidad de Guangras&nbsp; (En convenio con el GAD Provincial del Ca\u00f1ar). Inversi\u00f3n $ 62.525,60.&nbsp;<\/p>\n\n\n\n<p>Proyecto de mejoramiento de la infraestructura comunitaria en las comunidades San Francisco y Colepato, parroquia Rivera. Inversi\u00f3n $ 9.945,00.&nbsp;<\/p>\n<\/div><\/details>\n\n\n\n<details class=\"wp-block-themeisle-blocks-accordion-item\"><summary class=\"wp-block-themeisle-blocks-accordion-item__title\"><div>Servicios b\u00e1sicos y saneamiento<\/div><\/summary><div class=\"wp-block-themeisle-blocks-accordion-item__content\">\n<figure class=\"wp-block-table is-style-stripes\"><table><tbody><tr><td><strong>EJE<\/strong><\/td><td>Inversi\u00f3n total<\/td><td>Inversi\u00f3n ejecutada<\/td><td>Porcentaje<\/td><td>Beneficiarios<\/td><\/tr><tr><td>Servicios B\u00e1sicos y Saneamiento<\/td><td>56.138,08<\/td><td>52.138,08<\/td><td>81%<\/td><td>1850<\/td><\/tr><\/tbody><\/table><\/figure>\n\n\n\n<p><strong>Principales proyectos:<\/strong><\/p>\n\n\n\n<p>Estudio para el alcantarillado y saneamiento ambiental de la comunidad de San Pedro. Inversi\u00f3n $ 30.844,28<\/p>\n\n\n\n<p>Mejoramiento sistema agua de Rivera. Inversi\u00f3n $ 5.824,00.<\/p>\n<\/div><\/details>\n\n\n\n<details class=\"wp-block-themeisle-blocks-accordion-item\"><summary class=\"wp-block-themeisle-blocks-accordion-item__title\"><div>Socio econ\u00f3mico<\/div><\/summary><div class=\"wp-block-themeisle-blocks-accordion-item__content\">\n<figure class=\"wp-block-table is-style-stripes\"><table><tbody><tr><td><strong>EJE<\/strong><\/td><td>Inversi\u00f3n total<\/td><td>Inversi\u00f3n ejecutada<\/td><td>Porcentaje<\/td><td>Beneficiarios<\/td><\/tr><tr><td>Socio Econ\u00f3mico<\/td><td>221.326,00<\/td><td>220.351,76<\/td><td>100%<\/td><td>4000<\/td><\/tr><\/tbody><\/table><\/figure>\n\n\n\n<p><strong>Principales proyectos:<\/strong><\/p>\n\n\n\n<p>Fortalecimiento de la soberan\u00eda alimentaria y la econom\u00eda para las comunidades San Pedro y Shal. Inversi\u00f3n $ 60.000,00.<\/p>\n\n\n\n<p>Proyecto Horto-frut\u00edcola para la parroquia Luis Cordero (En convenio con el GAD Parroquial de Luis Cordero). Inversi\u00f3n $ 50.000,00.<\/p>\n<\/div><\/details>\n<\/div>\n","protected":false},"excerpt":{"rendered":"","protected":false},"author":1,"featured_media":0,"parent":0,"menu_order":0,"comment_status":"closed","ping_status":"closed","template":"","meta":{"_acf_changed":false,"_themeisle_gutenberg_block_has_review":false,"footnotes":""},"class_list":["post-16","page","type-page","status-publish","hentry"],"acf":[],"_links":{"self":[{"href":"https:\/\/www.celec.gob.ec\/hidroazogues\/wp-json\/wp\/v2\/pages\/16","targetHints":{"allow":["GET"]}}],"collection":[{"href":"https:\/\/www.celec.gob.ec\/hidroazogues\/wp-json\/wp\/v2\/pages"}],"about":[{"href":"https:\/\/www.celec.gob.ec\/hidroazogues\/wp-json\/wp\/v2\/types\/page"}],"author":[{"embeddable":true,"href":"https:\/\/www.celec.gob.ec\/hidroazogues\/wp-json\/wp\/v2\/users\/1"}],"replies":[{"embeddable":true,"href":"https:\/\/www.celec.gob.ec\/hidroazogues\/wp-json\/wp\/v2\/comments?post=16"}],"version-history":[{"count":1,"href":"https:\/\/www.celec.gob.ec\/hidroazogues\/wp-json\/wp\/v2\/pages\/16\/revisions"}],"predecessor-version":[{"id":17,"href":"https:\/\/www.celec.gob.ec\/hidroazogues\/wp-json\/wp\/v2\/pages\/16\/revisions\/17"}],"wp:attachment":[{"href":"https:\/\/www.celec.gob.ec\/hidroazogues\/wp-json\/wp\/v2\/media?parent=16"}],"curies":[{"name":"wp","href":"https:\/\/api.w.org\/{rel}","templated":true}]}}

<div id="wp-block-themeisle-blocks-accordion-98f0ab04" class="wp-block-themeisle-blocks-accordion exclusive">
<details class="wp-block-themeisle-blocks-accordion-item"><summary class="wp-block-themeisle-blocks-accordion-item__title"><div>Inversiones en Desarrollo Territorial</div></summary><div class="wp-block-themeisle-blocks-accordion-item__content">
<figure class="wp-block-table is-style-stripes"><table><tbody><tr><td><strong>DESARROLLO TERRITORIAL</strong></td></tr><tr><td><strong>OBRA</strong></td><td><strong>INVERSIÓN TOTAL<br></strong>(sin IVA)</td><td><strong>INVERSIÓN EJECUTADA<br></strong>(sin IVA)</td><td><strong>AVANCE PORCENTUAL</strong></td><td><strong>BENEFICIARIOS</strong></td></tr><tr><td><strong>&nbsp;EDUCACIÓN&nbsp;</strong></td><td><strong>&nbsp;10.972,20</strong></td><td><strong>10.971,20</strong></td><td><strong>100%</strong></td><td><strong>&nbsp;300 personas&nbsp;</strong></td></tr><tr><td><strong>&nbsp;SOCIOECONÓMICO&nbsp;</strong></td><td><strong>&nbsp; 221.326,00</strong></td><td><strong>220.351,76</strong></td><td><strong>100%</strong></td><td><strong>&nbsp;4000 personas&nbsp;</strong></td></tr><tr><td><strong>&nbsp;CONSERVACIÓN AMBIENTAL&nbsp;</strong></td><td><strong>&nbsp;131.470,00</strong></td><td><strong>72.270,00</strong></td><td><strong>97%</strong></td><td><strong>&nbsp;2500 personas</strong></td></tr><tr><td><strong>INFRAESTRUCTURA Y VIALIDAD</strong></td><td><strong>435.194,63</strong></td><td><strong>420.144,92</strong></td><td><strong>98%</strong></td><td><strong>&nbsp;7750 personas&nbsp;</strong></td></tr><tr><td><strong>ELECTRIFICACIÓN</strong></td><td><strong>1.116.907,05</strong></td><td><strong>1.085.310,27</strong></td><td><strong>100%</strong></td><td><strong>6500 personas</strong></td></tr><tr><td><strong>SERVICIOS BÁSICOS Y SANEAMIENTO</strong></td><td><strong>56.138,08</strong></td><td><strong>52.138,08</strong></td><td><strong>81%</strong></td><td><strong>1850 personas</strong></td></tr><tr><td><strong>TOTAL</strong></td><td><strong>1.972.007,96</strong></td><td><strong>1.861.186,23</strong></td><td><strong>96%</strong></td><td><strong>&nbsp;</strong></td></tr></tbody></table></figure>
</div></details>



<details class="wp-block-themeisle-blocks-accordion-item"><summary class="wp-block-themeisle-blocks-accordion-item__title"><div>Electrificación</div></summary><div class="wp-block-themeisle-blocks-accordion-item__content">
<p>Mejoramiento de las redes eléctricas y alumbrado público de la zona de influencia del proyecto.</p>



<figure class="wp-block-table is-style-stripes"><table><tbody><tr><td><strong>EJE</strong></td><td>Inversión total</td><td>Inversión ejecutada</td><td>Porcentaje</td><td>Beneficiarios</td></tr><tr><td><strong>Electrificación</strong></td><td>1.116.907,05</td><td>1.085.310,27</td><td>100%</td><td>6500</td></tr></tbody></table></figure>
</div></details>



<details class="wp-block-themeisle-blocks-accordion-item"><summary class="wp-block-themeisle-blocks-accordion-item__title"><div>Conservación ambiental</div></summary><div class="wp-block-themeisle-blocks-accordion-item__content">
<figure class="wp-block-table is-style-stripes"><table><tbody><tr><td><strong>EJE</strong></td><td>Inversión total</td><td>Inversión ejecutada</td><td>Porcentaje</td><td>Beneficiarios</td></tr><tr><td>Conservación Ambiental</td><td>131.470,00</td><td>72.270,00</td><td>97%</td><td>2400</td></tr></tbody></table></figure>



<p><strong>Principales Proyectos</strong></p>



<p>Protección de áreas sensibles mediante el fortalecimiento de los sistemas productivos agropecuarios de las parroquias de Taday, Pindilig y Rivera. Inversión&nbsp;$&nbsp;62.000,00 en convenio con el GAD Provincial del Cañar.</p>



<p>Producción de plantas forestales nativas y crianza de aves de engorde, en convenio con el Colegio Andrés Guritave de Taday. Inversión&nbsp;$&nbsp;5.000,00.</p>



<p>Eventos masivos de sensibilización y educación ambiental. Inversión&nbsp;$&nbsp;8.100,00.</p>



<p>En ejecución el proyecto para el Monitoreo hidrológico del Río Mazar. Inversión $ 33.089,00. En convenio con la Fundación Cordillera Tropical.</p>



<p>Desarrollo de un Manual de Implementación para el programa Acuerdos de Conservación en las Subcuencas de los ríos Mazar y Dudas. Inversión&nbsp; $ 12.062,40. En convenio con la Fundación Cordillera Tropical.</p>
</div></details>



<details class="wp-block-themeisle-blocks-accordion-item"><summary class="wp-block-themeisle-blocks-accordion-item__title"><div>Infraestructura y vialidad</div></summary><div class="wp-block-themeisle-blocks-accordion-item__content">
<figure class="wp-block-table is-style-stripes"><table><tbody><tr><td><strong>EJE</strong></td><td>Inversión total</td><td>Inversión ejecutada</td><td>Porcentaje</td><td>Beneficiarios</td></tr><tr><td>Infraestructura y Vialidad</td><td>435.194,63</td><td>420.144,92&nbsp;</td><td>98%</td><td>7750</td></tr></tbody></table></figure>



<p><strong>Principales Proyectos</strong></p>



<p>Mejoramiento vial de la parroquia Taday. Inversión $ 120.000,00. En convenio con el GAD Provincial del Cañar y el GAD Parroquial.</p>



<p>Asfaltado de las calles del centro de Pindilig. Inversión $ 64.750,00. Ejecutado en Convenio con el GAD Municipal de Azogues, GAD Provincial del Cañar y el GAD Parroquial.&nbsp;</p>



<p>Lastrado de la vía a la comunidad de San Francisco de la parroquia Rivera. Inversión $ 25.820,31. &nbsp;</p>



<p>Estudio de impacto ambiental para el camino ecológico a la comunidad de Guangras&nbsp; (En convenio con el GAD Provincial del Cañar). Inversión $ 62.525,60.&nbsp;</p>



<p>Proyecto de mejoramiento de la infraestructura comunitaria en las comunidades San Francisco y Colepato, parroquia Rivera. Inversión $ 9.945,00.&nbsp;</p>
</div></details>



<details class="wp-block-themeisle-blocks-accordion-item"><summary class="wp-block-themeisle-blocks-accordion-item__title"><div>Servicios básicos y saneamiento</div></summary><div class="wp-block-themeisle-blocks-accordion-item__content">
<figure class="wp-block-table is-style-stripes"><table><tbody><tr><td><strong>EJE</strong></td><td>Inversión total</td><td>Inversión ejecutada</td><td>Porcentaje</td><td>Beneficiarios</td></tr><tr><td>Servicios Básicos y Saneamiento</td><td>56.138,08</td><td>52.138,08</td><td>81%</td><td>1850</td></tr></tbody></table></figure>



<p><strong>Principales proyectos:</strong></p>



<p>Estudio para el alcantarillado y saneamiento ambiental de la comunidad de San Pedro. Inversión $ 30.844,28</p>



<p>Mejoramiento sistema agua de Rivera. Inversión $ 5.824,00.</p>
</div></details>



<details class="wp-block-themeisle-blocks-accordion-item"><summary class="wp-block-themeisle-blocks-accordion-item__title"><div>Socio económico</div></summary><div class="wp-block-themeisle-blocks-accordion-item__content">
<figure class="wp-block-table is-style-stripes"><table><tbody><tr><td><strong>EJE</strong></td><td>Inversión total</td><td>Inversión ejecutada</td><td>Porcentaje</td><td>Beneficiarios</td></tr><tr><td>Socio Económico</td><td>221.326,00</td><td>220.351,76</td><td>100%</td><td>4000</td></tr></tbody></table></figure>



<p><strong>Principales proyectos:</strong></p>



<p>Fortalecimiento de la soberanía alimentaria y la economía para las comunidades San Pedro y Shal. Inversión $ 60.000,00.</p>



<p>Proyecto Horto-frutícola para la parroquia Luis Cordero (En convenio con el GAD Parroquial de Luis Cordero). Inversión $ 50.000,00.</p>
</div></details>
</div>
