{"id":539,"date":"2024-06-03T16:17:13","date_gmt":"2024-06-03T16:17:13","guid":{"rendered":"https:\/\/www.celec.gob.ec\/hidroazogues\/?page_id=539"},"modified":"2025-05-27T14:51:47","modified_gmt":"2025-05-27T14:51:47","slug":"bolsa-de-empleo","status":"publish","type":"page","link":"https:\/\/www.celec.gob.ec\/hidroazogues\/bolsa-de-empleo\/","title":{"rendered":"Bolsa de empleo"},"content":{"rendered":"\n<p>En este espacio se publican las convocatorias cuando la Corporaci\u00f3n El\u00e9ctrica del Ecuador \u2013 CELEC EP \u2013 Unidad de negocio HIDROAZOGUES, requiere cumplir con el proceso determinado para la contrataci\u00f3n de personal.&nbsp;<\/p>\n\n\n\n<p><strong>27\/05\/2025<\/strong><\/p>\n\n\n\n<p>Especialista Jur\u00eddico<\/p>\n\n\n\n<div id=\"wp-block-themeisle-blocks-button-group-b60d2a5f\" class=\"wp-block-themeisle-blocks-button-group wp-block-buttons\">\n<div id=\"wp-block-themeisle-blocks-button-7b228dc0\" class=\"wp-block-themeisle-blocks-button wp-block-button\"><a href=\"https:\/\/www.celec.gob.ec\/hidroazogues\/wp-content\/uploads\/2025\/05\/CONVOCATORIA-HAZ-EJ270525.pdf\" target=\"_blank\" rel=\"noopener noreferrer\" class=\"wp-block-button__link\"><span>Convocatoria para vinculaci\u00f3n de Talento Humano &#8211; mayo 2025<\/span><\/a><\/div>\n<\/div>\n\n\n\n<p><\/p>\n\n\n\n<hr class=\"wp-block-separator has-alpha-channel-opacity\"\/>\n\n\n\n<hr class=\"wp-block-separator has-alpha-channel-opacity\"\/>\n\n\n\n<p><\/p>\n\n\n\n\n<p><strong>07\/05\/2025<\/strong><\/p>\n\n\n\n<p>Auxiliar de servicios generales<\/p>\n\n\n\n<div id=\"wp-block-themeisle-blocks-button-group-b60d2a5f\" class=\"wp-block-themeisle-blocks-button-group wp-block-buttons\">\n<div id=\"wp-block-themeisle-blocks-button-7b228dc0\" class=\"wp-block-themeisle-blocks-button wp-block-button\"><a href=\"https:\/\/www.celec.gob.ec\/hidroazogues\/wp-content\/uploads\/2025\/05\/CONVOCATORIA-HAZ_070525.pdf\" target=\"_blank\" rel=\"noopener noreferrer\" class=\"wp-block-button__link\"><span>Convocatoria para vinculaci\u00f3n de Talento Humano &#8211; mayo 2025<\/span><\/a><\/div>\n<\/div>\n\n\n\n<p><\/p>\n\n\n\n<hr class=\"wp-block-separator has-alpha-channel-opacity\"\/>\n\n\n\n<hr class=\"wp-block-separator has-alpha-channel-opacity\"\/>\n\n\n\n<p><\/p>\n\n\n\n<p><strong>05\/05\/2025<\/strong><\/p>\n\n\n\n<p>Auxiliar de servicios generales<\/p>\n\n\n\n<div id=\"wp-block-themeisle-blocks-button-group-06217db7\" class=\"wp-block-themeisle-blocks-button-group wp-block-buttons\">\n<div id=\"wp-block-themeisle-blocks-button-6f282615\" class=\"wp-block-themeisle-blocks-button wp-block-button\"><a href=\"https:\/\/www.celec.gob.ec\/hidroazogues\/wp-content\/uploads\/2025\/05\/CONVOCATORIA-HAZ_050525.pdf\" target=\"_blank\" rel=\"noopener noreferrer\" class=\"wp-block-button__link\"><span>Convocatoria para vinculaci\u00f3n de Talento Humano &#8211; mayo 2025<\/span><\/a><\/div>\n<\/div>\n\n\n\n<p><\/p>\n\n\n\n<hr class=\"wp-block-separator has-alpha-channel-opacity\"\/>\n\n\n\n<hr class=\"wp-block-separator has-alpha-channel-opacity\"\/>\n\n\n\n<p><strong>20\/03\/2025<\/strong><\/p>\n\n\n\n<p>Ayudante de topograf\u00eda<\/p>\n\n\n\n<div id=\"wp-block-themeisle-blocks-button-group-a5080233\" class=\"wp-block-themeisle-blocks-button-group wp-block-buttons\">\n<div id=\"wp-block-themeisle-blocks-button-d30cc781\" class=\"wp-block-themeisle-blocks-button wp-block-button\"><a href=\"https:\/\/www.celec.gob.ec\/hidroazogues\/wp-content\/uploads\/2025\/03\/CONVOCATORIA-HAZ-200325.pdf\" target=\"_blank\" rel=\"noopener noreferrer\" class=\"wp-block-button__link\"><span>Convocatoria para vinculaci\u00f3n de Talento Humano &#8211; marzo 2025<\/span><\/a><\/div>\n<\/div>\n\n\n\n<p><\/p>\n\n\n\n<hr class=\"wp-block-separator has-alpha-channel-opacity\"\/>\n\n\n\n<hr class=\"wp-block-separator has-alpha-channel-opacity\"\/>\n\n\n\n<p><strong>19\/03\/2025<\/strong><\/p>\n\n\n\n<p>Ayudante de topograf\u00eda<\/p>\n\n\n\n<div id=\"wp-block-themeisle-blocks-button-group-4728e489\" class=\"wp-block-themeisle-blocks-button-group wp-block-buttons\">\n<div id=\"wp-block-themeisle-blocks-button-ff45c8ac\" class=\"wp-block-themeisle-blocks-button wp-block-button\"><a href=\"https:\/\/www.celec.gob.ec\/hidroazogues\/wp-content\/uploads\/2025\/03\/CONVOCATORIA-HAZ_19032025-.pdf\" target=\"_blank\" rel=\"noopener noreferrer\" class=\"wp-block-button__link\"><span>Convocatoria para vinculaci\u00f3n de Talento Humano &#8211; marzo 2025<\/span><\/a><\/div>\n<\/div>\n\n\n\n<p><\/p>\n\n\n\n<hr class=\"wp-block-separator has-alpha-channel-opacity\"\/>\n\n\n\n<hr class=\"wp-block-separator has-alpha-channel-opacity\"\/>\n\n\n\n<p><strong>12\/03\/2025<\/strong><\/p>\n\n\n\n<p>Especialista de Adquisiciones<\/p>\n\n\n\n<div id=\"wp-block-themeisle-blocks-button-group-f49af488\" class=\"wp-block-themeisle-blocks-button-group wp-block-buttons\">\n<div id=\"wp-block-themeisle-blocks-button-f36b711d\" class=\"wp-block-themeisle-blocks-button wp-block-button\"><a href=\"https:\/\/www.celec.gob.ec\/hidroazogues\/wp-content\/uploads\/2025\/03\/CONVOCATORIA-HAZ-12032025.pdf\" target=\"_blank\" rel=\"noopener noreferrer\" class=\"wp-block-button__link\"><span>Convocatoria para vinculaci\u00f3n de Talento Humano &#8211; marzo 2025<\/span><\/a><\/div>\n<\/div>\n\n\n\n<p><\/p>\n\n\n\n<hr class=\"wp-block-separator has-alpha-channel-opacity\"\/>\n\n\n\n<hr class=\"wp-block-separator has-alpha-channel-opacity\"\/>\n\n\n\n<p><strong>05\/03\/2025<\/strong><\/p>\n\n\n\n<p>Asistente y ayudante de topograf\u00eda<\/p>\n\n\n\n<div id=\"wp-block-themeisle-blocks-button-group-b5b3fbf7\" class=\"wp-block-themeisle-blocks-button-group wp-block-buttons\">\n<div id=\"wp-block-themeisle-blocks-button-620f0264\" class=\"wp-block-themeisle-blocks-button wp-block-button\"><a href=\"https:\/\/www.celec.gob.ec\/hidroazogues\/wp-content\/uploads\/2025\/03\/CONVOCATORIA-HAZ_05032025.pdf\" target=\"_blank\" rel=\"noopener noreferrer\" class=\"wp-block-button__link\"><span>Convocatoria para vinculaci\u00f3n de Talento Humano &#8211; marzo 2025<\/span><\/a><\/div>\n<\/div>\n\n\n\n<p><\/p>\n\n\n\n<hr class=\"wp-block-separator has-alpha-channel-opacity\"\/>\n\n\n\n<hr class=\"wp-block-separator has-alpha-channel-opacity\"\/>\n\n\n\n<p><strong>11\/02\/2025<\/strong><\/p>\n\n\n\n<p>Concurso de m\u00e9ritos y oposici\u00f3n<\/p>\n\n\n\n<div id=\"wp-block-themeisle-blocks-button-group-e5de0993\" class=\"wp-block-themeisle-blocks-button-group wp-block-buttons\">\n<div id=\"wp-block-themeisle-blocks-button-1f0286f3\" class=\"wp-block-themeisle-blocks-button wp-block-button\"><a href=\"https:\/\/www.celec.gob.ec\/hidroazogues\/wp-content\/uploads\/2025\/02\/CONVOCATORIA-HAZ_MERITOS-Y-OPOSICION-01.pdf\" target=\"_blank\" rel=\"noopener noreferrer\" class=\"wp-block-button__link\"><span>Convocatoria para vinculaci\u00f3n de Talento Humano &#8211; febrero 2025<\/span><\/a><\/div>\n<\/div>\n\n\n\n<p><\/p>\n\n\n\n<hr class=\"wp-block-separator has-alpha-channel-opacity\"\/>\n\n\n\n<hr class=\"wp-block-separator has-alpha-channel-opacity\"\/>\n\n\n\n<p><strong>29\/01\/2025<\/strong><\/p>\n\n\n\n<p>Varios Cargos Administrativos<\/p>\n\n\n\n<div id=\"wp-block-themeisle-blocks-button-group-c240648c\" class=\"wp-block-themeisle-blocks-button-group wp-block-buttons\">\n<div id=\"wp-block-themeisle-blocks-button-d7d4ece3\" class=\"wp-block-themeisle-blocks-button wp-block-button\"><a href=\"https:\/\/www.celec.gob.ec\/hidroazogues\/wp-content\/uploads\/2025\/01\/CONVOCATORIA-HAZ-29012025_1.pdf\" target=\"_blank\" rel=\"noopener noreferrer\" class=\"wp-block-button__link\"><span>Convocatoria para vinculaci\u00f3n de Talento Humano &#8211; enero 2025<\/span><\/a><\/div>\n<\/div>\n\n\n\n<p><\/p>\n\n\n\n<hr class=\"wp-block-separator has-alpha-channel-opacity\"\/>\n\n\n\n<hr class=\"wp-block-separator has-alpha-channel-opacity\"\/>\n\n\n\n<p><strong>16\/01\/2025<\/strong><\/p>\n\n\n\n<p>Varios Cargos<\/p>\n\n\n\n<div id=\"wp-block-themeisle-blocks-button-group-8fb788ed\" class=\"wp-block-themeisle-blocks-button-group wp-block-buttons\">\n<div id=\"wp-block-themeisle-blocks-button-f20f3386\" class=\"wp-block-themeisle-blocks-button wp-block-button\"><a href=\"https:\/\/www.celec.gob.ec\/hidroazogues\/wp-content\/uploads\/2025\/01\/CONVOCATORIA-HAZ-16012025.pdf\" target=\"_blank\" rel=\"noopener noreferrer\" class=\"wp-block-button__link\"><span>Convocatoria para vinculaci\u00f3n de Talento Humano &#8211; enero 2025<\/span><\/a><\/div>\n<\/div>\n\n\n\n<p><\/p>\n\n\n\n<hr class=\"wp-block-separator has-alpha-channel-opacity\"\/>\n\n\n\n<hr class=\"wp-block-separator has-alpha-channel-opacity\"\/>\n\n\n\n<p><strong>20\/12\/2024<\/strong><\/p>\n\n\n\n<p>Jefe de Central Hidr\u00e1ulica<\/p>\n\n\n\n<div id=\"wp-block-themeisle-blocks-button-group-f6a9e258\" class=\"wp-block-themeisle-blocks-button-group wp-block-buttons\">\n<div id=\"wp-block-themeisle-blocks-button-b13e1a38\" class=\"wp-block-themeisle-blocks-button wp-block-button\"><a href=\"https:\/\/www.celec.gob.ec\/hidroazogues\/wp-content\/uploads\/2024\/12\/CONVOCATORIA-HAZ.pdf\" target=\"_blank\" rel=\"noopener noreferrer\" class=\"wp-block-button__link\"><span>Convocatoria para vinculaci\u00f3n de Talento Humano &#8211; diciembre 2024<\/span><\/a><\/div>\n<\/div>\n\n\n\n<p><\/p>\n\n\n\n<hr class=\"wp-block-separator has-alpha-channel-opacity\"\/>\n\n\n\n<hr class=\"wp-block-separator has-alpha-channel-opacity\"\/>\n\n\n\n<p><strong>26\/11\/2024<\/strong><\/p>\n\n\n\n<p>Especialista Jur\u00eddico<\/p>\n\n\n\n<div id=\"wp-block-themeisle-blocks-button-group-011d1236\" class=\"wp-block-themeisle-blocks-button-group wp-block-buttons\">\n<div id=\"wp-block-themeisle-blocks-button-6ab2c530\" class=\"wp-block-themeisle-blocks-button wp-block-button\"><a href=\"https:\/\/www.celec.gob.ec\/hidroazogues\/wp-content\/uploads\/2024\/11\/CONVOCATORIA-ESPECIALISTA-JURIDICO.pdf\" target=\"_blank\" rel=\"noopener noreferrer\" class=\"wp-block-button__link\"><span>Convocatoria para vinculaci\u00f3n de Talento Humano &#8211; noviembre 2024<\/span><\/a><\/div>\n<\/div>\n\n\n\n<p><\/p>\n\n\n\n<hr class=\"wp-block-separator has-alpha-channel-opacity\"\/>\n\n\n\n<p><strong>21\/11\/2024<\/strong><\/p>\n\n\n\n<p><strong>Jefe de Central Hidra\u00falica<\/strong><\/p>\n\n\n\n<div id=\"wp-block-themeisle-blocks-button-group-4d6fa1cb\" class=\"wp-block-themeisle-blocks-button-group wp-block-buttons\">\n<div id=\"wp-block-themeisle-blocks-button-4a37a999\" class=\"wp-block-themeisle-blocks-button wp-block-button\"><a href=\"https:\/\/www.celec.gob.ec\/hidroazogues\/wp-content\/uploads\/2024\/11\/convocatoria_jefe_central.pdf\" target=\"_blank\" rel=\"noopener noreferrer\" class=\"wp-block-button__link\"><span>Convocatoria para vinculaci\u00f3n de Talento Humano &#8211; noviembre 2024<\/span><\/a><\/div>\n<\/div>\n\n\n\n<p><\/p>\n\n\n\n<hr class=\"wp-block-separator has-alpha-channel-opacity\"\/>\n\n\n\n<p><strong>20\/11\/2024<\/strong><\/p>\n\n\n\n<p><strong>Especialista de Salud ocupacional y Seguridad laboral<\/strong><\/p>\n\n\n\n<div id=\"wp-block-themeisle-blocks-button-group-b080b86b\" class=\"wp-block-themeisle-blocks-button-group wp-block-buttons\">\n<div id=\"wp-block-themeisle-blocks-button-22bb5904\" class=\"wp-block-themeisle-blocks-button wp-block-button\"><a href=\"https:\/\/www.celec.gob.ec\/hidroazogues\/wp-content\/uploads\/2024\/11\/especialita_salud_laboral.pdf\" target=\"_blank\" rel=\"noopener noreferrer\" class=\"wp-block-button__link\"><span>Convocatoria para vinculaci\u00f3n de Talento Humano &#8211; noviembre 2024<\/span><\/a><\/div>\n<\/div>\n\n\n\n<p><\/p>\n\n\n\n<p><strong>Especialista de Gesti\u00f3n Ambiental<\/strong><\/p>\n\n\n\n<div id=\"wp-block-themeisle-blocks-button-group-ed46fe19\" class=\"wp-block-themeisle-blocks-button-group wp-block-buttons\">\n<div id=\"wp-block-themeisle-blocks-button-974d9ac1\" class=\"wp-block-themeisle-blocks-button wp-block-button\"><a href=\"https:\/\/www.celec.gob.ec\/hidroazogues\/wp-content\/uploads\/2024\/11\/convocatoria_gestion_ambiental.pdf\" target=\"_blank\" rel=\"noopener noreferrer\" class=\"wp-block-button__link\"><span>Convocatoria para vinculaci\u00f3n de Talento Humano &#8211; noviembre 2024<\/span><\/a><\/div>\n<\/div>\n\n\n\n<p><\/p>\n\n\n\n<hr class=\"wp-block-separator has-alpha-channel-opacity\"\/>\n\n\n\n<p><strong>25\/10\/2024<\/strong><\/p>\n\n\n\n<p><strong>Especialista de Ingenier\u00eda en Estudios Mec\u00e1nicos<\/strong><\/p>\n\n\n\n<div id=\"wp-block-themeisle-blocks-button-group-31a031a0\" class=\"wp-block-themeisle-blocks-button-group wp-block-buttons\">\n<div id=\"wp-block-themeisle-blocks-button-f7ad7af7\" class=\"wp-block-themeisle-blocks-button wp-block-button\"><a href=\"https:\/\/www.celec.gob.ec\/hidroazogues\/wp-content\/uploads\/2024\/10\/ESPECIALISTA-INGENIERIA-ESTUDIOS-MECANICOS.pdf\" target=\"_blank\" rel=\"noopener noreferrer\" class=\"wp-block-button__link\"><span>Convocatoria para vinculaci\u00f3n de Talento Humano &#8211; octubre 2024<\/span><\/a><\/div>\n<\/div>\n\n\n\n<p><\/p>\n\n\n\n<hr class=\"wp-block-separator has-alpha-channel-opacity is-style-default\"\/>\n\n\n\n<p><strong>15\/10\/2024<\/strong><\/p>\n\n\n\n<p><strong>Jefe de equipamiento<\/strong><\/p>\n\n\n\n<div id=\"wp-block-themeisle-blocks-button-group-37910ac5\" class=\"wp-block-themeisle-blocks-button-group wp-block-buttons\">\n<div id=\"wp-block-themeisle-blocks-button-6371a355\" class=\"wp-block-themeisle-blocks-button wp-block-button\"><a href=\"https:\/\/www.celec.gob.ec\/hidroazogues\/wp-content\/uploads\/2024\/10\/CONVOCATORIA-HAZ-JEFE-EQUI-15-OCT.pdf\" target=\"_self\" rel=\"noopener noreferrer\" class=\"wp-block-button__link\"><span>Convocatoria para vinculaci\u00f3n de Talento Humano &#8211; octubre 2024<\/span><\/a><\/div>\n<\/div>\n\n\n\n<p><\/p>\n\n\n\n<hr class=\"wp-block-separator has-alpha-channel-opacity\"\/>\n\n\n\n<p><\/p>\n\n\n\n<p><strong>07\/10\/2024<\/strong><\/p>\n\n\n\n<p><strong>Jefe de equipamiento y Especialista de Ingenier\u00eda<\/strong><\/p>\n\n\n\n<div id=\"wp-block-themeisle-blocks-button-group-d093d51a\" class=\"wp-block-themeisle-blocks-button-group wp-block-buttons\">\n<div id=\"wp-block-themeisle-blocks-button-e33135fc\" class=\"wp-block-themeisle-blocks-button wp-block-button\"><a href=\"https:\/\/www.celec.gob.ec\/hidroazogues\/wp-content\/uploads\/2024\/10\/CONVOCATORIA.pdf\" target=\"_self\" rel=\"noopener noreferrer\" class=\"wp-block-button__link\"><span>Convocatoria para vinculaci\u00f3n de Talento Humano &#8211; octubre 2024<\/span><\/a><\/div>\n<\/div>\n\n\n\n<p><\/p>\n\n\n\n<hr class=\"wp-block-separator has-alpha-channel-opacity\"\/>\n\n\n\n<p><\/p>\n\n\n\n<p><strong>01\/08\/2024<\/strong><\/p>\n\n\n\n<p><strong>Especialistas: ingenier\u00eda civil, geolog\u00eda y programaci\u00f3n y control<\/strong><\/p>\n\n\n\n<div id=\"wp-block-themeisle-blocks-button-group-ba2ba3de\" class=\"wp-block-themeisle-blocks-button-group wp-block-buttons\">\n<div id=\"wp-block-themeisle-blocks-button-79660454\" class=\"wp-block-themeisle-blocks-button wp-block-button\"><a href=\"https:\/\/www.celec.gob.ec\/hidroazogues\/wp-content\/uploads\/2024\/08\/CONVOCATORIA-ESPECIALISTAS-HAZ-01082024.pdf\" target=\"_self\" rel=\"noopener noreferrer\" class=\"wp-block-button__link\"><span>Convocatoria para vinculaci\u00f3n de Talento Humano &#8211; agosto 2024<\/span><\/a><\/div>\n<\/div>\n\n\n\n<p><\/p>\n\n\n\n<hr class=\"wp-block-separator aligncenter has-alpha-channel-opacity is-style-wide\"\/>\n\n\n\n<p><strong>30\/07\/2024<\/strong><\/p>\n\n\n\n<p><strong>Especialistas de ingenier\u00eda civil<\/strong><\/p>\n\n\n\n<div id=\"wp-block-themeisle-blocks-button-group-7c2836da\" class=\"wp-block-themeisle-blocks-button-group wp-block-buttons\">\n<div id=\"wp-block-themeisle-blocks-button-0ea0376a\" class=\"wp-block-themeisle-blocks-button wp-block-button\"><a href=\"https:\/\/www.celec.gob.ec\/hidroazogues\/wp-content\/uploads\/2024\/07\/CONVOCATORIA-ESPECIALISTAS-HAZ.pdf\" target=\"_self\" rel=\"noopener noreferrer\" class=\"wp-block-button__link\"><span>Convocatoria para vinculaci\u00f3n de Talento Humano &#8211; julio 2024<\/span><\/a><\/div>\n<\/div>\n\n\n\n<figure class=\"wp-block-image size-full\"><img loading=\"lazy\" decoding=\"async\" width=\"581\" height=\"258\" src=\"https:\/\/www.celec.gob.ec\/hidroazogues\/wp-content\/uploads\/2024\/07\/CONVOCATORIA31072024.jpg\" alt=\"\" class=\"wp-image-578\" srcset=\"https:\/\/www.celec.gob.ec\/hidroazogues\/wp-content\/uploads\/2024\/07\/CONVOCATORIA31072024.jpg 581w, https:\/\/www.celec.gob.ec\/hidroazogues\/wp-content\/uploads\/2024\/07\/CONVOCATORIA31072024-300x133.jpg 300w\" sizes=\"auto, (max-width: 581px) 100vw, 581px\" \/><\/figure>\n\n\n\n<hr class=\"wp-block-separator has-alpha-channel-opacity\"\/>\n\n\n\n<p><strong>03\/06\/2024<\/strong><\/p>\n\n\n\n<p><strong>Especialista de talento humano<\/strong><\/p>\n\n\n\n<div id=\"wp-block-themeisle-blocks-button-group-27225a06\" class=\"wp-block-themeisle-blocks-button-group wp-block-buttons\">\n<div id=\"wp-block-themeisle-blocks-button-997d402f\" class=\"wp-block-themeisle-blocks-button wp-block-button\"><a href=\"https:\/\/www.celec.gob.ec\/hidroazogues\/noticias\/convocatoria-para-vinculacion-de-talento-humano-tthh-junio-2024\/\" target=\"_self\" rel=\"noopener noreferrer\" class=\"wp-block-button__link\"><span>Convocatoria para vinculaci\u00f3n de Talento Humano-TTHH- junio 2024<\/span><\/a><\/div>\n<\/div>\n\n\n\n<p><\/p>\n\n\n\n<hr class=\"wp-block-separator has-alpha-channel-opacity\"\/>\n\n\n\n<p><\/p>\n\n\n\n<p><strong>03\/03\/2024<\/strong><\/p>\n\n\n\n<p><strong>Especialista de seguridad y salud laboral<\/strong><\/p>\n\n\n\n<div id=\"wp-block-themeisle-blocks-button-group-f15778a5\" class=\"wp-block-themeisle-blocks-button-group wp-block-buttons\">\n<div id=\"wp-block-themeisle-blocks-button-a5723f99\" class=\"wp-block-themeisle-blocks-button wp-block-button\"><a href=\"https:\/\/www.celec.gob.ec\/hidroazogues\/noticias\/convocatoria-para-vinculacion-de-talento-humano-ssl-marzo-2024\/\" target=\"_self\" rel=\"noopener noreferrer\" class=\"wp-block-button__link\"><span>Convocatoria para vinculaci\u00f3n de Talento Humano-SSL- marzo 2024<\/span><\/a><\/div>\n<\/div>\n","protected":false},"excerpt":{"rendered":"<p>En este espacio se publican las convocatorias cuando la Corporaci\u00f3n El\u00e9ctrica del Ecuador \u2013 CELEC EP \u2013 Unidad de negocio HIDROAZOGUES, requiere cumplir con el proceso determinado para la contrataci\u00f3n de personal.&nbsp; 27\/05\/2025 Especialista Jur\u00eddico 07\/05\/2025 Auxiliar de servicios generales 05\/05\/2025 Auxiliar de servicios generales 20\/03\/2025 Ayudante de topograf\u00eda 19\/03\/2025 Ayudante de topograf\u00eda 12\/03\/2025 Especialista [&hellip;]<\/p>\n","protected":false},"author":2,"featured_media":0,"parent":0,"menu_order":0,"comment_status":"closed","ping_status":"closed","template":"","meta":{"_acf_changed":false,"_themeisle_gutenberg_block_has_review":false,"footnotes":""},"class_list":["post-539","page","type-page","status-publish","hentry"],"acf":[],"_links":{"self":[{"href":"https:\/\/www.celec.gob.ec\/hidroazogues\/wp-json\/wp\/v2\/pages\/539","targetHints":{"allow":["GET"]}}],"collection":[{"href":"https:\/\/www.celec.gob.ec\/hidroazogues\/wp-json\/wp\/v2\/pages"}],"about":[{"href":"https:\/\/www.celec.gob.ec\/hidroazogues\/wp-json\/wp\/v2\/types\/page"}],"author":[{"embeddable":true,"href":"https:\/\/www.celec.gob.ec\/hidroazogues\/wp-json\/wp\/v2\/users\/2"}],"replies":[{"embeddable":true,"href":"https:\/\/www.celec.gob.ec\/hidroazogues\/wp-json\/wp\/v2\/comments?post=539"}],"version-history":[{"count":55,"href":"https:\/\/www.celec.gob.ec\/hidroazogues\/wp-json\/wp\/v2\/pages\/539\/revisions"}],"predecessor-version":[{"id":751,"href":"https:\/\/www.celec.gob.ec\/hidroazogues\/wp-json\/wp\/v2\/pages\/539\/revisions\/751"}],"wp:attachment":[{"href":"https:\/\/www.celec.gob.ec\/hidroazogues\/wp-json\/wp\/v2\/media?parent=539"}],"curies":[{"name":"wp","href":"https:\/\/api.w.org\/{rel}","templated":true}]}}