{"id":55,"date":"2023-02-13T16:10:45","date_gmt":"2023-02-13T16:10:45","guid":{"rendered":"https:\/\/www.celec.gob.ec\/hidroazogues\/?page_id=55"},"modified":"2024-05-14T13:51:25","modified_gmt":"2024-05-14T13:51:25","slug":"visitas","status":"publish","type":"page","link":"https:\/\/www.celec.gob.ec\/hidroazogues\/visitas\/","title":{"rendered":"Visitas"},"content":{"rendered":"\n<p>Para conocer el proyecto hidroel\u00e9ctrico Mazar &#8211; Dudas se pone a disposici\u00f3n de la ciudadan\u00eda solamente las visitas t\u00e9cnicas, en vista que se encuentra en etapa de construcci\u00f3n.<\/p>\n\n\n\n<p>Previo a la visita, usted deber\u00e1 llenar la solicitud respectiva, descarg\u00e1ndola de esta p\u00e1gina.<\/p>\n\n\n\n<p>Las visitas t\u00e9cnicas est\u00e1n dirigidas a estudiantes de universidades en carreras de ingenier\u00eda el\u00e9ctrica, mec\u00e1nica, civil, industrial y afines o por t\u00e9cnicos especialistas en estas ramas; as\u00ed como estudiantes de colegio de los ciclos diversificados.<\/p>\n\n\n\n<p>Cuando las centrales del proyecto Mazar \u2013 Dudas entren en operaci\u00f3n, se podr\u00e1n solicitar visitas no t\u00e9cnicas, mismas que est\u00e1n dirigidas a estudiantes de escuelas y colegios no t\u00e9cnicos, tambi\u00e9n grupos de familias y organizaciones. En este grupo est\u00e1n consideradas las visitas tur\u00edsticas<\/p>\n\n\n\n<div style=\"height:25px\" aria-hidden=\"true\" class=\"wp-block-spacer\"><\/div>\n\n\n\n<div id=\"wp-block-themeisle-blocks-accordion-cf68c183\" class=\"wp-block-themeisle-blocks-accordion exclusive\">\n<details class=\"wp-block-themeisle-blocks-accordion-item\"><summary class=\"wp-block-themeisle-blocks-accordion-item__title\"><div>\u00bfQu\u00e9 incluye?<\/div><\/summary><div class=\"wp-block-themeisle-blocks-accordion-item__content\">\n<p>Visita a los frentes de obra del aprovechamiento Alaz\u00e1n.<\/p>\n<\/div><\/details>\n\n\n\n<details class=\"wp-block-themeisle-blocks-accordion-item\"><summary class=\"wp-block-themeisle-blocks-accordion-item__title\"><div>\u00bfCu\u00e1ndo?<\/div><\/summary><div class=\"wp-block-themeisle-blocks-accordion-item__content\">\n<p>Debe ser programada con anticipaci\u00f3n y su confirmaci\u00f3n est\u00e1 sujeta a la agenda de la Unidad de Negocio HIDROAZOGUES. La \u00e9poca m\u00e1s recomendable para realizar las visitas es de septiembre a marzo ya que en los otros meses las precipitaciones pluviales y condiciones clim\u00e1ticas en la zona son muy acentuadas.<\/p>\n\n\n\n<p>Grupo de hasta 20 personas: lunes a s\u00e1bado (7h30 a 16h00)<br>Grupo superior a 21 personas: lunes a viernes (7h30 a 16H00)<\/p>\n<\/div><\/details>\n\n\n\n<details class=\"wp-block-themeisle-blocks-accordion-item\"><summary class=\"wp-block-themeisle-blocks-accordion-item__title\"><div>\u00bfTiempo de visita?<\/div><\/summary><div class=\"wp-block-themeisle-blocks-accordion-item__content\">\n<p>La visita t\u00e9cnica dura aproximadamente dos horas y media.<\/p>\n\n\n\n<p>Las visitas no t\u00e9cnicas duran aproximadamente dos horas.<\/p>\n<\/div><\/details>\n\n\n\n<details class=\"wp-block-themeisle-blocks-accordion-item\"><summary class=\"wp-block-themeisle-blocks-accordion-item__title\"><div>\u00bfQu\u00e9 incluye?<\/div><\/summary><div class=\"wp-block-themeisle-blocks-accordion-item__content\">\n<p>Visita a los frentes de obra del aprovechamiento Alaz\u00e1n.<\/p>\n<\/div><\/details>\n\n\n\n<details class=\"wp-block-themeisle-blocks-accordion-item\"><summary class=\"wp-block-themeisle-blocks-accordion-item__title\"><div>\u00bfSi tiene dudas, comun\u00edcate con nosotros?<\/div><\/summary><div class=\"wp-block-themeisle-blocks-accordion-item__content\">\n<p>Telf. 07 2875462 ext. 75100<\/p>\n<\/div><\/details>\n<\/div>\n\n\n\n<div style=\"height:30px\" aria-hidden=\"true\" class=\"wp-block-spacer\"><\/div>\n\n\n\n<h2 class=\"wp-block-heading\">Descargue los formularios de solicitud aqu\u00ed:<\/h2>\n\n\n\n<div style=\"height:50px\" aria-hidden=\"true\" class=\"wp-block-spacer\"><\/div>\n\n\n\n<div class=\"wp-block-columns is-layout-flex wp-container-core-columns-is-layout-9d6595d7 wp-block-columns-is-layout-flex\">\n<div class=\"wp-block-column is-vertically-aligned-center is-layout-flow wp-block-column-is-layout-flow\">\n<p class=\"has-text-align-center\"><strong>Formulario y procedimiento de visitas en PDF<\/strong><\/p>\n\n\n\n<div class=\"wp-block-buttons is-layout-flex wp-block-buttons-is-layout-flex\">\n<div class=\"wp-block-button has-custom-font-size aligncenter has-small-font-size\"><a class=\"wp-block-button__link wp-element-button\" href=\"https:\/\/www.celec.gob.ec\/hidroazogues\/wp-content\/uploads\/2023\/02\/formularios-de-visita.pdf\" target=\"_blank\" rel=\"noreferrer noopener\">DESCARGAR DOCUMENTO<\/a><\/div>\n<\/div>\n<\/div>\n\n\n\n<div class=\"wp-block-column is-layout-flow wp-block-column-is-layout-flow\">\n<p class=\"has-text-align-center\"><strong>Formulario y procedimiento de visitas en Excel<\/strong><\/p>\n\n\n\n<div class=\"wp-block-buttons is-content-justification-center is-layout-flex wp-container-core-buttons-is-layout-16018d1d wp-block-buttons-is-layout-flex\">\n<div class=\"wp-block-button has-custom-font-size has-small-font-size\"><a class=\"wp-block-button__link wp-element-button\" href=\"https:\/\/www.celec.gob.ec\/hidroazogues\/wp-content\/uploads\/2023\/02\/formularios-de-visita.xlsx\" target=\"_blank\" rel=\"noreferrer noopener\">DESCARGAR DOCUMENTO<\/a><\/div>\n<\/div>\n<\/div>\n<\/div>\n\n\n\n<div style=\"height:30px\" aria-hidden=\"true\" class=\"wp-block-spacer\"><\/div>\n\n\n\n<div class=\"wp-block-columns is-layout-flex wp-container-core-columns-is-layout-9d6595d7 wp-block-columns-is-layout-flex\">\n<div class=\"wp-block-column is-layout-flow wp-block-column-is-layout-flow\">\n<p class=\"has-text-align-center\"><strong>Lista de visitantes<\/strong><\/p>\n\n\n\n<div class=\"wp-block-buttons is-layout-flex wp-block-buttons-is-layout-flex\">\n<div class=\"wp-block-button has-custom-font-size aligncenter has-small-font-size\"><a class=\"wp-block-button__link wp-element-button\" href=\"https:\/\/www.celec.gob.ec\/hidroazogues\/wp-content\/uploads\/2023\/02\/lista-visitantes.pdf\" target=\"_blank\" rel=\"noreferrer noopener\">DESCARGAR DOCUMENTO<\/a><\/div>\n<\/div>\n<\/div>\n\n\n\n<div class=\"wp-block-column is-layout-flow wp-block-column-is-layout-flow\">\n<p class=\"has-text-align-center\"><strong>Procedimiento de visitas<\/strong><\/p>\n\n\n\n<div class=\"wp-block-buttons is-layout-flex wp-block-buttons-is-layout-flex\">\n<div class=\"wp-block-button has-custom-font-size aligncenter has-small-font-size\"><a class=\"wp-block-button__link wp-element-button\" href=\"https:\/\/www.celec.gob.ec\/hidroazogues\/wp-content\/uploads\/2023\/02\/PROCEDIMIENTO-DE-VISITAS.pdf\" target=\"_blank\" rel=\"noreferrer noopener\">DESCARGAR DOCUMENTO<\/a><\/div>\n<\/div>\n<\/div>\n<\/div>\n\n\n\n<div style=\"height:30px\" aria-hidden=\"true\" class=\"wp-block-spacer\"><\/div>\n\n\n\n<p><strong>Para concretar la visita, llene los formularios de solicitud y env\u00edelos a los siguientes correos:<\/strong><\/p>\n\n\n\n<div style=\"height:30px\" aria-hidden=\"true\" class=\"wp-block-spacer\"><\/div>\n\n\n\n<p class=\"has-text-align-left\">haz.visitas@celec.gob.ec<\/p>\n","protected":false},"excerpt":{"rendered":"<p>Para conocer el proyecto hidroel\u00e9ctrico Mazar &#8211; Dudas se pone a disposici\u00f3n de la ciudadan\u00eda solamente las visitas t\u00e9cnicas, en vista que se encuentra en etapa de construcci\u00f3n. Previo a la visita, usted deber\u00e1 llenar la solicitud respectiva, descarg\u00e1ndola de esta p\u00e1gina. Las visitas t\u00e9cnicas est\u00e1n dirigidas a estudiantes de universidades en carreras de ingenier\u00eda [&hellip;]<\/p>\n","protected":false},"author":1,"featured_media":0,"parent":0,"menu_order":0,"comment_status":"closed","ping_status":"closed","template":"","meta":{"_acf_changed":false,"_themeisle_gutenberg_block_has_review":false,"footnotes":""},"class_list":["post-55","page","type-page","status-publish","hentry"],"acf":[],"_links":{"self":[{"href":"https:\/\/www.celec.gob.ec\/hidroazogues\/wp-json\/wp\/v2\/pages\/55","targetHints":{"allow":["GET"]}}],"collection":[{"href":"https:\/\/www.celec.gob.ec\/hidroazogues\/wp-json\/wp\/v2\/pages"}],"about":[{"href":"https:\/\/www.celec.gob.ec\/hidroazogues\/wp-json\/wp\/v2\/types\/page"}],"author":[{"embeddable":true,"href":"https:\/\/www.celec.gob.ec\/hidroazogues\/wp-json\/wp\/v2\/users\/1"}],"replies":[{"embeddable":true,"href":"https:\/\/www.celec.gob.ec\/hidroazogues\/wp-json\/wp\/v2\/comments?post=55"}],"version-history":[{"count":2,"href":"https:\/\/www.celec.gob.ec\/hidroazogues\/wp-json\/wp\/v2\/pages\/55\/revisions"}],"predecessor-version":[{"id":531,"href":"https:\/\/www.celec.gob.ec\/hidroazogues\/wp-json\/wp\/v2\/pages\/55\/revisions\/531"}],"wp:attachment":[{"href":"https:\/\/www.celec.gob.ec\/hidroazogues\/wp-json\/wp\/v2\/media?parent=55"}],"curies":[{"name":"wp","href":"https:\/\/api.w.org\/{rel}","templated":true}]}}