{"id":107,"date":"2023-02-17T16:41:51","date_gmt":"2023-02-17T16:41:51","guid":{"rendered":"https:\/\/www.celec.gob.ec\/hidronacion\/?page_id=107"},"modified":"2023-06-27T16:04:14","modified_gmt":"2023-06-27T16:04:14","slug":"campana-ahorro-de-energia","status":"publish","type":"page","link":"https:\/\/www.celec.gob.ec\/hidronacion\/campana-ahorro-de-energia\/","title":{"rendered":"Campa\u00f1a Ahorro de Energ\u00eda y Agua"},"content":{"rendered":"\n<h2 class=\"wp-block-heading\">Aprendamos a Ahorrar<\/h2>\n\n\n\n<p>El r\u00e1pido desarrollo tecnol\u00f3gico que se ha dado en los \u00faltimos a\u00f1os ha mejorado de forma notable nuestra calidad de vida, pero tambi\u00e9n ha propiciado un incremento importante en el consumo de energ\u00eda el\u00e9ctrica. La mayor parte de esta energ\u00eda se obtiene mediante el uso de combustibles f\u00f3siles que, al quemarse, emiten gases t\u00f3xicos hacia el medio ambiente. En su car\u00e1cter de instituci\u00f3n preocupada por el bienestar de nuestro entorno, CELEC EP Hidronaci\u00f3n mantiene la \u201cCampa\u00f1a de Ahorro de Energ\u00eda\u201d.<\/p>\n\n\n\n<p><\/p>\n\n\n\n<p class=\"has-text-align-center has-medium-font-size\"><strong>\u00a1Cada gota cuenta!<\/strong><\/p>\n\n\n\n<p><br>Se pone en marcha la nueva campa\u00f1a de CELEC EP Hidronaci\u00f3n con el objetivo de fomentar un consumo responsable del agua.<\/p>\n\n\n\n<figure class=\"wp-block-gallery has-nested-images columns-default is-cropped wp-block-gallery-1 is-layout-flex wp-block-gallery-is-layout-flex\">\n<figure class=\"wp-block-image size-large\"><img loading=\"lazy\" decoding=\"async\" width=\"1024\" height=\"1024\" data-id=\"1461\" src=\"https:\/\/www.celec.gob.ec\/hidronacion\/wp-content\/uploads\/2023\/06\/DIA-MUNDIAL-DEL-AGUA-1024x1024.png\" alt=\"\" class=\"wp-image-1461\" srcset=\"https:\/\/www.celec.gob.ec\/hidronacion\/wp-content\/uploads\/2023\/06\/DIA-MUNDIAL-DEL-AGUA-1024x1024.png 1024w, https:\/\/www.celec.gob.ec\/hidronacion\/wp-content\/uploads\/2023\/06\/DIA-MUNDIAL-DEL-AGUA-300x300.png 300w, https:\/\/www.celec.gob.ec\/hidronacion\/wp-content\/uploads\/2023\/06\/DIA-MUNDIAL-DEL-AGUA-150x150.png 150w, https:\/\/www.celec.gob.ec\/hidronacion\/wp-content\/uploads\/2023\/06\/DIA-MUNDIAL-DEL-AGUA-768x768.png 768w, https:\/\/www.celec.gob.ec\/hidronacion\/wp-content\/uploads\/2023\/06\/DIA-MUNDIAL-DEL-AGUA.png 1080w\" sizes=\"auto, (max-width: 1024px) 100vw, 1024px\" \/><\/figure>\n<\/figure>\n\n\n\n<p class=\"has-text-align-center has-medium-font-size\"><\/p>\n\n\n\n<p class=\"has-text-align-center has-medium-font-size\"><\/p>\n\n\n\n<p><br><\/p>\n","protected":false},"excerpt":{"rendered":"<p>Aprendamos a Ahorrar El r\u00e1pido desarrollo tecnol\u00f3gico que se ha dado en los \u00faltimos a\u00f1os ha mejorado de forma notable nuestra calidad de vida, pero tambi\u00e9n ha propiciado un incremento importante en el consumo de energ\u00eda el\u00e9ctrica. La mayor parte de esta energ\u00eda se obtiene mediante el uso de combustibles f\u00f3siles que, al quemarse, emiten [&hellip;]<\/p>\n","protected":false},"author":3,"featured_media":0,"parent":0,"menu_order":0,"comment_status":"closed","ping_status":"closed","template":"","meta":{"_acf_changed":false,"_themeisle_gutenberg_block_has_review":false,"footnotes":""},"class_list":["post-107","page","type-page","status-publish","hentry"],"acf":[],"_links":{"self":[{"href":"https:\/\/www.celec.gob.ec\/hidronacion\/wp-json\/wp\/v2\/pages\/107","targetHints":{"allow":["GET"]}}],"collection":[{"href":"https:\/\/www.celec.gob.ec\/hidronacion\/wp-json\/wp\/v2\/pages"}],"about":[{"href":"https:\/\/www.celec.gob.ec\/hidronacion\/wp-json\/wp\/v2\/types\/page"}],"author":[{"embeddable":true,"href":"https:\/\/www.celec.gob.ec\/hidronacion\/wp-json\/wp\/v2\/users\/3"}],"replies":[{"embeddable":true,"href":"https:\/\/www.celec.gob.ec\/hidronacion\/wp-json\/wp\/v2\/comments?post=107"}],"version-history":[{"count":4,"href":"https:\/\/www.celec.gob.ec\/hidronacion\/wp-json\/wp\/v2\/pages\/107\/revisions"}],"predecessor-version":[{"id":1462,"href":"https:\/\/www.celec.gob.ec\/hidronacion\/wp-json\/wp\/v2\/pages\/107\/revisions\/1462"}],"wp:attachment":[{"href":"https:\/\/www.celec.gob.ec\/hidronacion\/wp-json\/wp\/v2\/media?parent=107"}],"curies":[{"name":"wp","href":"https:\/\/api.w.org\/{rel}","templated":true}]}}