{"id":76,"date":"2023-02-17T15:48:32","date_gmt":"2023-02-17T15:48:32","guid":{"rendered":"https:\/\/www.celec.gob.ec\/hidronacion\/?page_id=76"},"modified":"2025-03-17T17:23:55","modified_gmt":"2025-03-17T17:23:55","slug":"oportunidades-de-trabajo","status":"publish","type":"page","link":"https:\/\/www.celec.gob.ec\/hidronacion\/oportunidades-de-trabajo\/","title":{"rendered":"Oportunidades de Trabajo"},"content":{"rendered":"\n<p>Oportunidades de Trabajo&nbsp;<\/p>\n\n\n\n<div class=\"wp-block-group\"><div class=\"wp-block-group__inner-container is-layout-constrained wp-block-group-is-layout-constrained\">\n<p class=\"has-white-color has-text-color has-link-color wp-elements-6f9fb3b94114a34a4a19dd0c6a22f8dc\">  dcd<\/p>\n<\/div><\/div>\n\n\n\n<p>\u2666 CONVOCATORIA CONCURSO DE M\u00c9RITOS Y OPOSICI\u00d3N &#8211; ASISTENTE ELECTRICO GENERACI\u00d3N HIDR\u00c1ULICA<\/p>\n\n\n\n<figure class=\"wp-block-image size-large\"><img loading=\"lazy\" decoding=\"async\" width=\"1024\" height=\"719\" src=\"https:\/\/www.celec.gob.ec\/hidronacion\/wp-content\/uploads\/2025\/03\/Asistente-Electrico-2025-03-17-1024x719.jpg\" alt=\"\" class=\"wp-image-2012\" srcset=\"https:\/\/www.celec.gob.ec\/hidronacion\/wp-content\/uploads\/2025\/03\/Asistente-Electrico-2025-03-17-1024x719.jpg 1024w, https:\/\/www.celec.gob.ec\/hidronacion\/wp-content\/uploads\/2025\/03\/Asistente-Electrico-2025-03-17-300x211.jpg 300w, https:\/\/www.celec.gob.ec\/hidronacion\/wp-content\/uploads\/2025\/03\/Asistente-Electrico-2025-03-17-768x539.jpg 768w, https:\/\/www.celec.gob.ec\/hidronacion\/wp-content\/uploads\/2025\/03\/Asistente-Electrico-2025-03-17.jpg 1187w\" sizes=\"auto, (max-width: 1024px) 100vw, 1024px\" \/><\/figure>\n","protected":false},"excerpt":{"rendered":"<p>Oportunidades de Trabajo&nbsp; dcd \u2666 CONVOCATORIA CONCURSO DE M\u00c9RITOS Y OPOSICI\u00d3N &#8211; ASISTENTE ELECTRICO GENERACI\u00d3N HIDR\u00c1ULICA<\/p>\n","protected":false},"author":3,"featured_media":0,"parent":0,"menu_order":0,"comment_status":"closed","ping_status":"closed","template":"","meta":{"_acf_changed":false,"_themeisle_gutenberg_block_has_review":false,"footnotes":""},"class_list":["post-76","page","type-page","status-publish","hentry"],"acf":[],"_links":{"self":[{"href":"https:\/\/www.celec.gob.ec\/hidronacion\/wp-json\/wp\/v2\/pages\/76","targetHints":{"allow":["GET"]}}],"collection":[{"href":"https:\/\/www.celec.gob.ec\/hidronacion\/wp-json\/wp\/v2\/pages"}],"about":[{"href":"https:\/\/www.celec.gob.ec\/hidronacion\/wp-json\/wp\/v2\/types\/page"}],"author":[{"embeddable":true,"href":"https:\/\/www.celec.gob.ec\/hidronacion\/wp-json\/wp\/v2\/users\/3"}],"replies":[{"embeddable":true,"href":"https:\/\/www.celec.gob.ec\/hidronacion\/wp-json\/wp\/v2\/comments?post=76"}],"version-history":[{"count":53,"href":"https:\/\/www.celec.gob.ec\/hidronacion\/wp-json\/wp\/v2\/pages\/76\/revisions"}],"predecessor-version":[{"id":2013,"href":"https:\/\/www.celec.gob.ec\/hidronacion\/wp-json\/wp\/v2\/pages\/76\/revisions\/2013"}],"wp:attachment":[{"href":"https:\/\/www.celec.gob.ec\/hidronacion\/wp-json\/wp\/v2\/media?parent=76"}],"curies":[{"name":"wp","href":"https:\/\/api.w.org\/{rel}","templated":true}]}}