{"id":12,"date":"2023-02-18T00:05:36","date_gmt":"2023-02-18T00:05:36","guid":{"rendered":"https:\/\/www.celec.gob.ec\/hidrotoapi\/?page_id=12"},"modified":"2023-02-18T00:05:36","modified_gmt":"2023-02-18T00:05:36","slug":"resena-historica","status":"publish","type":"page","link":"https:\/\/www.celec.gob.ec\/hidrotoapi\/resena-historica\/","title":{"rendered":"Rese\u00f1a Hist\u00f3rica"},"content":{"rendered":"\n<div id=\"wp-block-themeisle-blocks-accordion-eb4e584c\" class=\"wp-block-themeisle-blocks-accordion exclusive\">\n<details class=\"wp-block-themeisle-blocks-accordion-item\"><summary class=\"wp-block-themeisle-blocks-accordion-item__title\"><div>Etapa de Estudios y Dise\u00f1os<\/div><\/summary><div class=\"wp-block-themeisle-blocks-accordion-item__content\">\n<p>El proyecto Hidroel\u00e9ctrico Toachi Pilat\u00f3n en sus estudios iniciales data de los a\u00f1os 1963 cuando el entonces Instituto Nacional de Electrificaci\u00f3n (INECEL) comenz\u00f3 una pol\u00edtica agresiva de evaluaci\u00f3n de proyectos hidroel\u00e9ctricos a varias escalas en todo el territorio nacional, y en la \u00e9poca se demostr\u00f3 ya la factibilidad t\u00e9cnica econ\u00f3mica de este proyecto, sin embargo durante d\u00e9cadas permaneci\u00f3 en planos.<\/p>\n\n\n\n<p>Inicialmente, expertos de la Empresa Nacional de Electricidad de Chile (Endesa) en 1965, propusieron un desarrollo de 108 megavatios (MW). Posteriormente, durante los a\u00f1os 1973 y 1974 la Consultora Suiza Motor Columbus revis\u00f3 el esquema y recomend\u00f3 trasvasar las aguas del r\u00edo Pilat\u00f3n a la cuenca del Toachi e instalar 225 MW, construyendo una presa de 180 m aguas abajo de la confluencia de los r\u00edos Sarapullo y Toachi. A finales de los 80 con la asistencia t\u00e9cnica y financiera del Gobierno Canadiense, se revisaron los estudios recomendando 190 MW. El \u00faltimo estudio en 1996 del Consorcio Egesco con la supervisi\u00f3n de Harza Engeneering, confirma las caracter\u00edsticas del proyecto.<\/p>\n\n\n\n<p>En el a\u00f1o 1997, mediante el Decreto Ejecutivo N\u00b0 18 se concede a favor del H. Consejo Provincial de Pichincha la facultad de realizar el Proyecto Hidroel\u00e9ctrico Pilat\u00f3n Toachi de 190 MW, inmediatamente el Consejo Provincial inici\u00f3 una serie de validaciones y requerimientos para poder iniciar el proceso de construcci\u00f3n, lo que termin\u00f3 con informes neutrales y que no respaldaron el empezar a construir la obra.<\/p>\n\n\n\n<p>Despu\u00e9s de algunos a\u00f1os en el 2002 la Asamblea de la Provincia de Pichincha retom\u00f3 la actualizaci\u00f3n y estudios de factibilidad con el fin de ejecutar el proyecto, y empezaron nuevamente a realizarse los estudios en temas jur\u00eddicos, operativos, administrativos y t\u00e9cnicos del proyecto que se denomin\u00f3 Toachi Pilat\u00f3n.El 25 de agosto de 2005, el Honorable Consejo Provincial de Pichincha mediante escritura p\u00fablica y con plenos poderes para la conformaci\u00f3n de una Sociedad An\u00f3nima, suscribe el documento de constituci\u00f3n de la denominada Hidrotoapi S.A., cuyo principal objeto consist\u00eda en dedicarse principalmente al dise\u00f1o, construcci\u00f3n, instalaci\u00f3n, operaci\u00f3n y mantenimiento de centrales de generaci\u00f3n el\u00e9ctrica. Es entonces cuando el sue\u00f1o de este Proyecto Hidroel\u00e9ctrico comienza a cristalizarse.<\/p>\n<\/div><\/details>\n\n\n\n<details class=\"wp-block-themeisle-blocks-accordion-item\"><summary class=\"wp-block-themeisle-blocks-accordion-item__title\"><div>Etapa de Construcci\u00f3n<\/div><\/summary><div class=\"wp-block-themeisle-blocks-accordion-item__content\">\n<p>El 19 de diciembre del a\u00f1o 2007 se suscribe el Contrato de Detallamiento de Ingenier\u00eda, Suministros, Construcci\u00f3n, Montaje y Comisionamiento del Proyecto Hidroel\u00e9ctrico Toachi \u2013 Pilat\u00f3n, entre la ya conformada Hidrotoapi S.A. y la Constructora Norberto Odebretch S.A. sucursal Ecuador, dando inicio a las obras preliminares el 25 de enero de 2008.<\/p>\n\n\n\n<p>Un a\u00f1o y m\u00e1s despu\u00e9s, para ser exactos el 27 de enero de 2009, Hidrotoapi S.A., da por terminada la relaci\u00f3n con la Constructora Norberto Odebretch mediante un Convenio de Terminaci\u00f3n por Mutuo Acuerdo. Es a partir de este evento que Hidrotoapi implementa la nueva estructura organizacional de la empresa, para afrontar la realizaci\u00f3n del proyecto de acuerdo a las nuevas condiciones establecidas por el Gobierno Nacional, en las que traslad\u00f3 a la empresa la responsabilidad de la realizaci\u00f3n de los dise\u00f1os definitivos que servir\u00edan para la iniciaci\u00f3n de los procesos de Licitaci\u00f3n para la construcci\u00f3n del Proyecto, con empresas nacionales e internacionales, empresas constructoras y fabricantes de equipos, as\u00ed como la continuaci\u00f3n de la ejecuci\u00f3n por administraci\u00f3n directa de los trabajos de construcci\u00f3n de las v\u00edas de acceso, t\u00fanel carretero y campamento principal.<\/p>\n\n\n\n<p>Con la responsabilidad total del proyecto, la empresa HIDROTOAPI S.A., luego de un concurso internacional contrata a la compa\u00f1\u00eda consultora LOMBARDI S.A., para efectuar los dise\u00f1os definitivos del proyecto Toachi-Pilat\u00f3n, previo a la licitaci\u00f3n de la construcci\u00f3n de estas obras. Como resultado de este consultor\u00eda se concluy\u00f3 que el Proyecto Hidroel\u00e9ctrico estar\u00eda constituido por dos aprovechamientos en cascada, Pilat\u00f3n \u2013 Sarapullo con la central de generaci\u00f3n Sarapullo (49 MW) y Toachi-Alluriqu\u00edn con la central de generaci\u00f3n Alluriqu\u00edn (204 MW); adem\u00e1s se aprovechar\u00eda el caudal ecol\u00f3gico vertido por la presa Toachi instalando una mini central de 1,4 MW, lo que constitu\u00eda un total de 254,4 megavatios (MW) de potencia instalada.<\/p>\n\n\n\n<p>En este proceso y mediante Ordenanza Provincial No. 002-HCPP-2010 de 14 de enero de 2010, se disuelve la compa\u00f1\u00eda Hidrotoapi S.A. y se constituye la empresa Hidrotoapi E.P. como sociedad de derecho p\u00fablico, dando inicio a un cambio importante dentro de la estructura y manejo de la empresa.&nbsp;<\/p>\n\n\n\n<p>En su camino para dar continuidad a la construcci\u00f3n de este importante Proyecto, a finales del a\u00f1o 2010, la Empresa P\u00fablica HIDROTOAPI EP, el 25 de octubre de 2010 suscribe el contrato con la Empresa Estatal de la Federaci\u00f3n de Rusia Sociedad An\u00f3nima Abierta INTER RAO UES, para la ejecuci\u00f3n de las Obras Electro e Hidromec\u00e1nicas del Proyecto, iniciando con su ejecuci\u00f3n el 21 de septiembre de 2011. De igual manera el 24 de diciembre de 2010, se suscribe el contrato con la Compa\u00f1\u00eda CHINA INTERNATIONAL WATER &amp; ELECTRIC CORP., para Construcci\u00f3n de las Obras Civiles del Proyecto Hidroel\u00e9ctrico Toachi-Pilat\u00f3n, iniciando su ejecuci\u00f3n el 26 de mayo de 2011.<\/p>\n\n\n\n<p>Despu\u00e9s de varios cambios jur\u00eddicos de la empresa encargada de ejecutar este proyecto emblem\u00e1tico, la Corporaci\u00f3n El\u00e9ctrica del Ecuador se fusiona por absorci\u00f3n con HIDROTOAPI EP y se crea la Unidad de Negocio Hidrotoapi de CELEC EP, en enero del 2012.Actualmente es una de las Megaconstrucciones que impulsa el estado para el cambio de la Matriz Energ\u00e9tica del pa\u00eds, su importancia se debe no s\u00f3lo por los 254,4 megavatios&nbsp;que aportar\u00e1 al Sistema Nacional Interconectado, sino por la ubicaci\u00f3n geogr\u00e1fica en la que se encuentra, y es de vital importancia para el sector el\u00e9ctrico ecuatoriano por su aporte de energ\u00eda en las \u00e9pocas de estiaje de la vertiente amaz\u00f3nica que es en donde se encuentran actualmente las mayores centrales hidroel\u00e9ctricas del pa\u00eds.<\/p>\n<\/div><\/details>\n<\/div>\n","protected":false},"excerpt":{"rendered":"","protected":false},"author":1,"featured_media":0,"parent":0,"menu_order":0,"comment_status":"closed","ping_status":"closed","template":"","meta":{"_acf_changed":false,"inline_featured_image":false,"_themeisle_gutenberg_block_has_review":false,"footnotes":""},"class_list":["post-12","page","type-page","status-publish","hentry"],"acf":[],"_links":{"self":[{"href":"https:\/\/www.celec.gob.ec\/hidrotoapi\/wp-json\/wp\/v2\/pages\/12","targetHints":{"allow":["GET"]}}],"collection":[{"href":"https:\/\/www.celec.gob.ec\/hidrotoapi\/wp-json\/wp\/v2\/pages"}],"about":[{"href":"https:\/\/www.celec.gob.ec\/hidrotoapi\/wp-json\/wp\/v2\/types\/page"}],"author":[{"embeddable":true,"href":"https:\/\/www.celec.gob.ec\/hidrotoapi\/wp-json\/wp\/v2\/users\/1"}],"replies":[{"embeddable":true,"href":"https:\/\/www.celec.gob.ec\/hidrotoapi\/wp-json\/wp\/v2\/comments?post=12"}],"version-history":[{"count":1,"href":"https:\/\/www.celec.gob.ec\/hidrotoapi\/wp-json\/wp\/v2\/pages\/12\/revisions"}],"predecessor-version":[{"id":13,"href":"https:\/\/www.celec.gob.ec\/hidrotoapi\/wp-json\/wp\/v2\/pages\/12\/revisions\/13"}],"wp:attachment":[{"href":"https:\/\/www.celec.gob.ec\/hidrotoapi\/wp-json\/wp\/v2\/media?parent=12"}],"curies":[{"name":"wp","href":"https:\/\/api.w.org\/{rel}","templated":true}]}}