{"id":19,"date":"2023-02-18T00:08:11","date_gmt":"2023-02-18T00:08:11","guid":{"rendered":"https:\/\/www.celec.gob.ec\/hidrotoapi\/?page_id=19"},"modified":"2023-02-18T00:11:13","modified_gmt":"2023-02-18T00:11:13","slug":"direccionamiento-estrategico","status":"publish","type":"page","link":"https:\/\/www.celec.gob.ec\/hidrotoapi\/direccionamiento-estrategico\/","title":{"rendered":"Direccionamiento Estrat\u00e9gico"},"content":{"rendered":"\n<h2 class=\"wp-block-heading\">MISI\u00d3N<\/h2>\n\n\n\n<p>Lideramos la TRANSICI\u00d3N ENERG\u00c9TICA mediante soluciones integrales de energ\u00eda, con innovaci\u00f3n y creaci\u00f3n de valor sostenible.<\/p>\n\n\n\n<h2 class=\"wp-block-heading\">VISI\u00d3N<\/h2>\n\n\n\n<p>Ser reconocida como la mejor empresa p\u00fablica del Ecuador, que genera bienestar a sus grupos de inter\u00e9s por su excelencia t\u00e9cnica, transparencia, fortaleza financiera, capital humano inspirado y continuo desarrollo de nuevos negocios.<\/p>\n\n\n\n<div style=\"height:31px\" aria-hidden=\"true\" class=\"wp-block-spacer\"><\/div>\n\n\n<div class=\"wp-block-image\">\n<figure class=\"aligncenter size-full\"><img loading=\"lazy\" decoding=\"async\" width=\"410\" height=\"161\" src=\"https:\/\/www.celec.gob.ec\/hidrotoapi\/wp-content\/uploads\/2023\/02\/vision.jpg\" alt=\"\" class=\"wp-image-20\" srcset=\"https:\/\/www.celec.gob.ec\/hidrotoapi\/wp-content\/uploads\/2023\/02\/vision.jpg 410w, https:\/\/www.celec.gob.ec\/hidrotoapi\/wp-content\/uploads\/2023\/02\/vision-300x118.jpg 300w\" sizes=\"auto, (max-width: 410px) 100vw, 410px\" \/><\/figure>\n<\/div>\n\n\n<div style=\"height:31px\" aria-hidden=\"true\" class=\"wp-block-spacer\"><\/div>\n\n\n\n<h2 class=\"wp-block-heading\">VALORES<\/h2>\n\n\n\n<div id=\"wp-block-themeisle-blocks-accordion-297e24e3\" class=\"wp-block-themeisle-blocks-accordion exclusive\">\n<details class=\"wp-block-themeisle-blocks-accordion-item\"><summary class=\"wp-block-themeisle-blocks-accordion-item__title\"><div>Gesti\u00f3n responsable y sostenible<\/div><\/summary><div class=\"wp-block-themeisle-blocks-accordion-item__content\">\n<p>CELEC EP considera de vital importancia promover un modelo de gesti\u00f3n empresarial, basado en la responsabilidad corporativa, el liderazgo y la sostenibilidad del negocio que perdure en el tiempo, que contemple decisiones empresariales, que fortalezca las relaciones con todos los actores, con una visi\u00f3n compartida, que permita apuntalar el cumplimiento de la normativa, el desarrollo humano, econ\u00f3mico y ambiental del entorno interno y externo.<\/p>\n<\/div><\/details>\n\n\n\n<details class=\"wp-block-themeisle-blocks-accordion-item\"><summary class=\"wp-block-themeisle-blocks-accordion-item__title\"><div>Integridad y transparencia<\/div><\/summary><div class=\"wp-block-themeisle-blocks-accordion-item__content\">\n<p>CELEC EP promueve entre sus servidores acciones y decisiones enmarcadas en la \u00e9tica y la conducta moral en todas sus actuaciones, coherentes con la estrategia corporativa, los valores, las necesidades y expectativas de los grupos de inter\u00e9s, dentro de una cultura de servicio e informaci\u00f3n transparente, y de cero tolerancia hacia la corrupci\u00f3n.<\/p>\n<\/div><\/details>\n\n\n\n<details class=\"wp-block-themeisle-blocks-accordion-item\"><summary class=\"wp-block-themeisle-blocks-accordion-item__title\"><div>Calidad y excelencia<\/div><\/summary><div class=\"wp-block-themeisle-blocks-accordion-item__content\">\n<p>Entregamos nuestro mayor esfuerzo para brindar servicios de calidad con calidez, adapt\u00e1ndonos continuamente a los cambios del entorno para cumplir con las necesidades de todos los actores y superar sus expectativas, mediante el fortalecimiento de una estructura flexible y eficiente, acorde con el buen uso y optimizaci\u00f3n de los recursos y las demandas actuales y futuras que promueven la mejora continua de nuestras competencias y procesos para lograr la excelencia empresarial.<\/p>\n<\/div><\/details>\n\n\n\n<details class=\"wp-block-themeisle-blocks-accordion-item\"><summary class=\"wp-block-themeisle-blocks-accordion-item__title\"><div>Compromiso<\/div><\/summary><div class=\"wp-block-themeisle-blocks-accordion-item__content\">\n<p>Cumplimos nuestras responsabilidades con actitud positiva y de compromiso hacia el trabajo por los dem\u00e1s, para alcanzar los objetivos y metas corporativas, a trav\u00e9s de unir esfuerzos y compartir las mejores pr\u00e1cticas aplicadas en los procesos de la cadena de valor, a fin de lograr los mejores resultados, conscientes de que el poder de nuestra inteligencia colectiva es superior a la magnitud de nuestros retos.<\/p>\n<\/div><\/details>\n\n\n\n<details class=\"wp-block-themeisle-blocks-accordion-item\"><summary class=\"wp-block-themeisle-blocks-accordion-item__title\"><div>Respeto<\/div><\/summary><div class=\"wp-block-themeisle-blocks-accordion-item__content\">\n<p>Fomentamos una cultura de equilibrio entre el ser humano y el trabajo, promoviendo una comunicaci\u00f3n eficiente y un trato amable, cordial y con calidez, hacia nuestra gente y socios estrat\u00e9gicos p\u00fablicos y privados. Reconocemos los derechos y la dignidad del otro, cumpliendo con las normas de seguridad y salud preventiva en pro del bienestar y desarrollo personal, profesional y laboral de nuestra gente.<\/p>\n<\/div><\/details>\n<\/div>\n","protected":false},"excerpt":{"rendered":"<p>MISI\u00d3N Lideramos la TRANSICI\u00d3N ENERG\u00c9TICA mediante soluciones integrales de energ\u00eda, con innovaci\u00f3n y creaci\u00f3n de valor sostenible. VISI\u00d3N Ser reconocida como la mejor empresa p\u00fablica del Ecuador, que genera bienestar a sus grupos de inter\u00e9s por su excelencia t\u00e9cnica, transparencia, fortaleza financiera, capital humano inspirado y continuo desarrollo de nuevos negocios. VALORES<\/p>\n","protected":false},"author":1,"featured_media":0,"parent":0,"menu_order":0,"comment_status":"closed","ping_status":"closed","template":"","meta":{"_acf_changed":false,"inline_featured_image":false,"_themeisle_gutenberg_block_has_review":false,"footnotes":""},"class_list":["post-19","page","type-page","status-publish","hentry"],"acf":[],"_links":{"self":[{"href":"https:\/\/www.celec.gob.ec\/hidrotoapi\/wp-json\/wp\/v2\/pages\/19","targetHints":{"allow":["GET"]}}],"collection":[{"href":"https:\/\/www.celec.gob.ec\/hidrotoapi\/wp-json\/wp\/v2\/pages"}],"about":[{"href":"https:\/\/www.celec.gob.ec\/hidrotoapi\/wp-json\/wp\/v2\/types\/page"}],"author":[{"embeddable":true,"href":"https:\/\/www.celec.gob.ec\/hidrotoapi\/wp-json\/wp\/v2\/users\/1"}],"replies":[{"embeddable":true,"href":"https:\/\/www.celec.gob.ec\/hidrotoapi\/wp-json\/wp\/v2\/comments?post=19"}],"version-history":[{"count":4,"href":"https:\/\/www.celec.gob.ec\/hidrotoapi\/wp-json\/wp\/v2\/pages\/19\/revisions"}],"predecessor-version":[{"id":24,"href":"https:\/\/www.celec.gob.ec\/hidrotoapi\/wp-json\/wp\/v2\/pages\/19\/revisions\/24"}],"wp:attachment":[{"href":"https:\/\/www.celec.gob.ec\/hidrotoapi\/wp-json\/wp\/v2\/media?parent=19"}],"curies":[{"name":"wp","href":"https:\/\/api.w.org\/{rel}","templated":true}]}}