{"id":22,"date":"2023-02-18T07:39:17","date_gmt":"2023-02-18T07:39:17","guid":{"rendered":"https:\/\/www.celec.gob.ec\/termoesmeraldas\/?page_id=22"},"modified":"2023-02-18T07:39:19","modified_gmt":"2023-02-18T07:39:19","slug":"resena-historica-celep-ep","status":"publish","type":"page","link":"https:\/\/www.celec.gob.ec\/termoesmeraldas\/resena-historica-celep-ep\/","title":{"rendered":"Rese\u00f1a Hist\u00f3rica CELEP EP"},"content":{"rendered":"\n<p><strong>UNIDAD DE NEGOCIO TERMOESME<\/strong><strong>RALDAS<\/strong><\/p>\n\n\n\n<p>En aplicaci\u00f3n a la Ley de R\u00e9gimen del Sector El\u00e9ctrico, el 17 de noviembre de 1998,el Instituto Ecuatoriano de Electrificaci\u00f3n, INECEL en proceso de liquidaci\u00f3n, resuelve constituir la Compa\u00f1\u00eda de Generaci\u00f3n Termoel\u00e9ctrica Esmeraldas.- Termoesmeraldas Sociedad An\u00f3nima, para asumir las actividades inherentes a la producci\u00f3n de energ\u00eda Termoel\u00e9ctrica de conformidad a la Ley Reformatoria de R\u00e9gimen del Sector El\u00e9ctrico que declara la liquidaci\u00f3n del Instituto Ecuatoriano de Electrificaci\u00f3n INECEL,. La Compa\u00f1\u00eda Termoesmeraldas S.A. fue constituida con escritura p\u00fablica celebrada el 16 de diciembre de 1998, ante el Notario P\u00fablico Vig\u00e9simo del Cant\u00f3n Quito, resoluci\u00f3n de la Superintendencia de Compa\u00f1\u00edas N\u00ba 98.1.1.1.03236 del 29 de diciembre de 1998 y registrada con el n\u00famero 01 en el Registro Mercantil del mismo cant\u00f3n, el 29 de enero de 1999. La empresa Termoesmeraldas S.A. inicia formalmente sus actividades comerciales a cargo de INECEL el 1 de agosto de 1982. Las actividades de producci\u00f3n de Termoesmeraldas se desarrollaron como uno de los objetivos de la pol\u00edtica energ\u00e9tica gubernamental y la informaci\u00f3n contable como sociedad an\u00f3nima se registra desde el 1 de abril de 1999 La actual Ley de R\u00e9gimen del Sector El\u00e9ctrico determina la segmentaci\u00f3n del sector en las actividades de generaci\u00f3n, transmisi\u00f3n y distribuci\u00f3n; y, comercializaci\u00f3n, a trav\u00e9s de Unidades de Negocio, constituidas en la Corporaci\u00f3n El\u00e9ctrica del Ecuador CELEC S.A. el 13 de enero de 2009, con escritura p\u00fablica, ante el Notario Decimo S\u00e9ptimo del Cant\u00f3n Quito.<\/p>\n\n\n\n<p>Seg\u00fan Decreto Ejecutivo No. 220, se cre\u00f3 la EMPRESA P\u00daBLICA ESTRAT\u00c9GICA CORPORACI\u00d3N EL\u00c9CTRICA DEL ECUADOR CELEC EP, conformada por Hidronaci\u00f3n y las empresas de CELEC EP generadoras:<\/p>\n\n\n\n<p>&nbsp;&nbsp;&nbsp;&nbsp;&nbsp;&nbsp;&nbsp;&nbsp;&nbsp;&nbsp; &#8211; Hidropaute<\/p>\n\n\n\n<p>&nbsp;&nbsp;&nbsp;&nbsp;&nbsp;&nbsp;&nbsp;&nbsp;&nbsp;&nbsp; &#8211; Hidroagoyan<\/p>\n\n\n\n<p>&nbsp;&nbsp;&nbsp;&nbsp;&nbsp;&nbsp;&nbsp;&nbsp;&nbsp;&nbsp; &#8211; Termopichincha<\/p>\n\n\n\n<p>&nbsp;&nbsp;&nbsp;&nbsp;&nbsp;&nbsp;&nbsp;&nbsp;&nbsp;&nbsp; &#8211; Electroguayas<\/p>\n\n\n\n<p>&nbsp;&nbsp;&nbsp;&nbsp;&nbsp;&nbsp;&nbsp;&nbsp;&nbsp;&nbsp; &#8211; Termoesmeraldas<\/p>\n\n\n\n<p>&nbsp;&nbsp;&nbsp;&nbsp;&nbsp;&nbsp;&nbsp;&nbsp;&nbsp;&nbsp; &#8211; Transmisora TRANSELECTRIC<\/p>\n","protected":false},"excerpt":{"rendered":"<p>UNIDAD DE NEGOCIO TERMOESMERALDAS En aplicaci\u00f3n a la Ley de R\u00e9gimen del Sector El\u00e9ctrico, el 17 de noviembre de 1998,el Instituto Ecuatoriano de Electrificaci\u00f3n, INECEL en proceso de liquidaci\u00f3n, resuelve constituir la Compa\u00f1\u00eda de Generaci\u00f3n Termoel\u00e9ctrica Esmeraldas.- Termoesmeraldas Sociedad An\u00f3nima, para asumir las actividades inherentes a la producci\u00f3n de energ\u00eda Termoel\u00e9ctrica de conformidad a la [&hellip;]<\/p>\n","protected":false},"author":1,"featured_media":0,"parent":0,"menu_order":0,"comment_status":"closed","ping_status":"closed","template":"","meta":{"_acf_changed":false,"inline_featured_image":false,"_themeisle_gutenberg_block_has_review":false,"footnotes":"","_links_to":"","_links_to_target":""},"class_list":["post-22","page","type-page","status-publish","hentry"],"acf":[],"_links":{"self":[{"href":"https:\/\/www.celec.gob.ec\/termoesmeraldas\/wp-json\/wp\/v2\/pages\/22","targetHints":{"allow":["GET"]}}],"collection":[{"href":"https:\/\/www.celec.gob.ec\/termoesmeraldas\/wp-json\/wp\/v2\/pages"}],"about":[{"href":"https:\/\/www.celec.gob.ec\/termoesmeraldas\/wp-json\/wp\/v2\/types\/page"}],"author":[{"embeddable":true,"href":"https:\/\/www.celec.gob.ec\/termoesmeraldas\/wp-json\/wp\/v2\/users\/1"}],"replies":[{"embeddable":true,"href":"https:\/\/www.celec.gob.ec\/termoesmeraldas\/wp-json\/wp\/v2\/comments?post=22"}],"version-history":[{"count":1,"href":"https:\/\/www.celec.gob.ec\/termoesmeraldas\/wp-json\/wp\/v2\/pages\/22\/revisions"}],"predecessor-version":[{"id":23,"href":"https:\/\/www.celec.gob.ec\/termoesmeraldas\/wp-json\/wp\/v2\/pages\/22\/revisions\/23"}],"wp:attachment":[{"href":"https:\/\/www.celec.gob.ec\/termoesmeraldas\/wp-json\/wp\/v2\/media?parent=22"}],"curies":[{"name":"wp","href":"https:\/\/api.w.org\/{rel}","templated":true}]}}