{"id":27,"date":"2023-02-18T07:40:32","date_gmt":"2023-02-18T07:40:32","guid":{"rendered":"https:\/\/www.celec.gob.ec\/termoesmeraldas\/?page_id=27"},"modified":"2023-02-18T07:40:34","modified_gmt":"2023-02-18T07:40:34","slug":"politicas","status":"publish","type":"page","link":"https:\/\/www.celec.gob.ec\/termoesmeraldas\/politicas\/","title":{"rendered":"Pol\u00edticas"},"content":{"rendered":"\n<p>Pol\u00edtica Integrada de Calidad y Ambiental.<\/p>\n\n\n\n<p>Alcanzar la satisfacci\u00f3n de nuestros clientes mediante la generaci\u00f3n y entrega confiable de Energ\u00eda El\u00e9ctrica; contribuyendo al cuidado y desarrollo sustentable del ambiente, a trav\u00e9s del mejoramiento continuo y eficacia de nuestros procesos, con personal compremetido y de elelvada competencia.<\/p>\n\n\n\n<p>Termoesmerldas cuenta con una s\u00f3lida forma de trabajo sustentada en las competencias adquiridas por sus empleados y que se manifiestan en los siguientes punto fuertes.<\/p>\n\n\n\n<p>Predisposici\u00f3n del personal al trabajo<br>Trabajo en equipo apegado al proceso<br>Capacidad de contrataci\u00f3n eventual de competencias especializadas<br>Conocimiento y experiencia en las tareas normales<br>Incremento continuo de competencias en planificaci\u00f3n y control por parte del Staff<br>Muy buena relaci\u00f3n con los fabricantes<\/p>\n","protected":false},"excerpt":{"rendered":"<p>Pol\u00edtica Integrada de Calidad y Ambiental. Alcanzar la satisfacci\u00f3n de nuestros clientes mediante la generaci\u00f3n y entrega confiable de Energ\u00eda El\u00e9ctrica; contribuyendo al cuidado y desarrollo sustentable del ambiente, a trav\u00e9s del mejoramiento continuo y eficacia de nuestros procesos, con personal compremetido y de elelvada competencia. Termoesmerldas cuenta con una s\u00f3lida forma de trabajo sustentada [&hellip;]<\/p>\n","protected":false},"author":1,"featured_media":0,"parent":0,"menu_order":0,"comment_status":"closed","ping_status":"closed","template":"","meta":{"_acf_changed":false,"inline_featured_image":false,"_themeisle_gutenberg_block_has_review":false,"footnotes":"","_links_to":"","_links_to_target":""},"class_list":["post-27","page","type-page","status-publish","hentry"],"acf":[],"_links":{"self":[{"href":"https:\/\/www.celec.gob.ec\/termoesmeraldas\/wp-json\/wp\/v2\/pages\/27","targetHints":{"allow":["GET"]}}],"collection":[{"href":"https:\/\/www.celec.gob.ec\/termoesmeraldas\/wp-json\/wp\/v2\/pages"}],"about":[{"href":"https:\/\/www.celec.gob.ec\/termoesmeraldas\/wp-json\/wp\/v2\/types\/page"}],"author":[{"embeddable":true,"href":"https:\/\/www.celec.gob.ec\/termoesmeraldas\/wp-json\/wp\/v2\/users\/1"}],"replies":[{"embeddable":true,"href":"https:\/\/www.celec.gob.ec\/termoesmeraldas\/wp-json\/wp\/v2\/comments?post=27"}],"version-history":[{"count":1,"href":"https:\/\/www.celec.gob.ec\/termoesmeraldas\/wp-json\/wp\/v2\/pages\/27\/revisions"}],"predecessor-version":[{"id":28,"href":"https:\/\/www.celec.gob.ec\/termoesmeraldas\/wp-json\/wp\/v2\/pages\/27\/revisions\/28"}],"wp:attachment":[{"href":"https:\/\/www.celec.gob.ec\/termoesmeraldas\/wp-json\/wp\/v2\/media?parent=27"}],"curies":[{"name":"wp","href":"https:\/\/api.w.org\/{rel}","templated":true}]}}