{"id":50,"date":"2023-02-18T11:09:19","date_gmt":"2023-02-18T11:09:19","guid":{"rendered":"https:\/\/www.celec.gob.ec\/termomanabi\/?post_type=informacion-tecnica&#038;p=50"},"modified":"2023-07-14T21:08:20","modified_gmt":"2023-07-14T21:08:20","slug":"central-pedernales","status":"publish","type":"informacion-tecnica","link":"https:\/\/www.celec.gob.ec\/termomanabi\/informacion-tecnica\/central-pedernales\/","title":{"rendered":"Central Pedernales"},"content":{"rendered":"\n<figure class=\"wp-block-image size-large\"><img loading=\"lazy\" decoding=\"async\" width=\"1024\" height=\"684\" src=\"https:\/\/www.celec.gob.ec\/termomanabi\/wp-content\/uploads\/2023\/07\/Pedernales--1024x684.jpg\" alt=\"\" class=\"wp-image-464\" srcset=\"https:\/\/www.celec.gob.ec\/termomanabi\/wp-content\/uploads\/2023\/07\/Pedernales--1024x684.jpg 1024w, https:\/\/www.celec.gob.ec\/termomanabi\/wp-content\/uploads\/2023\/07\/Pedernales--300x201.jpg 300w, https:\/\/www.celec.gob.ec\/termomanabi\/wp-content\/uploads\/2023\/07\/Pedernales--768x513.jpg 768w, https:\/\/www.celec.gob.ec\/termomanabi\/wp-content\/uploads\/2023\/07\/Pedernales--1536x1027.jpg 1536w, https:\/\/www.celec.gob.ec\/termomanabi\/wp-content\/uploads\/2023\/07\/Pedernales--2048x1369.jpg 2048w\" sizes=\"auto, (max-width: 1024px) 100vw, 1024px\" \/><\/figure>\n\n\n\n<p>La Central Pedernales se crea mediante convenio suscrito con la Empresa El\u00e9ctrica Manab\u00ed, EMELMANAB\u00cd, CELEC Unidad de Negocio TERMOPICHINCHA \u00a0para la construcci\u00f3n e instalaci\u00f3n de la planta.<\/p>\n\n\n\n<p>Esta central se asienta sobre un terreno de 2.066 m<sup>2<\/sup>\u00a0ubicado al norte del cant\u00f3n Pedernales, su zona de influencia est\u00e1 integrada por los barrios: 24 de Mayo y 25 de Diciembre.<\/p>\n\n\n\n<p>Inici\u00f3 su operaci\u00f3n comercial en septiembre de 2009 con la puesta en marcha de dos motores General Motors de 2.5 MW cada uno, teniendo una potencia nominal de 5 MW y una potencia efectiva de 4 MW, conect\u00e1ndose directamente al sistema de distribuci\u00f3n de CNEL Santo Domingo a trav\u00e9s de un transformador elevador de 4.16 Kv a 34.5Kv.<\/p>\n\n\n\n<p>El terremoto del 16 de abril de 2016 afect\u00f3 la Central Pedernales sufriendo serias afectaciones, las mismas fueron solventadas con nuestro personal para reanudar el abastecimiento de energ\u00eda el\u00e9ctrica.<\/p>\n\n\n\n<p>El r\u00e9cord de producci\u00f3n e esta central se registr\u00f3 en el mes de diciembre de 2016 con una generaci\u00f3n m\u00e1xima de energ\u00eda de 1.49 Gwh, seg\u00fan datos registrados y facturados por CENACE.<\/p>\n\n\n\n<div style=\"height:30px\" aria-hidden=\"true\" class=\"wp-block-spacer\"><\/div>\n\n\n\n<figure class=\"wp-block-image size-large\"><img loading=\"lazy\" decoding=\"async\" width=\"1024\" height=\"576\" src=\"https:\/\/www.celec.gob.ec\/termomanabi\/wp-content\/uploads\/2023\/02\/Produccion_Pedernales-1024x576.jpg\" alt=\"\" class=\"wp-image-51\" srcset=\"https:\/\/www.celec.gob.ec\/termomanabi\/wp-content\/uploads\/2023\/02\/Produccion_Pedernales-1024x576.jpg 1024w, https:\/\/www.celec.gob.ec\/termomanabi\/wp-content\/uploads\/2023\/02\/Produccion_Pedernales-300x169.jpg 300w, https:\/\/www.celec.gob.ec\/termomanabi\/wp-content\/uploads\/2023\/02\/Produccion_Pedernales-768x432.jpg 768w, https:\/\/www.celec.gob.ec\/termomanabi\/wp-content\/uploads\/2023\/02\/Produccion_Pedernales.jpg 1152w\" sizes=\"auto, (max-width: 1024px) 100vw, 1024px\" \/><\/figure>\n","protected":false},"excerpt":{"rendered":"<p>La Central Pedernales se crea mediante convenio suscrito con la Empresa El\u00e9ctrica Manab\u00ed, EMELMANAB\u00cd, CELEC Unidad de Negocio TERMOPICHINCHA \u00a0para la construcci\u00f3n e instalaci\u00f3n de la planta. Esta central se asienta sobre un terreno de 2.066 m2\u00a0ubicado al norte del cant\u00f3n Pedernales, su zona de influencia est\u00e1 integrada por los barrios: 24 de Mayo y [&hellip;]<\/p>\n","protected":false},"author":1,"featured_media":0,"template":"","meta":{"_acf_changed":false,"inline_featured_image":false,"_themeisle_gutenberg_block_has_review":false},"class_list":["post-50","informacion-tecnica","type-informacion-tecnica","status-publish","hentry"],"acf":[],"_links":{"self":[{"href":"https:\/\/www.celec.gob.ec\/termomanabi\/wp-json\/wp\/v2\/informacion-tecnica\/50","targetHints":{"allow":["GET"]}}],"collection":[{"href":"https:\/\/www.celec.gob.ec\/termomanabi\/wp-json\/wp\/v2\/informacion-tecnica"}],"about":[{"href":"https:\/\/www.celec.gob.ec\/termomanabi\/wp-json\/wp\/v2\/types\/informacion-tecnica"}],"author":[{"embeddable":true,"href":"https:\/\/www.celec.gob.ec\/termomanabi\/wp-json\/wp\/v2\/users\/1"}],"wp:attachment":[{"href":"https:\/\/www.celec.gob.ec\/termomanabi\/wp-json\/wp\/v2\/media?parent=50"}],"curies":[{"name":"wp","href":"https:\/\/api.w.org\/{rel}","templated":true}]}}

<figure class="wp-block-image size-large"><img loading="lazy" decoding="async" width="1024" height="684" src="https://www.celec.gob.ec/termomanabi/wp-content/uploads/2023/07/Pedernales--1024x684.jpg" alt="" class="wp-image-464" srcset="https://www.celec.gob.ec/termomanabi/wp-content/uploads/2023/07/Pedernales--1024x684.jpg 1024w, https://www.celec.gob.ec/termomanabi/wp-content/uploads/2023/07/Pedernales--300x201.jpg 300w, https://www.celec.gob.ec/termomanabi/wp-content/uploads/2023/07/Pedernales--768x513.jpg 768w, https://www.celec.gob.ec/termomanabi/wp-content/uploads/2023/07/Pedernales--1536x1027.jpg 1536w, https://www.celec.gob.ec/termomanabi/wp-content/uploads/2023/07/Pedernales--2048x1369.jpg 2048w" sizes="auto, (max-width: 1024px) 100vw, 1024px" /></figure>



<p>La Central Pedernales se crea mediante convenio suscrito con la Empresa Eléctrica Manabí, EMELMANABÍ, CELEC Unidad de Negocio TERMOPICHINCHA  para la construcción e instalación de la planta.</p>



<p>Esta central se asienta sobre un terreno de 2.066 m<sup>2</sup> ubicado al norte del cantón Pedernales, su zona de influencia está integrada por los barrios: 24 de Mayo y 25 de Diciembre.</p>



<p>Inició su operación comercial en septiembre de 2009 con la puesta en marcha de dos motores General Motors de 2.5 MW cada uno, teniendo una potencia nominal de 5 MW y una potencia efectiva de 4 MW, conectándose directamente al sistema de distribución de CNEL Santo Domingo a través de un transformador elevador de 4.16 Kv a 34.5Kv.</p>



<p>El terremoto del 16 de abril de 2016 afectó la Central Pedernales sufriendo serias afectaciones, las mismas fueron solventadas con nuestro personal para reanudar el abastecimiento de energía eléctrica.</p>



<p>El récord de producción e esta central se registró en el mes de diciembre de 2016 con una generación máxima de energía de 1.49 Gwh, según datos registrados y facturados por CENACE.</p>



<div style="height:30px" aria-hidden="true" class="wp-block-spacer"></div>



<figure class="wp-block-image size-large"><img loading="lazy" decoding="async" width="1024" height="576" src="https://www.celec.gob.ec/termomanabi/wp-content/uploads/2023/02/Produccion_Pedernales-1024x576.jpg" alt="" class="wp-image-51" srcset="https://www.celec.gob.ec/termomanabi/wp-content/uploads/2023/02/Produccion_Pedernales-1024x576.jpg 1024w, https://www.celec.gob.ec/termomanabi/wp-content/uploads/2023/02/Produccion_Pedernales-300x169.jpg 300w, https://www.celec.gob.ec/termomanabi/wp-content/uploads/2023/02/Produccion_Pedernales-768x432.jpg 768w, https://www.celec.gob.ec/termomanabi/wp-content/uploads/2023/02/Produccion_Pedernales.jpg 1152w" sizes="auto, (max-width: 1024px) 100vw, 1024px" /></figure>

<p>La Central Pedernales se crea mediante convenio suscrito con la Empresa Eléctrica Manabí, EMELMANABÍ, CELEC Unidad de Negocio TERMOPICHINCHA  para la construcción e instalación de la planta. Esta central se asienta sobre un terreno de 2.066 m2 ubicado al norte del cantón Pedernales, su zona de influencia está integrada por los barrios: 24 de Mayo y [&hellip;]</p>
