{"id":23,"date":"2023-02-18T10:56:18","date_gmt":"2023-02-18T10:56:18","guid":{"rendered":"https:\/\/www.celec.gob.ec\/termomanabi\/?page_id=23"},"modified":"2023-02-18T10:56:19","modified_gmt":"2023-02-18T10:56:19","slug":"resena-historica","status":"publish","type":"page","link":"https:\/\/www.celec.gob.ec\/termomanabi\/resena-historica\/","title":{"rendered":"Rese\u00f1a Hist\u00f3rica"},"content":{"rendered":"\n<p>La Unidad de Negocio TERMOMANAB\u00cd fue creada mediante Resoluci\u00f3n No. CEL-RES-0170-17, de 4 de diciembre de 2017, como \u00e1rea administrativa-operativa de la Empresa P\u00fablica Estrat\u00e9gica CORPORACI\u00d3N EL\u00c9CTRICA DEL ECUADOR CELEC EP para la administraci\u00f3n, operaci\u00f3n y mantenimiento de las centrales de generaci\u00f3n Jaramij\u00f3, Manta II y Miraflores.<\/p>\n\n\n\n<p>De igual forma, mediante Resoluci\u00f3n No. CEL-RES-0089-18, de 05 de enero de 2018, se dispuso a la Unidad de Negocio TERMOESMERALDAS el traspaso de la administraci\u00f3n de la Central T\u00e9rmica Pedernales a la Unidad de Negocio TERMOMANAB\u00cd.<\/p>\n\n\n\n<p>La creaci\u00f3n de la Unidad de Negocio TERMOMANAB\u00cd responde a la necesidad de desarrollar actividades de manera descentralizada y desconcentrada y, asimismo, se convierte en un hito importante en la Provincia de Manab\u00ed pues contribuye al fortalecimiento de la confiabilidad y disponibilidad del sistema de generaci\u00f3n de energ\u00eda en la Provincia.<\/p>\n\n\n\n<p>Actualmente, la Unidad de Negocio cuenta con 5 centrales de generaci\u00f3n, 4 con tecnolog\u00eda de motor de combusti\u00f3n interna y 1 turbina a gas que en la actualidad funciona con diesel.<\/p>\n","protected":false},"excerpt":{"rendered":"<p>La Unidad de Negocio TERMOMANAB\u00cd fue creada mediante Resoluci\u00f3n No. CEL-RES-0170-17, de 4 de diciembre de 2017, como \u00e1rea administrativa-operativa de la Empresa P\u00fablica Estrat\u00e9gica CORPORACI\u00d3N EL\u00c9CTRICA DEL ECUADOR CELEC EP para la administraci\u00f3n, operaci\u00f3n y mantenimiento de las centrales de generaci\u00f3n Jaramij\u00f3, Manta II y Miraflores. De igual forma, mediante Resoluci\u00f3n No. CEL-RES-0089-18, de [&hellip;]<\/p>\n","protected":false},"author":1,"featured_media":0,"parent":0,"menu_order":0,"comment_status":"closed","ping_status":"closed","template":"","meta":{"_acf_changed":false,"inline_featured_image":false,"_themeisle_gutenberg_block_has_review":false,"footnotes":""},"categories":[],"tags":[],"class_list":["post-23","page","type-page","status-publish","hentry"],"acf":[],"_links":{"self":[{"href":"https:\/\/www.celec.gob.ec\/termomanabi\/wp-json\/wp\/v2\/pages\/23","targetHints":{"allow":["GET"]}}],"collection":[{"href":"https:\/\/www.celec.gob.ec\/termomanabi\/wp-json\/wp\/v2\/pages"}],"about":[{"href":"https:\/\/www.celec.gob.ec\/termomanabi\/wp-json\/wp\/v2\/types\/page"}],"author":[{"embeddable":true,"href":"https:\/\/www.celec.gob.ec\/termomanabi\/wp-json\/wp\/v2\/users\/1"}],"replies":[{"embeddable":true,"href":"https:\/\/www.celec.gob.ec\/termomanabi\/wp-json\/wp\/v2\/comments?post=23"}],"version-history":[{"count":1,"href":"https:\/\/www.celec.gob.ec\/termomanabi\/wp-json\/wp\/v2\/pages\/23\/revisions"}],"predecessor-version":[{"id":24,"href":"https:\/\/www.celec.gob.ec\/termomanabi\/wp-json\/wp\/v2\/pages\/23\/revisions\/24"}],"wp:attachment":[{"href":"https:\/\/www.celec.gob.ec\/termomanabi\/wp-json\/wp\/v2\/media?parent=23"}],"wp:term":[{"taxonomy":"category","embeddable":true,"href":"https:\/\/www.celec.gob.ec\/termomanabi\/wp-json\/wp\/v2\/categories?post=23"},{"taxonomy":"post_tag","embeddable":true,"href":"https:\/\/www.celec.gob.ec\/termomanabi\/wp-json\/wp\/v2\/tags?post=23"}],"curies":[{"name":"wp","href":"https:\/\/api.w.org\/{rel}","templated":true}]}}

Reseña Histórica

<p>La Unidad de Negocio TERMOMANABÍ fue creada mediante Resolución No. CEL-RES-0170-17, de 4 de diciembre de 2017, como área administrativa-operativa de la Empresa Pública Estratégica CORPORACIÓN ELÉCTRICA DEL ECUADOR CELEC EP para la administración, operación y mantenimiento de las centrales de generación Jaramijó, Manta II y Miraflores.</p>



<p>De igual forma, mediante Resolución No. CEL-RES-0089-18, de 05 de enero de 2018, se dispuso a la Unidad de Negocio TERMOESMERALDAS el traspaso de la administración de la Central Térmica Pedernales a la Unidad de Negocio TERMOMANABÍ.</p>



<p>La creación de la Unidad de Negocio TERMOMANABÍ responde a la necesidad de desarrollar actividades de manera descentralizada y desconcentrada y, asimismo, se convierte en un hito importante en la Provincia de Manabí pues contribuye al fortalecimiento de la confiabilidad y disponibilidad del sistema de generación de energía en la Provincia.</p>



<p>Actualmente, la Unidad de Negocio cuenta con 5 centrales de generación, 4 con tecnología de motor de combustión interna y 1 turbina a gas que en la actualidad funciona con diesel.</p>

<p>La Unidad de Negocio TERMOMANABÍ fue creada mediante Resolución No. CEL-RES-0170-17, de 4 de diciembre de 2017, como área administrativa-operativa de la Empresa Pública Estratégica CORPORACIÓN ELÉCTRICA DEL ECUADOR CELEC EP para la administración, operación y mantenimiento de las centrales de generación Jaramijó, Manta II y Miraflores. De igual forma, mediante Resolución No. CEL-RES-0089-18, de [&hellip;]</p>
