{"id":30,"date":"2023-02-18T11:00:07","date_gmt":"2023-02-18T11:00:07","guid":{"rendered":"https:\/\/www.celec.gob.ec\/termomanabi\/?page_id=30"},"modified":"2023-08-04T16:44:52","modified_gmt":"2023-08-04T16:44:52","slug":"direccionamiento-estrategico","status":"publish","type":"page","link":"https:\/\/www.celec.gob.ec\/termomanabi\/direccionamiento-estrategico\/","title":{"rendered":"Misi\u00f3n y Visi\u00f3n"},"content":{"rendered":"\n<p><strong>Esta es nuestra raz\u00f3n de ser y solo juntos podremos lograrlos.<\/strong><\/p>\n\n\n\n<p>                                                                                                     <strong><em>Caminamos para cumplir nuestra MISI\u00d3N<\/em><\/strong><\/p>\n\n\n\n<h2 class=\"wp-block-heading\">MISI\u00d3N<\/h2>\n\n\n\n<p>Lideramos la transici\u00f3n energ\u00e9tica mediante soluciones integrales de energ\u00eda, con innovaci\u00f3n y creaci\u00f3n de valor sostenible.<\/p>\n\n\n\n<div style=\"height:31px\" aria-hidden=\"true\" class=\"wp-block-spacer\"><\/div>\n\n\n\n<h2 class=\"wp-block-heading\">VISI\u00d3N<\/h2>\n\n\n\n<p>Ser reconocida como la mejor empresa p\u00fablica del Ecuador, que genera bienestar a sus grupos de inter\u00e9s por su excelencia t\u00e9cnica, transparencia, fortaleza financiera, capital humano inspirado y continuo desarrollo de nuevos negocios.<br><\/p>\n\n\n\n<div style=\"height:31px\" aria-hidden=\"true\" class=\"wp-block-spacer\"><\/div>\n\n\n<div class=\"wp-block-image\">\n<figure class=\"aligncenter size-large\"><img loading=\"lazy\" decoding=\"async\" width=\"1024\" height=\"683\" src=\"https:\/\/www.celec.gob.ec\/termomanabi\/wp-content\/uploads\/2023\/08\/Jaramijo-CTM-1024x683.jpg\" alt=\"\" class=\"wp-image-468\" srcset=\"https:\/\/www.celec.gob.ec\/termomanabi\/wp-content\/uploads\/2023\/08\/Jaramijo-CTM-1024x683.jpg 1024w, https:\/\/www.celec.gob.ec\/termomanabi\/wp-content\/uploads\/2023\/08\/Jaramijo-CTM-300x200.jpg 300w, https:\/\/www.celec.gob.ec\/termomanabi\/wp-content\/uploads\/2023\/08\/Jaramijo-CTM-768x512.jpg 768w, https:\/\/www.celec.gob.ec\/termomanabi\/wp-content\/uploads\/2023\/08\/Jaramijo-CTM-1536x1025.jpg 1536w, https:\/\/www.celec.gob.ec\/termomanabi\/wp-content\/uploads\/2023\/08\/Jaramijo-CTM-2048x1367.jpg 2048w\" sizes=\"auto, (max-width: 1024px) 100vw, 1024px\" \/><\/figure>\n<\/div>\n\n\n<h2 class=\"wp-block-heading\">VALORES<\/h2>\n\n\n\n<p><strong>Valores<\/strong><\/p>\n\n\n\n<p>Compromiso,<\/p>\n\n\n\n<p>Transparencia,<\/p>\n\n\n\n<p>Trabajo en equipo,<\/p>\n\n\n\n<p>Integridad<\/p>\n\n\n\n<p>Respeto,<\/p>\n\n\n\n<p>Responsabilidad,<\/p>\n\n\n\n<p>Profesionalismo,<\/p>\n\n\n\n<p>Pasi\u00f3n por la Excelencia,<\/p>\n\n\n\n<p>Proactividad,<\/p>\n\n\n\n<p>Orientaci\u00f3n a Resultados.<\/p>\n","protected":false},"excerpt":{"rendered":"<p>Esta es nuestra raz\u00f3n de ser y solo juntos podremos lograrlos. Caminamos para cumplir nuestra MISI\u00d3N MISI\u00d3N Lideramos la transici\u00f3n energ\u00e9tica mediante soluciones integrales de energ\u00eda, con innovaci\u00f3n y creaci\u00f3n de valor sostenible. VISI\u00d3N Ser reconocida como la mejor empresa p\u00fablica del Ecuador, que genera bienestar a sus grupos de inter\u00e9s por su excelencia t\u00e9cnica, [&hellip;]<\/p>\n","protected":false},"author":1,"featured_media":0,"parent":0,"menu_order":0,"comment_status":"closed","ping_status":"closed","template":"","meta":{"_acf_changed":false,"inline_featured_image":false,"_themeisle_gutenberg_block_has_review":false,"footnotes":""},"categories":[],"tags":[],"class_list":["post-30","page","type-page","status-publish","hentry"],"acf":[],"_links":{"self":[{"href":"https:\/\/www.celec.gob.ec\/termomanabi\/wp-json\/wp\/v2\/pages\/30","targetHints":{"allow":["GET"]}}],"collection":[{"href":"https:\/\/www.celec.gob.ec\/termomanabi\/wp-json\/wp\/v2\/pages"}],"about":[{"href":"https:\/\/www.celec.gob.ec\/termomanabi\/wp-json\/wp\/v2\/types\/page"}],"author":[{"embeddable":true,"href":"https:\/\/www.celec.gob.ec\/termomanabi\/wp-json\/wp\/v2\/users\/1"}],"replies":[{"embeddable":true,"href":"https:\/\/www.celec.gob.ec\/termomanabi\/wp-json\/wp\/v2\/comments?post=30"}],"version-history":[{"count":2,"href":"https:\/\/www.celec.gob.ec\/termomanabi\/wp-json\/wp\/v2\/pages\/30\/revisions"}],"predecessor-version":[{"id":469,"href":"https:\/\/www.celec.gob.ec\/termomanabi\/wp-json\/wp\/v2\/pages\/30\/revisions\/469"}],"wp:attachment":[{"href":"https:\/\/www.celec.gob.ec\/termomanabi\/wp-json\/wp\/v2\/media?parent=30"}],"wp:term":[{"taxonomy":"category","embeddable":true,"href":"https:\/\/www.celec.gob.ec\/termomanabi\/wp-json\/wp\/v2\/categories?post=30"},{"taxonomy":"post_tag","embeddable":true,"href":"https:\/\/www.celec.gob.ec\/termomanabi\/wp-json\/wp\/v2\/tags?post=30"}],"curies":[{"name":"wp","href":"https:\/\/api.w.org\/{rel}","templated":true}]}}