{"id":221,"date":"2023-02-18T18:14:16","date_gmt":"2023-02-18T18:14:16","guid":{"rendered":"https:\/\/www.celec.gob.ec\/termopichincha\/?page_id=221"},"modified":"2024-06-06T18:13:55","modified_gmt":"2024-06-06T18:13:55","slug":"bolsa-de-trabajo","status":"publish","type":"page","link":"https:\/\/www.celec.gob.ec\/termopichincha\/bolsa-de-trabajo\/","title":{"rendered":"Bolsa de trabajo"},"content":{"rendered":"\n<p><\/p>\n\n\n\n<p>CONVOCATORIA PROCESO DE SELECCI\u00d3N SIMPLE &#8211; VARIOS CARGOS CELEC EP TERMOPICHINCHA &#8211; CENTRAL GUANGOPOLO Y SANTA ROSA<\/p>\n\n\n\n<p>Los aspirantes que cumpla con los requisitos, deber\u00e1n remitir su hoja de vida actualizada, adjuntando los documentos que acrediten en un solo archivo en archivo PDF&nbsp; deber\u00e1n remitir su hoja de vida actualizada, adjuntando los documentos que acrediten su formaci\u00f3n profesional y experiencia, t\u00edtulo universitario, certificados laborales y respaldos de hoja de vida, en un solo documento desde las 13:00 del d\u00eda jueves 6 de junio de 2024 hasta las 14:00 hasta el d\u00eda viernes 7 de junio de 2024 , al correo electr\u00f3nico <a href=\"mailto:jennyffer.rodriguez@celec.gob.ec\">tpi.talentohumano@celec.gob.ec<\/a> indicando en el asunto el cargo al que est\u00e1n postulando, siendo para el presente <strong>\u201c<\/strong><strong>PSS-TPI-<\/strong><strong>2024<\/strong><strong>&#8211;<\/strong><strong>008<\/strong><strong>\u201d<\/strong>&nbsp;<\/p>\n\n\n\n<p><strong>Requerimiento:<\/strong><\/p>\n\n\n\n<p><strong>Cargo: <\/strong>Especialista de Talento Humano<\/p>\n\n\n\n<p><strong>Vacantes:<\/strong> 1<\/p>\n\n\n\n<p><strong>Tipo de Contrataci\u00f3n:<\/strong> Nombramiento Provisional.<\/p>\n\n\n\n<p><strong>Sueldo:<\/strong> $1.350,00<\/p>\n\n\n\n<p><strong>Formaci\u00f3n Acad\u00e9mica:<\/strong> Tercer Nivel de Grado: Licenciatura y t\u00edtulos profesionales,&nbsp; M\u00ednimo 8 semestres, Administraci\u00f3n de Empresas, Comercial, Contabilidad y Auditor\u00eda, Psicolog\u00eda Industrial, Psicolog\u00eda Organizacional o carreras afines en funci\u00f3n de la formaci\u00f3n.<\/p>\n\n\n\n<p><strong>Experiencia:<\/strong> 3 a\u00f1os en cargos similares \u00f3 4 En cargos de Asistentes, relacionadas con el \u00e1rea.<\/p>\n\n\n\n<p><strong>Departamento de Talento Humano<\/strong><\/p>\n\n\n\n<p><strong>Subgerencia Administrativa<\/strong><\/p>\n\n\n\n<p><\/p>\n\n\n\n<p>CONVOCATORIA PROCESO DE SELECCI\u00d3N SIMPLE &#8211; ASISTENTE DE BODEGA E INVENTARIOS<\/p>\n\n\n\n<p> CENTRAL PUN\u00c1<\/p>\n\n\n\n<p>Los aspirantes que cumpla con los requisitos, deber\u00e1n remitir su hoja de vida actualizada, adjuntando los documentos que acrediten su formaci\u00f3n profesional y experiencia, en formato PDF UN SOLO ARCHIVO, desde el jueves 15 de junio desde las 14:00, hasta el d\u00eda viernes 16 de junio 2023 hasta las 15:00, al correo electr\u00f3nico maria.carrera@celec.gob.ec indicando en el C\u00f3digo del cargo al que est\u00e1n postulando, siendo para el presente \u201cPSS-TPI-022-2023&#8243; las postulaciones que se reciban fuera del horario establecido no ser\u00e1n consideradas.<\/p>\n\n\n\n<p>Requerimiento:<\/p>\n\n\n\n<p>Cargo: Asistente de Bodega e inventarios<\/p>\n\n\n\n<p>Vacantes: 1<\/p>\n\n\n\n<p>Tipo de Contrataci\u00f3n: Nombramiento Provisional<\/p>\n\n\n\n<p>Sueldo: $1.170,00<\/p>\n\n\n\n<p>Formaci\u00f3n Acad\u00e9mica: Tercer Nivel Tecnol\u00f3gico: Tecnol\u00f3gico Superior \u00f3 m\u00e1s de 2 a\u00f1os en t\u00edtulo de Tercer Nivel de Grado, M\u00ednimo 4 semestres, Administraci\u00f3n de Empresas, Contabilidad, Comercial, o Industrial; o carreras afines en funci\u00f3n de la formaci\u00f3n<\/p>\n\n\n\n<p>Experiencia: 2 a\u00f1os en cargos similares \u00f3 3 a\u00f1os en cargos de Ayudante \/ Auxiliar relacionadas con el \u00e1rea.<\/p>\n\n\n\n<p>Departamento de Talento Humano<\/p>\n\n\n\n<p>Subgerencia Administrativa <\/p>\n\n\n\n<p><\/p>\n\n\n\n<p>_________________________________________________________________________________________________________<\/p>\n\n\n\n<p>CONVOCATORIA PROCESO DE SELECCI\u00d3N SIMPLE &#8211; ESPECIALISTA DE PROYECTOS CENTRAL GUANGOPOLO<\/p>\n\n\n\n<p>Los aspirantes que cumpla con los requisitos, deber\u00e1n remitir su hoja de vida actualizada, adjuntando los documentos que acrediten su formaci\u00f3n profesional y experiencia, en formato <strong>PDF UN SOLO ARCHIVO<\/strong>, desde el jueves 15 de junio desde las 14:00, hasta el d\u00eda viernes 16 de junio 2023 hasta las 15:00, al correo electr\u00f3nico maria.carrera@celec.gob.ec indicando en el Codigo del cargo al que est\u00e1n postulando, siendo para el presente \u201c<strong>PSS-TPI-023-2023<\/strong>\u00ab<strong>Requerimiento:<\/strong><\/p>\n\n\n\n<p><strong>Cargo: <\/strong><strong>ESPECIALISTA DE PROYECTOS<\/strong><\/p>\n\n\n\n<p><strong>Vacantes:<\/strong> 1<\/p>\n\n\n\n<p><strong>Tipo de Contrataci\u00f3n:<\/strong> Nombramiento Provisional<\/p>\n\n\n\n<p><strong>Sueldo:<\/strong> $2.025,00<\/p>\n\n\n\n<p><strong>Formaci\u00f3n Acad\u00e9mica:<\/strong> Tercer nivel de Grado Licenciatura y t\u00edtulos profesionales M\u00ednimo 8 semestres Ingenier\u00eda El\u00e9ctrica, Electr\u00f3nica, Mec\u00e1nica; o carreras afines en funci\u00f3n de la formaci\u00f3n.<\/p>\n\n\n\n<p><strong>Experiencia:<\/strong> 3 a\u00f1os en cargos similares \u00f3 4 a\u00f1os en cargos de Asistente relacionadas con el \u00e1rea.<\/p>\n\n\n\n<p><strong>Departamento de Talento Humano<\/strong><\/p>\n\n\n\n<p><strong>Subgerencia Administrativa<\/strong><\/p>\n","protected":false},"excerpt":{"rendered":"<p>CONVOCATORIA PROCESO DE SELECCI\u00d3N SIMPLE &#8211; VARIOS CARGOS CELEC EP TERMOPICHINCHA &#8211; CENTRAL GUANGOPOLO Y SANTA ROSA Los aspirantes que cumpla con los requisitos, deber\u00e1n remitir su hoja de vida actualizada, adjuntando los documentos que acrediten en un solo archivo en archivo PDF&nbsp; deber\u00e1n remitir su hoja de vida actualizada, adjuntando los documentos que acrediten [&hellip;]<\/p>\n","protected":false},"author":1,"featured_media":0,"parent":0,"menu_order":0,"comment_status":"closed","ping_status":"closed","template":"","meta":{"_acf_changed":false,"inline_featured_image":false,"_themeisle_gutenberg_block_has_review":false,"footnotes":""},"class_list":["post-221","page","type-page","status-publish","hentry"],"acf":[],"_links":{"self":[{"href":"https:\/\/www.celec.gob.ec\/termopichincha\/wp-json\/wp\/v2\/pages\/221","targetHints":{"allow":["GET"]}}],"collection":[{"href":"https:\/\/www.celec.gob.ec\/termopichincha\/wp-json\/wp\/v2\/pages"}],"about":[{"href":"https:\/\/www.celec.gob.ec\/termopichincha\/wp-json\/wp\/v2\/types\/page"}],"author":[{"embeddable":true,"href":"https:\/\/www.celec.gob.ec\/termopichincha\/wp-json\/wp\/v2\/users\/1"}],"replies":[{"embeddable":true,"href":"https:\/\/www.celec.gob.ec\/termopichincha\/wp-json\/wp\/v2\/comments?post=221"}],"version-history":[{"count":4,"href":"https:\/\/www.celec.gob.ec\/termopichincha\/wp-json\/wp\/v2\/pages\/221\/revisions"}],"predecessor-version":[{"id":1291,"href":"https:\/\/www.celec.gob.ec\/termopichincha\/wp-json\/wp\/v2\/pages\/221\/revisions\/1291"}],"wp:attachment":[{"href":"https:\/\/www.celec.gob.ec\/termopichincha\/wp-json\/wp\/v2\/media?parent=221"}],"curies":[{"name":"wp","href":"https:\/\/api.w.org\/{rel}","templated":true}]}}