{"id":10043,"date":"2025-06-18T11:18:06","date_gmt":"2025-06-18T16:18:06","guid":{"rendered":"https:\/\/www.celec.gob.ec\/transelectric\/?page_id=10043"},"modified":"2025-12-30T20:26:03","modified_gmt":"2025-12-31T01:26:03","slug":"anuncio-de-licitacion-programa-de-reforzamiento-del-snt-para-el-sector-acuicola","status":"publish","type":"page","link":"https:\/\/www.celec.gob.ec\/transelectric\/anuncio-de-licitacion-programa-de-reforzamiento-del-snt-para-el-sector-acuicola\/","title":{"rendered":"Anuncio de Licitaci\u00f3n: Programa de Reforzamiento del SNT para el sector Acu\u00edcola"},"content":{"rendered":"\n<p><a href=\"https:\/\/www.celec.gob.ec\/transelectric\/wp-content\/uploads\/2025\/12\/CELEC-EP-LICO-CELECEP-2025-07150-ARTE-14-X-25-CM-CAF.pdf\" data-type=\"link\" data-id=\"https:\/\/www.celec.gob.ec\/transelectric\/wp-content\/uploads\/2025\/12\/CELEC-EP-LICO-CELECEP-2025-07150-ARTE-14-X-25-CM-CAF.pdf\">LICO-CELECEP-2025-07150 &#8211;&nbsp;TRA CONSTRUCCI\u00d3N EL\u00c9CTRICA QUE INCLUYE OBRAS CIVILES, MONTAJE ELECTROMEC\u00c1NICO, EQUIPAMIENTO, MATERIALES, PRUEBAS, PUESTA EN SERVICIO Y SERVICIOS COMPLEMENTARIOS PARA AMPLIACI\u00d3N DE 1 BAH\u00cdA DE L\u00cdNEA 138 KV DE LA SUBESTACI\u00d3N ESMERALDAS Y SISTEMA DE TRANSMISI\u00d3N PALESTINA COLIMES 230\/69 KV.<\/a><\/p>\n\n\n\n<p><a href=\"https:\/\/www.celec.gob.ec\/transelectric\/wp-content\/uploads\/2025\/12\/LICO-CELECEP-2025-07152-ARTE-14-X-25-CM-CAFLINK-VF-1-1.pdf\" data-type=\"link\" data-id=\"https:\/\/www.celec.gob.ec\/transelectric\/wp-content\/uploads\/2025\/12\/LICO-CELECEP-2025-07152-ARTE-14-X-25-CM-CAFLINK-VF-1-1.pdf\">LICO-CELECEP-2025-07152 &#8211; TRA CONSTRUCCI\u00d3N EL\u00c9CTRICA QUE INCLUYE OBRAS CIVILES, MONTAJE ELECTROMEC\u00c1NICO, EQUIPAMIENTO, MATERIALES, PRUEBAS, PUESTA EN SERVICIO Y SERVICIOS COMPLEMENTARIOS PARA EL SISTEMA DE TRANSMISI\u00d3N PUERTO INCA 138\/69 kV Y AMPLIACI\u00d3N DE LA SUBESTACI\u00d3N SAN IDELFONSO A 230\/138 kV 225 MVA<\/a><\/p>\n","protected":false},"excerpt":{"rendered":"<p>LICO-CELECEP-2025-07150 &#8211;&nbsp;TRA CONSTRUCCI\u00d3N EL\u00c9CTRICA QUE INCLUYE OBRAS CIVILES, MONTAJE ELECTROMEC\u00c1NICO, EQUIPAMIENTO, MATERIALES, PRUEBAS, PUESTA EN SERVICIO Y SERVICIOS COMPLEMENTARIOS PARA AMPLIACI\u00d3N DE 1 BAH\u00cdA DE L\u00cdNEA 138 KV DE LA SUBESTACI\u00d3N ESMERALDAS Y SISTEMA DE TRANSMISI\u00d3N PALESTINA COLIMES 230\/69 KV. LICO-CELECEP-2025-07152 &#8211; TRA CONSTRUCCI\u00d3N EL\u00c9CTRICA QUE INCLUYE OBRAS CIVILES, MONTAJE ELECTROMEC\u00c1NICO, EQUIPAMIENTO, MATERIALES, PRUEBAS, PUESTA [&hellip;]<\/p>\n","protected":false},"author":3,"featured_media":0,"parent":0,"menu_order":0,"comment_status":"closed","ping_status":"closed","template":"","meta":{"_acf_changed":false,"inline_featured_image":false,"_themeisle_gutenberg_block_has_review":false,"footnotes":""},"categories":[],"tags":[],"class_list":["post-10043","page","type-page","status-publish","hentry"],"acf":[],"_links":{"self":[{"href":"https:\/\/www.celec.gob.ec\/transelectric\/wp-json\/wp\/v2\/pages\/10043","targetHints":{"allow":["GET"]}}],"collection":[{"href":"https:\/\/www.celec.gob.ec\/transelectric\/wp-json\/wp\/v2\/pages"}],"about":[{"href":"https:\/\/www.celec.gob.ec\/transelectric\/wp-json\/wp\/v2\/types\/page"}],"author":[{"embeddable":true,"href":"https:\/\/www.celec.gob.ec\/transelectric\/wp-json\/wp\/v2\/users\/3"}],"replies":[{"embeddable":true,"href":"https:\/\/www.celec.gob.ec\/transelectric\/wp-json\/wp\/v2\/comments?post=10043"}],"version-history":[{"count":8,"href":"https:\/\/www.celec.gob.ec\/transelectric\/wp-json\/wp\/v2\/pages\/10043\/revisions"}],"predecessor-version":[{"id":11488,"href":"https:\/\/www.celec.gob.ec\/transelectric\/wp-json\/wp\/v2\/pages\/10043\/revisions\/11488"}],"wp:attachment":[{"href":"https:\/\/www.celec.gob.ec\/transelectric\/wp-json\/wp\/v2\/media?parent=10043"}],"wp:term":[{"taxonomy":"category","embeddable":true,"href":"https:\/\/www.celec.gob.ec\/transelectric\/wp-json\/wp\/v2\/categories?post=10043"},{"taxonomy":"post_tag","embeddable":true,"href":"https:\/\/www.celec.gob.ec\/transelectric\/wp-json\/wp\/v2\/tags?post=10043"}],"curies":[{"name":"wp","href":"https:\/\/api.w.org\/{rel}","templated":true}]}}