{"id":10124,"date":"2025-07-04T08:24:51","date_gmt":"2025-07-04T13:24:51","guid":{"rendered":"https:\/\/www.celec.gob.ec\/transelectric\/?page_id=10124"},"modified":"2025-07-05T10:20:30","modified_gmt":"2025-07-05T15:20:30","slug":"trabajos-de-mantenimiento-programados-en-la-subestacion-machala-el-oro","status":"publish","type":"page","link":"https:\/\/www.celec.gob.ec\/transelectric\/trabajos-de-mantenimiento-programados-en-la-subestacion-machala-el-oro\/","title":{"rendered":"Trabajos de mantenimiento programados en la subestaci\u00f3n Machala, El Oro"},"content":{"rendered":"\n<p><strong>Este domingo, 6 de julio, se realizar\u00e1n trabajos de mantenimiento programados en la subestaci\u00f3n Machala, El Oro<\/strong><\/p>\n\n\n\n<p>Con el objetivo de mejorar el servicio el\u00e9ctrico y garantizar la calidad y continuidad del suministro en las zonas de influencia, la Corporaci\u00f3n El\u00e9ctrica del Ecuador \u2013 CELEC EP, a trav\u00e9s de su Unidad de Negocio Transelectric, realizar\u00e1 trabajos de mantenimiento en la subestaci\u00f3n Machala, ubicada en la provincia de El Oro.<\/p>\n\n\n\n<p>La ejecuci\u00f3n de estas actividades requerir\u00e1 una restricci\u00f3n parcial del servicio el\u00e9ctrico el domingo 6 de julio, entre las 02:00 y 06:00, en los siguientes sectores:<\/p>\n\n\n\n<ul class=\"wp-block-list\">\n<li>Cantones Chilla y El Guabo, y la parroquia El Cambio (provincia de El Oro).<\/li>\n\n\n\n<li>Cant\u00f3n Ponce Enr\u00edquez (provincia de Azuay).<\/li>\n\n\n\n<li>Cant\u00f3n Balao y parroquia Tenguel (provincia de Guayas).<\/li>\n<\/ul>\n\n\n\n<p>Estas labores han sido coordinadas con la distribuidora CNEL EP y el Operador Nacional de Electricidad, CENACE. Gracias a estas acciones, se fortalecer\u00e1 la confiabilidad del servicio el\u00e9ctrico en la zona.<\/p>\n\n\n\n<p><strong>CELEC EP agradece su comprensi\u00f3n ante los posibles inconvenientes.<\/strong><\/p>\n","protected":false},"excerpt":{"rendered":"<p>Este domingo, 6 de julio, se realizar\u00e1n trabajos de mantenimiento programados en la subestaci\u00f3n Machala, El Oro Con el objetivo de mejorar el servicio el\u00e9ctrico y garantizar la calidad y continuidad del suministro en las zonas de influencia, la Corporaci\u00f3n El\u00e9ctrica del Ecuador \u2013 CELEC EP, a trav\u00e9s de su Unidad de Negocio Transelectric, realizar\u00e1 [&hellip;]<\/p>\n","protected":false},"author":3,"featured_media":0,"parent":0,"menu_order":0,"comment_status":"closed","ping_status":"closed","template":"","meta":{"_acf_changed":false,"inline_featured_image":false,"_themeisle_gutenberg_block_has_review":false,"footnotes":""},"categories":[],"tags":[],"class_list":["post-10124","page","type-page","status-publish","hentry"],"acf":[],"_links":{"self":[{"href":"https:\/\/www.celec.gob.ec\/transelectric\/wp-json\/wp\/v2\/pages\/10124","targetHints":{"allow":["GET"]}}],"collection":[{"href":"https:\/\/www.celec.gob.ec\/transelectric\/wp-json\/wp\/v2\/pages"}],"about":[{"href":"https:\/\/www.celec.gob.ec\/transelectric\/wp-json\/wp\/v2\/types\/page"}],"author":[{"embeddable":true,"href":"https:\/\/www.celec.gob.ec\/transelectric\/wp-json\/wp\/v2\/users\/3"}],"replies":[{"embeddable":true,"href":"https:\/\/www.celec.gob.ec\/transelectric\/wp-json\/wp\/v2\/comments?post=10124"}],"version-history":[{"count":2,"href":"https:\/\/www.celec.gob.ec\/transelectric\/wp-json\/wp\/v2\/pages\/10124\/revisions"}],"predecessor-version":[{"id":10140,"href":"https:\/\/www.celec.gob.ec\/transelectric\/wp-json\/wp\/v2\/pages\/10124\/revisions\/10140"}],"wp:attachment":[{"href":"https:\/\/www.celec.gob.ec\/transelectric\/wp-json\/wp\/v2\/media?parent=10124"}],"wp:term":[{"taxonomy":"category","embeddable":true,"href":"https:\/\/www.celec.gob.ec\/transelectric\/wp-json\/wp\/v2\/categories?post=10124"},{"taxonomy":"post_tag","embeddable":true,"href":"https:\/\/www.celec.gob.ec\/transelectric\/wp-json\/wp\/v2\/tags?post=10124"}],"curies":[{"name":"wp","href":"https:\/\/api.w.org\/{rel}","templated":true}]}}