{"id":10299,"date":"2025-08-22T09:28:58","date_gmt":"2025-08-22T14:28:58","guid":{"rendered":"https:\/\/www.celec.gob.ec\/transelectric\/?page_id=10299"},"modified":"2025-08-22T09:28:58","modified_gmt":"2025-08-22T14:28:58","slug":"celec-ep-realizara-mantenimiento-programado-en-la-subestacion-santa-elena-santa-elena","status":"publish","type":"page","link":"https:\/\/www.celec.gob.ec\/transelectric\/celec-ep-realizara-mantenimiento-programado-en-la-subestacion-santa-elena-santa-elena\/","title":{"rendered":"CELEC EP realizar\u00e1 mantenimiento programado en la subestaci\u00f3n Santa Elena \u2013 Santa Elena"},"content":{"rendered":"\n<p>Este lunes,<strong> 25 de agosto de 2025<\/strong>, la Corporaci\u00f3n El\u00e9ctrica del Ecuador \u2013 CELEC EP, a trav\u00e9s de su Unidad de Negocio Transelectric, ejecutar\u00e1 trabajos de mantenimiento programados en la subestaci\u00f3n Santa Elena, ubicada en la provincia del mismo nombre. El objetivo es mejorar el servicio el\u00e9ctrico y garantizar la calidad y continuidad del suministro en la zona de influencia.<\/p>\n\n\n\n<p>La ejecuci\u00f3n de estas actividades requerir\u00e1 la restricci\u00f3n del servicio el\u00e9ctrico entre las <strong>02:00 y 06:00 en los cantones La Libertad, Salinas y Santa Elena.<\/strong><\/p>\n\n\n\n<p>Estas labores fueron coordinadas con la empresa distribuidora CNEL EP y el Operador Nacional de Electricidad \u2013 CENACE. Con estas acciones, se fortalecer\u00e1 la confiabilidad del servicio el\u00e9ctrico en la zona.<\/p>\n\n\n\n<p>CELEC EP agradece la comprensi\u00f3n de la ciudadan\u00eda ante los posibles inconvenientes.<\/p>\n\n\n\n<p><\/p>\n","protected":false},"excerpt":{"rendered":"<p>Este lunes, 25 de agosto de 2025, la Corporaci\u00f3n El\u00e9ctrica del Ecuador \u2013 CELEC EP, a trav\u00e9s de su Unidad de Negocio Transelectric, ejecutar\u00e1 trabajos de mantenimiento programados en la subestaci\u00f3n Santa Elena, ubicada en la provincia del mismo nombre. El objetivo es mejorar el servicio el\u00e9ctrico y garantizar la calidad y continuidad del suministro [&hellip;]<\/p>\n","protected":false},"author":3,"featured_media":0,"parent":0,"menu_order":0,"comment_status":"closed","ping_status":"closed","template":"","meta":{"_acf_changed":false,"inline_featured_image":false,"_themeisle_gutenberg_block_has_review":false,"footnotes":""},"categories":[],"tags":[],"class_list":["post-10299","page","type-page","status-publish","hentry"],"acf":[],"_links":{"self":[{"href":"https:\/\/www.celec.gob.ec\/transelectric\/wp-json\/wp\/v2\/pages\/10299","targetHints":{"allow":["GET"]}}],"collection":[{"href":"https:\/\/www.celec.gob.ec\/transelectric\/wp-json\/wp\/v2\/pages"}],"about":[{"href":"https:\/\/www.celec.gob.ec\/transelectric\/wp-json\/wp\/v2\/types\/page"}],"author":[{"embeddable":true,"href":"https:\/\/www.celec.gob.ec\/transelectric\/wp-json\/wp\/v2\/users\/3"}],"replies":[{"embeddable":true,"href":"https:\/\/www.celec.gob.ec\/transelectric\/wp-json\/wp\/v2\/comments?post=10299"}],"version-history":[{"count":1,"href":"https:\/\/www.celec.gob.ec\/transelectric\/wp-json\/wp\/v2\/pages\/10299\/revisions"}],"predecessor-version":[{"id":10301,"href":"https:\/\/www.celec.gob.ec\/transelectric\/wp-json\/wp\/v2\/pages\/10299\/revisions\/10301"}],"wp:attachment":[{"href":"https:\/\/www.celec.gob.ec\/transelectric\/wp-json\/wp\/v2\/media?parent=10299"}],"wp:term":[{"taxonomy":"category","embeddable":true,"href":"https:\/\/www.celec.gob.ec\/transelectric\/wp-json\/wp\/v2\/categories?post=10299"},{"taxonomy":"post_tag","embeddable":true,"href":"https:\/\/www.celec.gob.ec\/transelectric\/wp-json\/wp\/v2\/tags?post=10299"}],"curies":[{"name":"wp","href":"https:\/\/api.w.org\/{rel}","templated":true}]}}