{"id":10350,"date":"2025-09-01T14:53:23","date_gmt":"2025-09-01T19:53:23","guid":{"rendered":"https:\/\/www.celec.gob.ec\/transelectric\/?page_id=10350"},"modified":"2025-09-01T14:53:23","modified_gmt":"2025-09-01T19:53:23","slug":"celec-ep-trabaja-para-normalizar-el-servicio-en-pastaza-y-parte-de-orellana","status":"publish","type":"page","link":"https:\/\/www.celec.gob.ec\/transelectric\/celec-ep-trabaja-para-normalizar-el-servicio-en-pastaza-y-parte-de-orellana\/","title":{"rendered":"CELEC EP trabaja para normalizar el servicio en Pastaza y parte de Orellana"},"content":{"rendered":"\n<p>La Corporaci\u00f3n El\u00e9ctrica del Ecuador &#8211; CELEC EP, a trav\u00e9s de su Unidad de Negocio Transelectric, informa que hoy, a las <strong>13:05<\/strong>, se produjo una falla en la<strong> l\u00ednea de transmisi\u00f3n Topo \u2013 Puyo (Pastaza)<\/strong> y se interrumpi\u00f3 la entrega de energ\u00eda a las empresas distribuidora El\u00e9ctrica Ambato y CNEL EP Sucumb\u00edos.<\/p>\n\n\n\n<p>Al momento se consigui\u00f3 la reconexi\u00f3n del servicio en Sucumb\u00edos y el equipo t\u00e9cnico trabaja para reestablecer el servicio en Pastaza, mostrando as\u00ed nuestro compromiso con El Nuevo Ecuador.<\/p>\n\n\n\n<p><\/p>\n","protected":false},"excerpt":{"rendered":"<p>La Corporaci\u00f3n El\u00e9ctrica del Ecuador &#8211; CELEC EP, a trav\u00e9s de su Unidad de Negocio Transelectric, informa que hoy, a las 13:05, se produjo una falla en la l\u00ednea de transmisi\u00f3n Topo \u2013 Puyo (Pastaza) y se interrumpi\u00f3 la entrega de energ\u00eda a las empresas distribuidora El\u00e9ctrica Ambato y CNEL EP Sucumb\u00edos. Al momento se [&hellip;]<\/p>\n","protected":false},"author":3,"featured_media":0,"parent":0,"menu_order":0,"comment_status":"closed","ping_status":"closed","template":"","meta":{"_acf_changed":false,"inline_featured_image":false,"_themeisle_gutenberg_block_has_review":false,"footnotes":""},"categories":[],"tags":[],"class_list":["post-10350","page","type-page","status-publish","hentry"],"acf":[],"_links":{"self":[{"href":"https:\/\/www.celec.gob.ec\/transelectric\/wp-json\/wp\/v2\/pages\/10350","targetHints":{"allow":["GET"]}}],"collection":[{"href":"https:\/\/www.celec.gob.ec\/transelectric\/wp-json\/wp\/v2\/pages"}],"about":[{"href":"https:\/\/www.celec.gob.ec\/transelectric\/wp-json\/wp\/v2\/types\/page"}],"author":[{"embeddable":true,"href":"https:\/\/www.celec.gob.ec\/transelectric\/wp-json\/wp\/v2\/users\/3"}],"replies":[{"embeddable":true,"href":"https:\/\/www.celec.gob.ec\/transelectric\/wp-json\/wp\/v2\/comments?post=10350"}],"version-history":[{"count":1,"href":"https:\/\/www.celec.gob.ec\/transelectric\/wp-json\/wp\/v2\/pages\/10350\/revisions"}],"predecessor-version":[{"id":10352,"href":"https:\/\/www.celec.gob.ec\/transelectric\/wp-json\/wp\/v2\/pages\/10350\/revisions\/10352"}],"wp:attachment":[{"href":"https:\/\/www.celec.gob.ec\/transelectric\/wp-json\/wp\/v2\/media?parent=10350"}],"wp:term":[{"taxonomy":"category","embeddable":true,"href":"https:\/\/www.celec.gob.ec\/transelectric\/wp-json\/wp\/v2\/categories?post=10350"},{"taxonomy":"post_tag","embeddable":true,"href":"https:\/\/www.celec.gob.ec\/transelectric\/wp-json\/wp\/v2\/tags?post=10350"}],"curies":[{"name":"wp","href":"https:\/\/api.w.org\/{rel}","templated":true}]}}