{"id":10494,"date":"2025-09-30T08:47:35","date_gmt":"2025-09-30T13:47:35","guid":{"rendered":"https:\/\/www.celec.gob.ec\/transelectric\/?page_id=10494"},"modified":"2026-01-16T10:50:05","modified_gmt":"2026-01-16T15:50:05","slug":"proyectos-bid-2","status":"publish","type":"page","link":"https:\/\/www.celec.gob.ec\/transelectric\/proyectos-bid-2\/","title":{"rendered":"Licitaci\u00f3n Interconexi\u00f3n Ecuador \u2013 Per\u00fa a 500 mil voltios"},"content":{"rendered":"\n<div id=\"wp-block-themeisle-blocks-advanced-columns-559a350a\" class=\"wp-block-themeisle-blocks-advanced-columns has-1-columns has-desktop-equal-layout has-tablet-equal-layout has-mobile-equal-layout has-vertical-unset\">\n  <div class=\"wp-block-themeisle-blocks-advanced-columns-overlay\"><\/div>\n  <div class=\"innerblocks-wrap\">\n    \n    <div id=\"wp-block-themeisle-blocks-advanced-column-454c85d9\" class=\"wp-block-themeisle-blocks-advanced-column\">\n\n      \n      <figure class=\"wp-block-image size-large\">\n        <img decoding=\"async\" src=\"https:\/\/www.celec.gob.ec\/transelectric\/wp-content\/uploads\/2025\/10\/interconexion.png\" alt=\"\"\/>\n      <\/figure>\n      \n\n      \n      <p><\/p>\n      \n\n      \n      <p>En este espacio encontrar\u00e1 informaci\u00f3n sobre la licitaci\u00f3n internacional Interconexi\u00f3n Ecuador \u2013 Per\u00fa a 500 mil voltios.<\/p>\n      \n\n      \n      <p><strong>Selecciona una opci\u00f3n para mostrar m\u00e1s informaci\u00f3n:<\/strong><\/p>\n      \n\n      \n      <p><\/p>\n      \n\n      \n      <div id=\"wp-block-themeisle-blocks-advanced-columns-b215e4b1\" class=\"wp-block-themeisle-blocks-advanced-columns has-1-columns has-desktop-equal-layout has-tablet-equal-layout has-mobile-equal-layout has-vertical-unset\">\n        <div class=\"wp-block-themeisle-blocks-advanced-columns-overlay\"><\/div>\n        <div class=\"innerblocks-wrap\">\n          \n          <div id=\"wp-block-themeisle-blocks-advanced-column-fb18200a\" class=\"wp-block-themeisle-blocks-advanced-column\">\n\n            \n            <section id=\"postcontent\" class=\"col-md-9 col-sm-6 line-right\">\n\n              <br>\n              <hr class=\"wp-block-separator has-alpha-channel-opacity\" style=\"border: 2px solid #cccccc;\">\n              <br>\n\n              <div class=\"fila-imagenes\">\n                <!-- 1 -->\n                <a href=\"https:\/\/www.celec.gob.ec\/transelectric\/informacion-general-del-proyecto-interconexion-ecuador-peru-a-500-mil-voltios-tramo-ecuatoriano\/\" class=\"item\">\n                  <img decoding=\"async\" src=\"https:\/\/www.celec.gob.ec\/transelectric\/wp-content\/uploads\/2025\/10\/Informacion-General-del-Proyecto.png\" alt=\"\">\n                <\/a>\n\n                <!-- 2 (Roadshow formulario) -->\n                <a href=\"https:\/\/docs.google.com\/forms\/d\/e\/1FAIpQLScXzS6ty8YS-TH1CRpDLe0lXETcKGrGz3IJin_Z0ZoeswX3OQ\/viewform?usp=publish-editor\" class=\"item\">\n                  <img decoding=\"async\" src=\"https:\/\/www.celec.gob.ec\/transelectric\/wp-content\/uploads\/2025\/11\/Boton-actualizado-inscripcion-RoadShow-14-11-2025.png\" alt=\"\">\n                <\/a>\n\n                <!-- 3 -->\n                <a href=\"https:\/\/www.celec.gob.ec\/transelectric\/evento-roadshow\/\" class=\"item\">\n                  <img decoding=\"async\" src=\"https:\/\/www.celec.gob.ec\/transelectric\/wp-content\/uploads\/2025\/11\/Boton-evento-Roadshow-Proyecto-de-interconexion-ECU-PER-a-500-kV.png\" alt=\"\">\n                <\/a>\n\n                <!-- 4 -->\n                <a href=\"https:\/\/www.celec.gob.ec\/transelectric\/lpi-nro-bid7-trans-001-2025-construccion-de-obras-civiles-provision-de-materiales-equipamiento-montaje-electromecanico-pruebas-y-puesta-en-servicio-del-sistema-de-interconexion-electrica-ecuador\/\" class=\"item\">\n                  <img decoding=\"async\" src=\"https:\/\/www.celec.gob.ec\/transelectric\/wp-content\/uploads\/2025\/12\/Boton-Licitacion.png\" alt=\"\">\n                <\/a>\n\n                <!-- 5 (NUEVA) -->\n                <a href=\"https:\/\/www.celec.gob.ec\/transelectric\/lc-no-bid7-trans-002-2025-servicio-de-fiscalizacion-ejerciendo-el-rol-de-el-ingeniero-fidic-libro-rojo-en-el-contrato-de-construccion-de-obras-civiles-provision-de-materiales-equipamiento-montaj\/\" class=\"item\">\n                  <img decoding=\"async\" src=\"https:\/\/www.celec.gob.ec\/transelectric\/wp-content\/uploads\/2026\/01\/Boton-fiscalizador-libro-rojo-interconexion-ECU-PER-a-500-kV.png\" alt=\"\">\n                <\/a>\n              <\/div>\n\n              <br>\n              <hr class=\"wp-block-separator has-alpha-channel-opacity\" style=\"border: 2px solid #cccccc;\">\n              <br>\n\n              <style>\n                .fila-imagenes {\n                  display: grid;\n                  grid-template-columns: repeat(3, 1fr);\n                  gap: 20px;\n                  justify-content: start;\n                  width: 100%;\n                }\n\n                .fila-imagenes .item img {\n                  width: 100%;\n                  height: auto;\n                  display: block;\n                }\n              <\/style>\n\n            <\/section>\n            \n\n          <\/div>\n          \n        <\/div>\n      <\/div>\n      \n\n      \n      <div class=\"wp-block-button ticss-6438b7c0\" id=\"wp-block-themeisle-blocks-button-5394e616\">\n        <a class=\"wp-block-button__link wp-element-button\" href=\"https:\/\/www.celec.gob.ec\/transelectric\/\" target=\"_self\" rel=\"noopener noreferrer\">\n          <span>REGRESAR<\/span>\n        <\/a>\n      <\/div>\n\n      <style>\n        #wp-block-themeisle-blocks-button-5394e616 .wp-block-button__link {\n          background-color: rgb(2,3,129);\n          color: #ffffff;\n        }\n\n        #wp-block-themeisle-blocks-button-5394e616 .wp-block-button__link:hover {\n          background-color: #003d80;\n          color: #ffcc00;\n        }\n\n        .wp-block-button__link {\n          border-radius: 0px !important;\n        }\n      <\/style>\n      \n\n    <\/div>\n    \n  <\/div>\n<\/div>\n\n","protected":false},"excerpt":{"rendered":"","protected":false},"author":65,"featured_media":0,"parent":0,"menu_order":0,"comment_status":"closed","ping_status":"closed","template":"","meta":{"_acf_changed":false,"inline_featured_image":false,"_themeisle_gutenberg_block_has_review":false,"footnotes":""},"categories":[],"tags":[],"class_list":["post-10494","page","type-page","status-publish","hentry"],"acf":[],"_links":{"self":[{"href":"https:\/\/www.celec.gob.ec\/transelectric\/wp-json\/wp\/v2\/pages\/10494","targetHints":{"allow":["GET"]}}],"collection":[{"href":"https:\/\/www.celec.gob.ec\/transelectric\/wp-json\/wp\/v2\/pages"}],"about":[{"href":"https:\/\/www.celec.gob.ec\/transelectric\/wp-json\/wp\/v2\/types\/page"}],"author":[{"embeddable":true,"href":"https:\/\/www.celec.gob.ec\/transelectric\/wp-json\/wp\/v2\/users\/65"}],"replies":[{"embeddable":true,"href":"https:\/\/www.celec.gob.ec\/transelectric\/wp-json\/wp\/v2\/comments?post=10494"}],"version-history":[{"count":129,"href":"https:\/\/www.celec.gob.ec\/transelectric\/wp-json\/wp\/v2\/pages\/10494\/revisions"}],"predecessor-version":[{"id":11929,"href":"https:\/\/www.celec.gob.ec\/transelectric\/wp-json\/wp\/v2\/pages\/10494\/revisions\/11929"}],"wp:attachment":[{"href":"https:\/\/www.celec.gob.ec\/transelectric\/wp-json\/wp\/v2\/media?parent=10494"}],"wp:term":[{"taxonomy":"category","embeddable":true,"href":"https:\/\/www.celec.gob.ec\/transelectric\/wp-json\/wp\/v2\/categories?post=10494"},{"taxonomy":"post_tag","embeddable":true,"href":"https:\/\/www.celec.gob.ec\/transelectric\/wp-json\/wp\/v2\/tags?post=10494"}],"curies":[{"name":"wp","href":"https:\/\/api.w.org\/{rel}","templated":true}]}}