{"id":10799,"date":"2025-10-03T11:24:53","date_gmt":"2025-10-03T16:24:53","guid":{"rendered":"https:\/\/www.celec.gob.ec\/transelectric\/?page_id=10799"},"modified":"2025-10-03T11:30:52","modified_gmt":"2025-10-03T16:30:52","slug":"celec-ep-realizara-mantenimiento-programado-en-la-subestacion-quevedo","status":"publish","type":"page","link":"https:\/\/www.celec.gob.ec\/transelectric\/celec-ep-realizara-mantenimiento-programado-en-la-subestacion-quevedo\/","title":{"rendered":"CELEC EP realizar\u00e1 mantenimiento programado en la subestaci\u00f3n Quevedo"},"content":{"rendered":"\n<p>Este domingo, <strong>5 de octubre de 2025<\/strong>, la Corporaci\u00f3n El\u00e9ctrica del Ecuador, CELEC EP, a trav\u00e9s de su Unidad de Negocio Transelectric, realizar\u00e1 trabajos de mantenimiento programado en la subestaci\u00f3n Quevedo, ubicada en la provincia de Los R\u00edos.<\/p>\n\n\n\n<p>&nbsp;El objetivo es mejorar la calidad del servicio el\u00e9ctrico y garantizar la continuidad del suministro en la zona de influencia.<\/p>\n\n\n\n<p>\u00a0La ejecuci\u00f3n de estas actividades requerir\u00e1 una restricci\u00f3n del servicio el\u00e9ctrico entre las <strong>03:00 y 05:00<\/strong>, en los siguientes sectores de las provincias de:<\/p>\n\n\n\n<p><strong>Los R\u00edos:<\/strong><\/p>\n\n\n\n<ul class=\"wp-block-list\">\n<li>Cantones: El Empalme, Buena Fe, Quevedo y Valencia.<\/li>\n<\/ul>\n\n\n\n<p><strong>Manab\u00ed:<\/strong><\/p>\n\n\n\n<ul class=\"wp-block-list\">\n<li>Cantones: Pichincha.<\/li>\n<\/ul>\n\n\n\n<p><strong>Cotopaxi:<\/strong><\/p>\n\n\n\n<ul class=\"wp-block-list\">\n<li>Cantones: La Man\u00e1, Pangua y Pujil\u00ed (parroquias El Tingo, La Esperanza y Pilal\u00f3).<\/li>\n<\/ul>\n\n\n\n<p>Los trabajos han sido coordinados con CNEL EP Unidad Guayas \u2013 Los R\u00edos, la Empresa El\u00e9ctrica Regional Cotopaxi &#8211; ELEPCOSA y con el Operador Nacional de Electricidad \u2013 CENACE.<\/p>\n\n\n\n<p>&nbsp;Con estas acciones se incrementar\u00e1 una operaci\u00f3n segura del sistema el\u00e9ctrico en estas zonas.<\/p>\n\n\n\n<p>&nbsp;CELEC EP agradece la comprensi\u00f3n ante los posibles inconvenientes generados.<\/p>\n\n\n\n<p><\/p>\n","protected":false},"excerpt":{"rendered":"<p>Este domingo, 5 de octubre de 2025, la Corporaci\u00f3n El\u00e9ctrica del Ecuador, CELEC EP, a trav\u00e9s de su Unidad de Negocio Transelectric, realizar\u00e1 trabajos de mantenimiento programado en la subestaci\u00f3n Quevedo, ubicada en la provincia de Los R\u00edos. &nbsp;El objetivo es mejorar la calidad del servicio el\u00e9ctrico y garantizar la continuidad del suministro en la [&hellip;]<\/p>\n","protected":false},"author":3,"featured_media":0,"parent":0,"menu_order":0,"comment_status":"closed","ping_status":"closed","template":"","meta":{"_acf_changed":false,"inline_featured_image":false,"_themeisle_gutenberg_block_has_review":false,"footnotes":""},"categories":[],"tags":[],"class_list":["post-10799","page","type-page","status-publish","hentry"],"acf":[],"_links":{"self":[{"href":"https:\/\/www.celec.gob.ec\/transelectric\/wp-json\/wp\/v2\/pages\/10799","targetHints":{"allow":["GET"]}}],"collection":[{"href":"https:\/\/www.celec.gob.ec\/transelectric\/wp-json\/wp\/v2\/pages"}],"about":[{"href":"https:\/\/www.celec.gob.ec\/transelectric\/wp-json\/wp\/v2\/types\/page"}],"author":[{"embeddable":true,"href":"https:\/\/www.celec.gob.ec\/transelectric\/wp-json\/wp\/v2\/users\/3"}],"replies":[{"embeddable":true,"href":"https:\/\/www.celec.gob.ec\/transelectric\/wp-json\/wp\/v2\/comments?post=10799"}],"version-history":[{"count":4,"href":"https:\/\/www.celec.gob.ec\/transelectric\/wp-json\/wp\/v2\/pages\/10799\/revisions"}],"predecessor-version":[{"id":10807,"href":"https:\/\/www.celec.gob.ec\/transelectric\/wp-json\/wp\/v2\/pages\/10799\/revisions\/10807"}],"wp:attachment":[{"href":"https:\/\/www.celec.gob.ec\/transelectric\/wp-json\/wp\/v2\/media?parent=10799"}],"wp:term":[{"taxonomy":"category","embeddable":true,"href":"https:\/\/www.celec.gob.ec\/transelectric\/wp-json\/wp\/v2\/categories?post=10799"},{"taxonomy":"post_tag","embeddable":true,"href":"https:\/\/www.celec.gob.ec\/transelectric\/wp-json\/wp\/v2\/tags?post=10799"}],"curies":[{"name":"wp","href":"https:\/\/api.w.org\/{rel}","templated":true}]}}