{"id":11507,"date":"2026-01-07T14:02:26","date_gmt":"2026-01-07T19:02:26","guid":{"rendered":"https:\/\/www.celec.gob.ec\/transelectric\/?page_id=11507"},"modified":"2026-01-21T21:46:08","modified_gmt":"2026-01-22T02:46:08","slug":"lc-no-bid7-trans-002-2025-servicio-de-fiscalizacion-ejerciendo-el-rol-de-el-ingeniero-fidic-libro-rojo-en-el-contrato-de-construccion-de-obras-civiles-provision-de-materiales-equipamiento-montaj","status":"publish","type":"page","link":"https:\/\/www.celec.gob.ec\/transelectric\/lc-no-bid7-trans-002-2025-servicio-de-fiscalizacion-ejerciendo-el-rol-de-el-ingeniero-fidic-libro-rojo-en-el-contrato-de-construccion-de-obras-civiles-provision-de-materiales-equipamiento-montaj\/","title":{"rendered":"LC No. BID7-TRANS-002-2025 SERVICIO DE FISCALIZACI\u00d3N EJERCIENDO EL ROL DE EL INGENIERO FIDIC (LIBRO ROJO) EN EL CONTRATO DE CONSTRUCCI\u00d3N DE OBRAS CIVILES, PROVISI\u00d3N DE MATERIALES, EQUIPAMIENTO, MONTAJE ELECTROMEC\u00c1NICO, PRUEBAS Y PUESTA EN SERVICIO DEL SISTEMA DE INTERCONEXI\u00d3N EL\u00c9CTRICA ECUADOR \u2013 PER\u00da A 500 KV"},"content":{"rendered":"\n<ul class=\"wp-block-list\">\n\t\n\t<li>\n\t\t<a href=\"https:\/\/www.celec.gob.ec\/transelectric\/wp-content\/uploads\/2026\/01\/20250107-Invitacion-a-presentar-expresiones-de-interes-signed-1.pdf\"\n\t\t   data-type=\"link\"\n\t\t   data-id=\"https:\/\/www.celec.gob.ec\/transelectric\/wp-content\/uploads\/2026\/01\/20250107-Invitacion-a-presentar-expresiones-de-interes-signed-1.pdf\">\n\t\t\tInvitaci\u00f3n a Presentar Expresiones de Inter\u00e9s\n\t\t<\/a>\n\t<\/li>\n\t\n\n\t\n\t<li>\n\t\t<a href=\"https:\/\/www.celec.gob.ec\/transelectric\/wp-content\/uploads\/2026\/01\/ENMIENDA-AVISO-EXPRESIONES-INTERES-FISCALIZACION-EC-PE.pdf\"\n\t\t   data-type=\"link\"\n\t\t   data-id=\"https:\/\/www.celec.gob.ec\/transelectric\/wp-content\/uploads\/2026\/01\/ENMIENDA-AVISO-EXPRESIONES-INTERES-FISCALIZACION-EC-PE.pdf\">\n\t\t\tENMIENDA: Invitaci\u00f3n a Presentar Expresiones de Inter\u00e9s\n\t\t<\/a>\n\t<\/li>\n\t\n<\/ul>\n\n\n\n<p><\/p>\n\n","protected":false},"excerpt":{"rendered":"","protected":false},"author":3,"featured_media":0,"parent":0,"menu_order":0,"comment_status":"closed","ping_status":"closed","template":"","meta":{"_acf_changed":false,"inline_featured_image":false,"_themeisle_gutenberg_block_has_review":false,"footnotes":""},"categories":[],"tags":[],"class_list":["post-11507","page","type-page","status-publish","hentry"],"acf":[],"_links":{"self":[{"href":"https:\/\/www.celec.gob.ec\/transelectric\/wp-json\/wp\/v2\/pages\/11507","targetHints":{"allow":["GET"]}}],"collection":[{"href":"https:\/\/www.celec.gob.ec\/transelectric\/wp-json\/wp\/v2\/pages"}],"about":[{"href":"https:\/\/www.celec.gob.ec\/transelectric\/wp-json\/wp\/v2\/types\/page"}],"author":[{"embeddable":true,"href":"https:\/\/www.celec.gob.ec\/transelectric\/wp-json\/wp\/v2\/users\/3"}],"replies":[{"embeddable":true,"href":"https:\/\/www.celec.gob.ec\/transelectric\/wp-json\/wp\/v2\/comments?post=11507"}],"version-history":[{"count":7,"href":"https:\/\/www.celec.gob.ec\/transelectric\/wp-json\/wp\/v2\/pages\/11507\/revisions"}],"predecessor-version":[{"id":11961,"href":"https:\/\/www.celec.gob.ec\/transelectric\/wp-json\/wp\/v2\/pages\/11507\/revisions\/11961"}],"wp:attachment":[{"href":"https:\/\/www.celec.gob.ec\/transelectric\/wp-json\/wp\/v2\/media?parent=11507"}],"wp:term":[{"taxonomy":"category","embeddable":true,"href":"https:\/\/www.celec.gob.ec\/transelectric\/wp-json\/wp\/v2\/categories?post=11507"},{"taxonomy":"post_tag","embeddable":true,"href":"https:\/\/www.celec.gob.ec\/transelectric\/wp-json\/wp\/v2\/tags?post=11507"}],"curies":[{"name":"wp","href":"https:\/\/api.w.org\/{rel}","templated":true}]}}