{"id":11720,"date":"2026-01-09T10:08:40","date_gmt":"2026-01-09T15:08:40","guid":{"rendered":"https:\/\/www.celec.gob.ec\/transelectric\/?page_id=11720"},"modified":"2026-01-12T11:38:48","modified_gmt":"2026-01-12T16:38:48","slug":"auditorias-ambientales-parte-1","status":"publish","type":"page","link":"https:\/\/www.celec.gob.ec\/transelectric\/auditorias-ambientales-parte-1\/","title":{"rendered":"Auditor\u00edas Ambientales \u2013 Parte 1"},"content":{"rendered":"\n<h2 class=\"wp-block-heading\"><strong>L\u00ednea de Transmisi\u00f3n Caraguay \u2013 Las Esclusas<\/strong><\/h2>\n\n\n\n<p>Matriz de Cumplimiento&nbsp;Ambiental<\/p>\n\n\n\n<figure class=\"wp-block-image\"><a href=\"https:\/\/www.celec.gob.ec\/transelectric\/images\/stories\/baners_home\/AA\/mca_lt_esclusas_caraguay.pdf\" target=\"_blank\" rel=\"noreferrer noopener\"><img decoding=\"async\" src=\"https:\/\/www.celec.gob.ec\/transelectric\/images\/stories\/jpg_contenidos\/PDF.png\" alt=\"PDF\"\/><\/a><\/figure>\n\n\n\n<h2 class=\"wp-block-heading\"><strong>L\u00ednea de Transmisi\u00f3n Cuenca \u2013 Loja<\/strong><\/h2>\n\n\n\n<p>Auditor\u00eda Ambiental<\/p>\n\n\n\n<figure class=\"wp-block-image\"><a href=\"https:\/\/www.celec.gob.ec\/transelectric\/images\/stories\/baners_home\/AA\/aa_lt_cuenca_loja.pdf\" target=\"_blank\" rel=\"noreferrer noopener\"><img decoding=\"async\" src=\"https:\/\/www.celec.gob.ec\/transelectric\/images\/stories\/jpg_contenidos\/PDF.png\" alt=\"PDF\"\/><\/a><\/figure>\n\n\n\n<p>Matriz de Cumplimiento&nbsp;Ambiental S\/E Cuenca<\/p>\n\n\n\n<figure class=\"wp-block-image\"><a href=\"https:\/\/www.celec.gob.ec\/transelectric\/images\/stories\/baners_home\/AA\/mca_se_cuenca.pdf\" target=\"_blank\" rel=\"noreferrer noopener\"><img decoding=\"async\" src=\"https:\/\/www.celec.gob.ec\/transelectric\/images\/stories\/jpg_contenidos\/PDF.png\" alt=\"PDF\"\/><\/a><\/figure>\n\n\n\n<p>Matriz de Cumplimiento Ambiental S\/E Loja<\/p>\n\n\n\n<figure class=\"wp-block-image\"><a href=\"https:\/\/www.celec.gob.ec\/transelectric\/images\/stories\/baners_home\/AA\/mca_se_loja.pdf\" target=\"_blank\" rel=\"noreferrer noopener\"><img decoding=\"async\" src=\"https:\/\/www.celec.gob.ec\/transelectric\/images\/stories\/jpg_contenidos\/PDF.png\" alt=\"PDF\"\/><\/a><\/figure>\n\n\n\n<h2 class=\"wp-block-heading\">L\u00ednea de Transmisi\u00f3n Las Esclusas \u2013 Trinitaria<\/h2>\n\n\n\n<p>Auditor\u00eda&nbsp;Ambiental (parte 1)<\/p>\n\n\n\n<figure class=\"wp-block-image\"><a href=\"https:\/\/www.celec.gob.ec\/transelectric\/images\/stories\/baners_home\/AA\/aa1_lt_esclusas_trinitaria.pdf\" target=\"_blank\" rel=\"noreferrer noopener\"><img decoding=\"async\" src=\"https:\/\/www.celec.gob.ec\/transelectric\/images\/stories\/jpg_contenidos\/PDF.png\" alt=\"PDF\"\/><\/a><\/figure>\n\n\n\n<p>Auditor\u00eda Ambiental (parte 2)<\/p>\n\n\n\n<figure class=\"wp-block-image\"><a href=\"https:\/\/www.celec.gob.ec\/transelectric\/images\/stories\/baners_home\/AA\/aa2_lt_esclusas_trinitaria.pdf\" target=\"_blank\" rel=\"noreferrer noopener\"><img decoding=\"async\" src=\"https:\/\/www.celec.gob.ec\/transelectric\/images\/stories\/jpg_contenidos\/PDF.png\" alt=\"PDF\"\/><\/a><\/figure>\n\n\n\n<p>Auditor\u00eda Ambiental (parte 3)<\/p>\n\n\n\n<figure class=\"wp-block-image\"><a href=\"https:\/\/www.celec.gob.ec\/transelectric\/images\/stories\/baners_home\/AA\/aa3_lt_esclusas_trinitaria.pdf\" target=\"_blank\" rel=\"noreferrer noopener\"><img decoding=\"async\" src=\"https:\/\/www.celec.gob.ec\/transelectric\/images\/stories\/jpg_contenidos\/PDF.png\" alt=\"PDF\"\/><\/a><\/figure>\n\n\n\n<p>Auditor\u00eda Ambiental (parte 4)<\/p>\n\n\n\n<figure class=\"wp-block-image\"><a href=\"https:\/\/www.celec.gob.ec\/transelectric\/images\/stories\/baners_home\/AA\/aa4_lt_esclusas_trinitaria.pdf\" target=\"_blank\" rel=\"noreferrer noopener\"><img decoding=\"async\" src=\"https:\/\/www.celec.gob.ec\/transelectric\/images\/stories\/jpg_contenidos\/PDF.png\" alt=\"PDF\"\/><\/a><\/figure>\n\n\n\n<h2 class=\"wp-block-heading\">L\u00ednea de Transmisi\u00f3n Machala \u2013 Frontera<\/h2>\n\n\n\n<p>Evaluaci\u00f3n&nbsp;Ambiental<\/p>\n\n\n\n<figure class=\"wp-block-image\"><a href=\"https:\/\/www.celec.gob.ec\/transelectric\/images\/stories\/baners_home\/AA\/ea_lt_machala_frontera.zip\" target=\"_blank\" rel=\"noreferrer noopener\"><img decoding=\"async\" src=\"https:\/\/www.celec.gob.ec\/transelectric\/images\/stories\/jpg_contenidos\/PDF.png\" alt=\"PDF\"\/><\/a><\/figure>\n\n\n\n<h2 class=\"wp-block-heading\">L\u00ednea de Transmisi\u00f3n Milagro \u2013 Babahoyo<\/h2>\n\n\n\n<p>Auditor\u00eda ambiental inicial<\/p>\n\n\n\n<figure class=\"wp-block-image\"><a href=\"https:\/\/www.celec.gob.ec\/transelectric\/images\/stories\/baners_home\/AA\/aa_lt_milagro_babahoyo.pdf\" target=\"_blank\" rel=\"noreferrer noopener\"><img decoding=\"async\" src=\"https:\/\/www.celec.gob.ec\/transelectric\/images\/stories\/jpg_contenidos\/PDF.png\" alt=\"PDF\"\/><\/a><\/figure>\n\n\n\n<h2 class=\"wp-block-heading\">L\u00ednea de Transmisi\u00f3n Milagro \u2013 Las Esclusas<\/h2>\n\n\n\n<p>Auditor\u00eda ambiental inicial<\/p>\n\n\n\n<figure class=\"wp-block-image\"><a href=\"https:\/\/www.celec.gob.ec\/transelectric\/images\/stories\/baners_home\/AA\/aa_lt_milagro_esclusas.pdf\" target=\"_blank\" rel=\"noreferrer noopener\"><img decoding=\"async\" src=\"https:\/\/www.celec.gob.ec\/transelectric\/images\/stories\/jpg_contenidos\/PDF.png\" alt=\"PDF\"\/><\/a><\/figure>\n\n\n\n<p>Matriz de cumpliento ambiental L\/T Milagro &#8211; Las Esclusas<\/p>\n\n\n\n<figure class=\"wp-block-image\"><a href=\"https:\/\/www.celec.gob.ec\/transelectric\/images\/stories\/baners_home\/AA\/mca_lt_milagro_esclusas.pdf\" target=\"_blank\" rel=\"noreferrer noopener\"><img decoding=\"async\" src=\"https:\/\/www.celec.gob.ec\/transelectric\/images\/stories\/jpg_contenidos\/PDF.png\" alt=\"PDF\"\/><\/a><\/figure>\n\n\n\n<p>Matriz de cumpliento ambiental L\/E Las Esclusas<\/p>\n\n\n\n<figure class=\"wp-block-image\"><a href=\"https:\/\/www.celec.gob.ec\/transelectric\/images\/stories\/baners_home\/AA\/mca_se_esclusas.pdf\" target=\"_blank\" rel=\"noreferrer noopener\"><img decoding=\"async\" src=\"https:\/\/www.celec.gob.ec\/transelectric\/images\/stories\/jpg_contenidos\/PDF.png\" alt=\"PDF\"\/><\/a><\/figure>\n\n\n\n<h2 class=\"wp-block-heading\"><\/h2>\n","protected":false},"excerpt":{"rendered":"<p>L\u00ednea de Transmisi\u00f3n Caraguay \u2013 Las Esclusas Matriz de Cumplimiento&nbsp;Ambiental L\u00ednea de Transmisi\u00f3n Cuenca \u2013 Loja Auditor\u00eda Ambiental Matriz de Cumplimiento&nbsp;Ambiental S\/E Cuenca Matriz de Cumplimiento Ambiental S\/E Loja L\u00ednea de Transmisi\u00f3n Las Esclusas \u2013 Trinitaria Auditor\u00eda&nbsp;Ambiental (parte 1) Auditor\u00eda Ambiental (parte 2) Auditor\u00eda Ambiental (parte 3) Auditor\u00eda Ambiental (parte 4) L\u00ednea de Transmisi\u00f3n Machala [&hellip;]<\/p>\n","protected":false},"author":68,"featured_media":0,"parent":0,"menu_order":0,"comment_status":"closed","ping_status":"closed","template":"","meta":{"_acf_changed":false,"inline_featured_image":false,"_themeisle_gutenberg_block_has_review":false,"footnotes":""},"categories":[],"tags":[],"class_list":["post-11720","page","type-page","status-publish","hentry"],"acf":[],"_links":{"self":[{"href":"https:\/\/www.celec.gob.ec\/transelectric\/wp-json\/wp\/v2\/pages\/11720","targetHints":{"allow":["GET"]}}],"collection":[{"href":"https:\/\/www.celec.gob.ec\/transelectric\/wp-json\/wp\/v2\/pages"}],"about":[{"href":"https:\/\/www.celec.gob.ec\/transelectric\/wp-json\/wp\/v2\/types\/page"}],"author":[{"embeddable":true,"href":"https:\/\/www.celec.gob.ec\/transelectric\/wp-json\/wp\/v2\/users\/68"}],"replies":[{"embeddable":true,"href":"https:\/\/www.celec.gob.ec\/transelectric\/wp-json\/wp\/v2\/comments?post=11720"}],"version-history":[{"count":8,"href":"https:\/\/www.celec.gob.ec\/transelectric\/wp-json\/wp\/v2\/pages\/11720\/revisions"}],"predecessor-version":[{"id":11839,"href":"https:\/\/www.celec.gob.ec\/transelectric\/wp-json\/wp\/v2\/pages\/11720\/revisions\/11839"}],"wp:attachment":[{"href":"https:\/\/www.celec.gob.ec\/transelectric\/wp-json\/wp\/v2\/media?parent=11720"}],"wp:term":[{"taxonomy":"category","embeddable":true,"href":"https:\/\/www.celec.gob.ec\/transelectric\/wp-json\/wp\/v2\/categories?post=11720"},{"taxonomy":"post_tag","embeddable":true,"href":"https:\/\/www.celec.gob.ec\/transelectric\/wp-json\/wp\/v2\/tags?post=11720"}],"curies":[{"name":"wp","href":"https:\/\/api.w.org\/{rel}","templated":true}]}}