{"id":12921,"date":"2026-08-11T16:45:20","date_gmt":"2026-08-11T21:45:20","guid":{"rendered":"https:\/\/www.celec.gob.ec\/transelectric\/?page_id=12921"},"modified":"2026-08-11T16:45:20","modified_gmt":"2026-08-11T21:45:20","slug":"proceso-de-seleccion-simple-especialista-de-comunicacion-quito-11-de-agosto-de-2026","status":"publish","type":"page","link":"https:\/\/www.celec.gob.ec\/transelectric\/proceso-de-seleccion-simple-especialista-de-comunicacion-quito-11-de-agosto-de-2026\/","title":{"rendered":"Proceso de Selecci\u00f3n Simple, Especialista de Comunicaci\u00f3n \u2013 Quito, 11 de agosto de 2026"},"content":{"rendered":"\n<p class=\"wp-block-paragraph\">En cumplimiento a la&nbsp;<em>\u00abCodificaci\u00f3n&nbsp;del Reglamento para el Reclutamiento, Preselecci\u00f3n, Selecci\u00f3n, Vinculaci\u00f3n, e Inducci\u00f3n&nbsp;del Talento Humano&nbsp;de&nbsp;la Empresa P\u00fablica Estrat\u00e9gica Corporaci\u00f3n El\u00e9ctrica&nbsp;del Ecuador CELEC EP.\u00bb<\/em>, y la Resoluci\u00f3n Nro. CEL-RES-0320-24, se pone en consideraci\u00f3n el inicio&nbsp;de&nbsp;la fase&nbsp;de&nbsp;reclutamiento&nbsp;del PROCESO&nbsp;DE&nbsp;SELECCI\u00d3N SIMPLE, para cubrir el cargo&nbsp;detallado en el archivo adjunto.<\/p>\n\n\n\n<p class=\"wp-block-paragraph\"><em>\u00ab14.1.- Reclutamiento \/ Preselecci\u00f3n:&nbsp;Los&nbsp;delegados&nbsp;del \u00e1rea&nbsp;de&nbsp;Talento Humano y&nbsp;del \u00e1rea requirente&nbsp;designados para el proceso&nbsp;de&nbsp;selecci\u00f3n simple tendr\u00e1n la responsabilidad&nbsp;de&nbsp;esta actividad, cuyo objetivo es recopilar todas las postulaciones&nbsp;de&nbsp;los&nbsp;aspirantes potencialmente calificados para ocupar&nbsp;los&nbsp;puestos temporales ofertados por la CELEC EP.<\/em><\/p>\n\n\n\n<p class=\"wp-block-paragraph\"><em>Estos reclutamientos se lo realizar\u00e1n a trav\u00e9s&nbsp;de&nbsp;una convocatoria abierta, a trav\u00e9s&nbsp;del uso medios&nbsp;de&nbsp;comunicaci\u00f3n tecnol\u00f3gicos corporativos, cuya duraci\u00f3n m\u00ednima&nbsp;de&nbsp;24 horas h\u00e1biles.\u00bb<\/em><\/p>\n\n\n\n<p class=\"wp-block-paragraph\"><strong>Nota:<\/strong><\/p>\n\n\n\n<p class=\"wp-block-paragraph\">Los&nbsp;aspirantes que cumplan con&nbsp;los&nbsp;requisitos&nbsp;deber\u00e1n remitir su hoja&nbsp;de&nbsp;vida actualizada, adjuntando&nbsp;los&nbsp;documentos que acrediten su formaci\u00f3n profesional (t\u00edtulo universitario y registro SENESCYT), experiencia laboral (certificados&nbsp;de&nbsp;trabajo&nbsp;debidamente suscritos); dichos documentos&nbsp;deben ser subidos al siguiente link&nbsp;<a href=\"https:\/\/serviciostranselectric.celec.gob.ec\/tthh\/\" target=\"_blank\" rel=\"noreferrer noopener\">https:\/\/serviciostranselectric.celec.gob.ec\/tthh\/<\/a>,&nbsp;con el c\u00f3digo a cual corresponden la vacante,&nbsp;desde las 17h00&nbsp;del martes 11 de agosto de&nbsp;2026 hasta las 17h00&nbsp;del mi\u00e9rcoles 12 de agosto de 2026.<\/p>\n\n\n\n<p class=\"has-text-align-center wp-block-paragraph\"><strong><a href=\"https:\/\/www.celec.gob.ec\/transelectric\/wp-content\/uploads\/2026\/08\/CONVOCATORIA-WEB-sad-Especialista-de-Comunicacion-.pdf\">Para ver el requerimiento\u00a0hacer clic aqu\u00ed<\/a><\/strong><\/p>\n\n\n\n<p class=\"wp-block-paragraph\"><\/p>\n","protected":false},"excerpt":{"rendered":"<p>En cumplimiento a la&nbsp;\u00abCodificaci\u00f3n&nbsp;del Reglamento para el Reclutamiento, Preselecci\u00f3n, Selecci\u00f3n, Vinculaci\u00f3n, e Inducci\u00f3n&nbsp;del Talento Humano&nbsp;de&nbsp;la Empresa P\u00fablica Estrat\u00e9gica Corporaci\u00f3n El\u00e9ctrica&nbsp;del Ecuador CELEC EP.\u00bb, y la Resoluci\u00f3n Nro. CEL-RES-0320-24, se pone en consideraci\u00f3n el inicio&nbsp;de&nbsp;la fase&nbsp;de&nbsp;reclutamiento&nbsp;del PROCESO&nbsp;DE&nbsp;SELECCI\u00d3N SIMPLE, para cubrir el cargo&nbsp;detallado en el archivo adjunto. \u00ab14.1.- Reclutamiento \/ Preselecci\u00f3n:&nbsp;Los&nbsp;delegados&nbsp;del \u00e1rea&nbsp;de&nbsp;Talento Humano y&nbsp;del \u00e1rea requirente&nbsp;designados para [&hellip;]<\/p>\n","protected":false},"author":3,"featured_media":0,"parent":0,"menu_order":0,"comment_status":"closed","ping_status":"closed","template":"","meta":{"_acf_changed":false,"inline_featured_image":false,"_themeisle_gutenberg_block_has_review":false,"footnotes":"","_members_access_role":[],"_members_access_error":""},"categories":[],"tags":[],"class_list":["post-12921","page","type-page","status-publish","hentry"],"acf":[],"_links":{"self":[{"href":"https:\/\/www.celec.gob.ec\/transelectric\/wp-json\/wp\/v2\/pages\/12921","targetHints":{"allow":["GET"]}}],"collection":[{"href":"https:\/\/www.celec.gob.ec\/transelectric\/wp-json\/wp\/v2\/pages"}],"about":[{"href":"https:\/\/www.celec.gob.ec\/transelectric\/wp-json\/wp\/v2\/types\/page"}],"author":[{"embeddable":true,"href":"https:\/\/www.celec.gob.ec\/transelectric\/wp-json\/wp\/v2\/users\/3"}],"replies":[{"embeddable":true,"href":"https:\/\/www.celec.gob.ec\/transelectric\/wp-json\/wp\/v2\/comments?post=12921"}],"version-history":[{"count":1,"href":"https:\/\/www.celec.gob.ec\/transelectric\/wp-json\/wp\/v2\/pages\/12921\/revisions"}],"predecessor-version":[{"id":12923,"href":"https:\/\/www.celec.gob.ec\/transelectric\/wp-json\/wp\/v2\/pages\/12921\/revisions\/12923"}],"wp:attachment":[{"href":"https:\/\/www.celec.gob.ec\/transelectric\/wp-json\/wp\/v2\/media?parent=12921"}],"wp:term":[{"taxonomy":"category","embeddable":true,"href":"https:\/\/www.celec.gob.ec\/transelectric\/wp-json\/wp\/v2\/categories?post=12921"},{"taxonomy":"post_tag","embeddable":true,"href":"https:\/\/www.celec.gob.ec\/transelectric\/wp-json\/wp\/v2\/tags?post=12921"}],"curies":[{"name":"wp","href":"https:\/\/api.w.org\/{rel}","templated":true}]}}

Proceso de Selección Simple, Especialista de Comunicación – Quito, 11 de agosto de 2026

<p class="wp-block-paragraph">En cumplimiento a la&nbsp;<em>«Codificación&nbsp;del Reglamento para el Reclutamiento, Preselección, Selección, Vinculación, e Inducción&nbsp;del Talento Humano&nbsp;de&nbsp;la Empresa Pública Estratégica Corporación Eléctrica&nbsp;del Ecuador CELEC EP.»</em>, y la Resolución Nro. CEL-RES-0320-24, se pone en consideración el inicio&nbsp;de&nbsp;la fase&nbsp;de&nbsp;reclutamiento&nbsp;del PROCESO&nbsp;DE&nbsp;SELECCIÓN SIMPLE, para cubrir el cargo&nbsp;detallado en el archivo adjunto.</p>



<p class="wp-block-paragraph"><em>«14.1.- Reclutamiento / Preselección:&nbsp;Los&nbsp;delegados&nbsp;del área&nbsp;de&nbsp;Talento Humano y&nbsp;del área requirente&nbsp;designados para el proceso&nbsp;de&nbsp;selección simple tendrán la responsabilidad&nbsp;de&nbsp;esta actividad, cuyo objetivo es recopilar todas las postulaciones&nbsp;de&nbsp;los&nbsp;aspirantes potencialmente calificados para ocupar&nbsp;los&nbsp;puestos temporales ofertados por la CELEC EP.</em></p>



<p class="wp-block-paragraph"><em>Estos reclutamientos se lo realizarán a través&nbsp;de&nbsp;una convocatoria abierta, a través&nbsp;del uso medios&nbsp;de&nbsp;comunicación tecnológicos corporativos, cuya duración mínima&nbsp;de&nbsp;24 horas hábiles.»</em></p>



<p class="wp-block-paragraph"><strong>Nota:</strong></p>



<p class="wp-block-paragraph">Los&nbsp;aspirantes que cumplan con&nbsp;los&nbsp;requisitos&nbsp;deberán remitir su hoja&nbsp;de&nbsp;vida actualizada, adjuntando&nbsp;los&nbsp;documentos que acrediten su formación profesional (título universitario y registro SENESCYT), experiencia laboral (certificados&nbsp;de&nbsp;trabajo&nbsp;debidamente suscritos); dichos documentos&nbsp;deben ser subidos al siguiente link&nbsp;<a href="https://serviciostranselectric.celec.gob.ec/tthh/" target="_blank" rel="noreferrer noopener">https://serviciostranselectric.celec.gob.ec/tthh/</a>,&nbsp;con el código a cual corresponden la vacante,&nbsp;desde las 17h00&nbsp;del martes 11 de agosto de&nbsp;2026 hasta las 17h00&nbsp;del miércoles 12 de agosto de 2026.</p>



<p class="has-text-align-center wp-block-paragraph"><strong><a href="https://www.celec.gob.ec/transelectric/wp-content/uploads/2026/08/CONVOCATORIA-WEB-sad-Especialista-de-Comunicacion-.pdf">Para ver el requerimiento hacer clic aquí</a></strong></p>



<p class="wp-block-paragraph"></p>

<p>En cumplimiento a la&nbsp;«Codificación&nbsp;del Reglamento para el Reclutamiento, Preselección, Selección, Vinculación, e Inducción&nbsp;del Talento Humano&nbsp;de&nbsp;la Empresa Pública Estratégica Corporación Eléctrica&nbsp;del Ecuador CELEC EP.», y la Resolución Nro. CEL-RES-0320-24, se pone en consideración el inicio&nbsp;de&nbsp;la fase&nbsp;de&nbsp;reclutamiento&nbsp;del PROCESO&nbsp;DE&nbsp;SELECCIÓN SIMPLE, para cubrir el cargo&nbsp;detallado en el archivo adjunto. «14.1.- Reclutamiento / Preselección:&nbsp;Los&nbsp;delegados&nbsp;del área&nbsp;de&nbsp;Talento Humano y&nbsp;del área requirente&nbsp;designados para [&hellip;]</p>
