{"id":331,"date":"2023-03-01T19:28:33","date_gmt":"2023-03-01T19:28:33","guid":{"rendered":"https:\/\/www.celec.gob.ec\/transelectric\/?page_id=331"},"modified":"2023-03-01T19:28:35","modified_gmt":"2023-03-01T19:28:35","slug":"el-sistema-de-telecomunicaciones","status":"publish","type":"page","link":"https:\/\/www.celec.gob.ec\/transelectric\/el-sistema-de-telecomunicaciones\/","title":{"rendered":"El Sistema de Telecomunicaciones"},"content":{"rendered":"\n<p>La Unidad de Negocio TRANSELECTRIC desde el a\u00f1o 2003 proporciona a trav\u00e9s de su red de telecomunicaciones, servicios a clientes p\u00fablicos y privados del sector el\u00e9ctrico.<\/p>\n\n\n\n<div style=\"height:30px\" aria-hidden=\"true\" class=\"wp-block-spacer\"><\/div>\n\n\n\n<p><strong>Red de fibra \u00f3ptica:<\/strong>&nbsp;est\u00e1 colocada &nbsp;sobre las estructuras del Sistema Nacional de Transmisi\u00f3n &nbsp;y conformada por 5.870,95 kil\u00f3metros de cable de guarda OPGW. Esta red, por sus caracter\u00edsticas particulares, permite la prestaci\u00f3n de servicios de telecomunicaciones de alta capacidad y disponibilidad, cubre todo el territorio nacional, especialmente a los centros cr\u00edticos de demanda del sector el\u00e9ctrico, con un &nbsp;total de 96 nodos de la red de telecomunicaciones.<\/p>\n\n\n\n<div style=\"height:30px\" aria-hidden=\"true\" class=\"wp-block-spacer\"><\/div>\n\n\n<div class=\"wp-block-image\">\n<figure class=\"aligncenter size-large\"><img loading=\"lazy\" decoding=\"async\" width=\"798\" height=\"1024\" src=\"https:\/\/www.celec.gob.ec\/transelectric\/wp-content\/uploads\/2023\/02\/Mapa_fibre_2019-798x1024.jpg\" alt=\"\" class=\"wp-image-67\" srcset=\"https:\/\/www.celec.gob.ec\/transelectric\/wp-content\/uploads\/2023\/02\/Mapa_fibre_2019-798x1024.jpg 798w, https:\/\/www.celec.gob.ec\/transelectric\/wp-content\/uploads\/2023\/02\/Mapa_fibre_2019-234x300.jpg 234w, https:\/\/www.celec.gob.ec\/transelectric\/wp-content\/uploads\/2023\/02\/Mapa_fibre_2019-768x986.jpg 768w, https:\/\/www.celec.gob.ec\/transelectric\/wp-content\/uploads\/2023\/02\/Mapa_fibre_2019-1196x1536.jpg 1196w, https:\/\/www.celec.gob.ec\/transelectric\/wp-content\/uploads\/2023\/02\/Mapa_fibre_2019.jpg 1240w\" sizes=\"auto, (max-width: 798px) 100vw, 798px\" \/><\/figure>\n<\/div>\n\n\n<div style=\"height:30px\" aria-hidden=\"true\" class=\"wp-block-spacer\"><\/div>\n\n\n\n<p><strong>Tecnolog\u00edas de transporte y transmisi\u00f3n:&nbsp;<\/strong>Para la prestaci\u00f3n de los servicios de telecomunicaciones a trav\u00e9s de la red de fibra \u00f3ptica, se cuenta con diferentes sistemas de transmisi\u00f3n: jrarqu\u00eda digital plesi\u00f3crona -PDH, utilizada para bajas capacidades demandadas por el sistema el\u00e9ctrico; y, jerarqu\u00eda digital sincr\u00f3nica -SDH, para manejo de capacidades superiores. Lo cual permite atender de forma adecuada los requerimientos de los usuarios.<\/p>\n\n\n\n<p>Todos los sistemas de transmisi\u00f3n de telecomunicaciones se &nbsp;gestionan desde el Centro de Gesti\u00f3n de Telecomunicaciones de CELEC EP \u2013 TRANSELECTRIC.<\/p>\n","protected":false},"excerpt":{"rendered":"<p>La Unidad de Negocio TRANSELECTRIC desde el a\u00f1o 2003 proporciona a trav\u00e9s de su red de telecomunicaciones, servicios a clientes p\u00fablicos y privados del sector el\u00e9ctrico. Red de fibra \u00f3ptica:&nbsp;est\u00e1 colocada &nbsp;sobre las estructuras del Sistema Nacional de Transmisi\u00f3n &nbsp;y conformada por 5.870,95 kil\u00f3metros de cable de guarda OPGW. Esta red, por sus caracter\u00edsticas particulares, [&hellip;]<\/p>\n","protected":false},"author":1,"featured_media":0,"parent":0,"menu_order":0,"comment_status":"closed","ping_status":"closed","template":"","meta":{"_acf_changed":false,"inline_featured_image":false,"_themeisle_gutenberg_block_has_review":false,"footnotes":""},"categories":[],"tags":[],"class_list":["post-331","page","type-page","status-publish","hentry"],"acf":[],"_links":{"self":[{"href":"https:\/\/www.celec.gob.ec\/transelectric\/wp-json\/wp\/v2\/pages\/331","targetHints":{"allow":["GET"]}}],"collection":[{"href":"https:\/\/www.celec.gob.ec\/transelectric\/wp-json\/wp\/v2\/pages"}],"about":[{"href":"https:\/\/www.celec.gob.ec\/transelectric\/wp-json\/wp\/v2\/types\/page"}],"author":[{"embeddable":true,"href":"https:\/\/www.celec.gob.ec\/transelectric\/wp-json\/wp\/v2\/users\/1"}],"replies":[{"embeddable":true,"href":"https:\/\/www.celec.gob.ec\/transelectric\/wp-json\/wp\/v2\/comments?post=331"}],"version-history":[{"count":1,"href":"https:\/\/www.celec.gob.ec\/transelectric\/wp-json\/wp\/v2\/pages\/331\/revisions"}],"predecessor-version":[{"id":332,"href":"https:\/\/www.celec.gob.ec\/transelectric\/wp-json\/wp\/v2\/pages\/331\/revisions\/332"}],"wp:attachment":[{"href":"https:\/\/www.celec.gob.ec\/transelectric\/wp-json\/wp\/v2\/media?parent=331"}],"wp:term":[{"taxonomy":"category","embeddable":true,"href":"https:\/\/www.celec.gob.ec\/transelectric\/wp-json\/wp\/v2\/categories?post=331"},{"taxonomy":"post_tag","embeddable":true,"href":"https:\/\/www.celec.gob.ec\/transelectric\/wp-json\/wp\/v2\/tags?post=331"}],"curies":[{"name":"wp","href":"https:\/\/api.w.org\/{rel}","templated":true}]}}