{"id":5032,"date":"2021-09-14T21:37:50","date_gmt":"2023-05-18T14:41:14","guid":{"rendered":"https:\/\/www.celec.gob.ec\/transelectric\/?page_id=5032"},"modified":"2023-06-08T19:46:41","modified_gmt":"2023-06-09T00:46:41","slug":"proceso-de-seleccion-simple-para-especialista-de-gestion-social-y-ambiental","status":"publish","type":"page","link":"https:\/\/www.celec.gob.ec\/transelectric\/proceso-de-seleccion-simple-para-especialista-de-gestion-social-y-ambiental\/","title":{"rendered":"PROCESO DE SELECCI\u00d3N SIMPLE PARA ESPECIALISTA DE GESTI\u00d3N SOCIAL Y AMBIENTAL"},"content":{"rendered":"<p>En cumplimiento a lo dispuesto en el Reglamento para el Reclutamiento, Preselecci\u00f3n, Selecci\u00f3n, Vinculaci\u00f3n, e Inducci\u00f3n del Talento Humano de la Empresa P\u00fablica Estrat\u00e9gica Corporaci\u00f3n El\u00e9ctrica del Ecuador CELEC EP, segunda versi\u00f3n, por medio del presente pongo a vuestra consideraci\u00f3n el inicio de la fase de reclutamiento del PROCESO DE SELECCI\u00d3N SIMPLE.<\/p>\n<p>\u201c(\u2026) Art.7.- Reclutamiento: El comit\u00e9 de selecci\u00f3n designado para el efecto tendr\u00e1 la responsabilidad de esta actividad,&nbsp; cuyo objetivo&nbsp; es recopilar todas las postulaciones de los aspirantes potencialmente calificados para ocupar los puestos ofertados por la CELEC EP, sean necesidades temporales o definitivas\u201d.<\/p>\n<p>Este reclutamiento se lo realiza a trav\u00e9s de una convocatoria abierta, a trav\u00e9s de diferentes medios de comunicaci\u00f3n como: medios digitales y\/o plataforma digital institucional. (&#8230;)\u00bb<br \/>&nbsp;<br \/>Los aspirantes que cumplan con los requisitos, deber\u00e1n remitir su hoja de vida actualizada&nbsp; junto a los certificados laborales que respalden la informaci\u00f3n proporcionada para ser revisadas por el comit\u00e9; hasta las 16h00 del 15 de septiembre del 2021, enviando al correo electr\u00f3nico <a href=\"mailto:karina.carrion@celec.gob.ec\">karina.carrion@celec.gob.ec<\/a> indicando en Asunto el c\u00f3digo establecido para el cargo.<\/p>\n<p>&nbsp;<\/p>\n<p style=\"text-align: center;\"><a href=\"images\/stories\/noticias\/2021WEB\/convocatoria2021\/14%20de%20septiembre2021\/M15.P01.S02-F03%20Convocatoria%20para%20vinculaci%C3%B3n%202021-33.pdf\">Hacer clic aqu\u00ed para descargar el requerimiento<\/a><\/p>\n<p>&nbsp;<\/p>\n<p>&nbsp;<\/p>\n","protected":false},"excerpt":{"rendered":"<p>En cumplimiento a lo dispuesto en el Reglamento para el Reclutamiento, Preselecci\u00f3n, Selecci\u00f3n, Vinculaci\u00f3n, e Inducci\u00f3n del Talento Humano de la Empresa P\u00fablica Estrat\u00e9gica Corporaci\u00f3n El\u00e9ctrica del Ecuador CELEC EP, segunda versi\u00f3n, por medio del presente pongo a vuestra consideraci\u00f3n el inicio de la fase de reclutamiento del PROCESO DE SELECCI\u00d3N SIMPLE. \u201c(\u2026) Art.7.- Reclutamiento: [&hellip;]<\/p>\n","protected":false},"author":1,"featured_media":0,"parent":0,"menu_order":242,"comment_status":"open","ping_status":"closed","template":"","meta":{"_acf_changed":false,"inline_featured_image":false,"_themeisle_gutenberg_block_has_review":false,"footnotes":""},"categories":[],"tags":[],"class_list":["post-5032","page","type-page","status-publish","hentry"],"acf":[],"_links":{"self":[{"href":"https:\/\/www.celec.gob.ec\/transelectric\/wp-json\/wp\/v2\/pages\/5032","targetHints":{"allow":["GET"]}}],"collection":[{"href":"https:\/\/www.celec.gob.ec\/transelectric\/wp-json\/wp\/v2\/pages"}],"about":[{"href":"https:\/\/www.celec.gob.ec\/transelectric\/wp-json\/wp\/v2\/types\/page"}],"author":[{"embeddable":true,"href":"https:\/\/www.celec.gob.ec\/transelectric\/wp-json\/wp\/v2\/users\/1"}],"replies":[{"embeddable":true,"href":"https:\/\/www.celec.gob.ec\/transelectric\/wp-json\/wp\/v2\/comments?post=5032"}],"version-history":[{"count":2,"href":"https:\/\/www.celec.gob.ec\/transelectric\/wp-json\/wp\/v2\/pages\/5032\/revisions"}],"predecessor-version":[{"id":5416,"href":"https:\/\/www.celec.gob.ec\/transelectric\/wp-json\/wp\/v2\/pages\/5032\/revisions\/5416"}],"wp:attachment":[{"href":"https:\/\/www.celec.gob.ec\/transelectric\/wp-json\/wp\/v2\/media?parent=5032"}],"wp:term":[{"taxonomy":"category","embeddable":true,"href":"https:\/\/www.celec.gob.ec\/transelectric\/wp-json\/wp\/v2\/categories?post=5032"},{"taxonomy":"post_tag","embeddable":true,"href":"https:\/\/www.celec.gob.ec\/transelectric\/wp-json\/wp\/v2\/tags?post=5032"}],"curies":[{"name":"wp","href":"https:\/\/api.w.org\/{rel}","templated":true}]}}