{"id":5035,"date":"2021-09-15T15:27:48","date_gmt":"2023-05-18T14:42:08","guid":{"rendered":"https:\/\/www.celec.gob.ec\/transelectric\/?page_id=5035"},"modified":"2023-06-08T19:47:34","modified_gmt":"2023-06-09T00:47:34","slug":"proceso-de-seleccion-simple-asistente-de-tecnologia-de-la-informacion-y-comunicacion","status":"publish","type":"page","link":"https:\/\/www.celec.gob.ec\/transelectric\/proceso-de-seleccion-simple-asistente-de-tecnologia-de-la-informacion-y-comunicacion\/","title":{"rendered":"PROCESO DE SELECCION SIMPLE ASISTENTE DE TECNOLOG\u00cdA DE LA INFORMACI\u00d3N Y COMUNICACI\u00d3N"},"content":{"rendered":"<p style=\"text-align: justify;\">En cumplimiento a lo dispuesto en el Reglamento para el Reclutamiento, Preselecci\u00f3n, Selecci\u00f3n, Vinculaci\u00f3n, e Inducci\u00f3n del Talento Humano de la Empresa P\u00fablica Estrat\u00e9gica Corporaci\u00f3n El\u00e9ctrica del Ecuador CELEC EP, segunda versi\u00f3n, por medio&nbsp;del presente pongo a vuestra consideraci\u00f3n el inicio&nbsp;de&nbsp;la fase&nbsp;de&nbsp;reclutamiento del&nbsp;PROCESO DE&nbsp;SELECCI\u00d3N&nbsp;SIMPLE.<br \/>&nbsp;<br \/>\u201c(\u2026) Art.7.- Reclutamiento: El Comit\u00e9 de selecci\u00f3n designado para el efecto tendr\u00e1 la responsabilidad de esta actividad,&nbsp; cuyo objetivo&nbsp; es recopilar todas las postulaciones de los aspirantes potencialmente calificados para ocupar los puestos ofertados por la CELEC EP, sean necesidades temporales o definitivas.<\/p>\n<p style=\"text-align: justify;\">Los aspirantes que cumplan con los requisitos, deber\u00e1n remitir su hoja de vida actualizada &nbsp;junto a los certificados laborales que respalden la informaci\u00f3n proporcionada para ser revisadas por el comit\u00e9; <strong>hasta las 15h00 del d\u00eda jueves 16 de septiembre del 2021<\/strong>, enviando al correo electr\u00f3nico&nbsp;<a href=\"mailto:johanna.lopez@celec.gob.ec\">johanna.lopez@celec.gob.ec<\/a>&nbsp;indicando en Asunto el c\u00f3digo establecido para cada cargo.<\/p>\n<p>&nbsp;<\/p>\n<p style=\"text-align: center;\"><a href=\"images\/stories\/noticias\/2021WEB\/convocatoria2021\/15sptiembre2021\/M15.P01.S02-F03%20Convocatoria%20para%20vinculaci%C3%B3n%202021-32.pdf\">Haga clic aqu\u00ed para ver el requerimiento<\/a><\/p>\n","protected":false},"excerpt":{"rendered":"<p>En cumplimiento a lo dispuesto en el Reglamento para el Reclutamiento, Preselecci\u00f3n, Selecci\u00f3n, Vinculaci\u00f3n, e Inducci\u00f3n del Talento Humano de la Empresa P\u00fablica Estrat\u00e9gica Corporaci\u00f3n El\u00e9ctrica del Ecuador CELEC EP, segunda versi\u00f3n, por medio&nbsp;del presente pongo a vuestra consideraci\u00f3n el inicio&nbsp;de&nbsp;la fase&nbsp;de&nbsp;reclutamiento del&nbsp;PROCESO DE&nbsp;SELECCI\u00d3N&nbsp;SIMPLE.&nbsp;\u201c(\u2026) Art.7.- Reclutamiento: El Comit\u00e9 de selecci\u00f3n designado para el efecto tendr\u00e1 [&hellip;]<\/p>\n","protected":false},"author":1,"featured_media":0,"parent":0,"menu_order":241,"comment_status":"open","ping_status":"closed","template":"","meta":{"_acf_changed":false,"inline_featured_image":false,"_themeisle_gutenberg_block_has_review":false,"footnotes":""},"categories":[],"tags":[],"class_list":["post-5035","page","type-page","status-publish","hentry"],"acf":[],"_links":{"self":[{"href":"https:\/\/www.celec.gob.ec\/transelectric\/wp-json\/wp\/v2\/pages\/5035","targetHints":{"allow":["GET"]}}],"collection":[{"href":"https:\/\/www.celec.gob.ec\/transelectric\/wp-json\/wp\/v2\/pages"}],"about":[{"href":"https:\/\/www.celec.gob.ec\/transelectric\/wp-json\/wp\/v2\/types\/page"}],"author":[{"embeddable":true,"href":"https:\/\/www.celec.gob.ec\/transelectric\/wp-json\/wp\/v2\/users\/1"}],"replies":[{"embeddable":true,"href":"https:\/\/www.celec.gob.ec\/transelectric\/wp-json\/wp\/v2\/comments?post=5035"}],"version-history":[{"count":2,"href":"https:\/\/www.celec.gob.ec\/transelectric\/wp-json\/wp\/v2\/pages\/5035\/revisions"}],"predecessor-version":[{"id":5418,"href":"https:\/\/www.celec.gob.ec\/transelectric\/wp-json\/wp\/v2\/pages\/5035\/revisions\/5418"}],"wp:attachment":[{"href":"https:\/\/www.celec.gob.ec\/transelectric\/wp-json\/wp\/v2\/media?parent=5035"}],"wp:term":[{"taxonomy":"category","embeddable":true,"href":"https:\/\/www.celec.gob.ec\/transelectric\/wp-json\/wp\/v2\/categories?post=5035"},{"taxonomy":"post_tag","embeddable":true,"href":"https:\/\/www.celec.gob.ec\/transelectric\/wp-json\/wp\/v2\/tags?post=5035"}],"curies":[{"name":"wp","href":"https:\/\/api.w.org\/{rel}","templated":true}]}}