{"id":5166,"date":"2023-05-31T18:21:14","date_gmt":"2023-05-31T23:21:14","guid":{"rendered":"https:\/\/www.celec.gob.ec\/transelectric\/?page_id=5166"},"modified":"2023-05-31T18:21:15","modified_gmt":"2023-05-31T23:21:15","slug":"proceso-de-seleccion-simple-especialista-de-adquisiciones-marzo-2022","status":"publish","type":"page","link":"https:\/\/www.celec.gob.ec\/transelectric\/proceso-de-seleccion-simple-especialista-de-adquisiciones-marzo-2022\/","title":{"rendered":"PROCESO DE SELECCI\u00d3N SIMPLE ESPECIALISTA DE ADQUISICIONES MARZO 2022"},"content":{"rendered":"\n<p>En cumplimiento del \u201c<em>Reglamento para el Reclutamiento, Preselecci\u00f3n, Selecci\u00f3n, Vinculaci\u00f3n, e Inducci\u00f3n del Talento Humano de la Empresa P\u00fablica Estrat\u00e9gica Corporaci\u00f3n El\u00e9ctrica del Ecuador CELEC EP<\/em>\u201d, segunda versi\u00f3n, se pone en consideraci\u00f3n el inicio&nbsp;de&nbsp;la fase&nbsp;de&nbsp;reclutamiento del<strong>&nbsp;PROCESO DE&nbsp;SELECCI\u00d3N&nbsp;SIMPLE<\/strong>, para cubrir el cargo detallado en el anexo adjunto.&nbsp;<\/p>\n\n\n\n<p><em>\u201c(\u2026) Art.7.- Reclutamiento: El Comit\u00e9 de selecci\u00f3n designado para el efecto tendr\u00e1 la responsabilidad de esta actividad, cuyo objetivo es recopilar todas las postulaciones de los aspirantes potencialmente calificados para ocupar los puestos ofertados por la CELEC EP, sean necesidades temporales o definitivas.<\/em>&nbsp;<\/p>\n\n\n\n<p><em>Este reclutamiento se lo realiza a trav\u00e9s&nbsp;de&nbsp;una&nbsp;convocatoria&nbsp;abierta, a trav\u00e9s&nbsp;de&nbsp;diferentes medios&nbsp;de&nbsp;comunicaci\u00f3n como: medios digitales y\/o plataforma digital institucional.&nbsp;(&#8230;)\u00bb<\/em>&nbsp;<\/p>\n\n\n\n<p>Los aspirantes que cumplan los requisitos, deber\u00e1n remitir su hoja de vida&nbsp;<strong>actualizada<\/strong>&nbsp;&nbsp;junto a los&nbsp;<strong>documentos que certifiquen<\/strong>&nbsp;su instrucci\u00f3n formal, experiencia laboral y cursos realizados para ser revisadas por el comit\u00e9; hasta las 17h00 del d\u00eda mi\u00e9rcoles 30 de marzo del 2022, enviando al correo electr\u00f3nico&nbsp;<a href=\"mailto:johanna.lopez@celec.gob.ec\" target=\"_blank\" rel=\"noreferrer noopener\"><\/a><a href=\"mailto:johanna.lopez@celec.gob.ec\">johanna.lopez@celec.gob.ec<\/a>&nbsp;registrando como ASUNTO el cargo al que aplican<strong><em>, \u201cconsider\u00e1ndose \u00fanicamente las que apliquen dentro de este periodo de tiempo, no se receptar\u00e1 documento alguno despu\u00e9s de la recepci\u00f3n de la postulaci\u00f3n.\u201d<\/em><\/strong>&nbsp;<\/p>\n\n\n\n<p class=\"has-text-align-center\"><a href=\"https:\/\/www.celec.gob.ec\/transelectric\/images\/stories\/noticias\/2022WEB\/Empleos%20web\/Marzo\/29demarzo2022\/M15.P01.S02-F03%20Convocatoria%20para%20vinculaci%C3%B3n%202022-30%20(1).pdf\">Para ver el requerimiento haga clic aqu<\/a>\u00ed<\/p>\n","protected":false},"excerpt":{"rendered":"<p>En cumplimiento del \u201cReglamento para el Reclutamiento, Preselecci\u00f3n, Selecci\u00f3n, Vinculaci\u00f3n, e Inducci\u00f3n del Talento Humano de la Empresa P\u00fablica Estrat\u00e9gica Corporaci\u00f3n El\u00e9ctrica del Ecuador CELEC EP\u201d, segunda versi\u00f3n, se pone en consideraci\u00f3n el inicio&nbsp;de&nbsp;la fase&nbsp;de&nbsp;reclutamiento del&nbsp;PROCESO DE&nbsp;SELECCI\u00d3N&nbsp;SIMPLE, para cubrir el cargo detallado en el anexo adjunto.&nbsp; \u201c(\u2026) Art.7.- Reclutamiento: El Comit\u00e9 de selecci\u00f3n designado para [&hellip;]<\/p>\n","protected":false},"author":1,"featured_media":0,"parent":0,"menu_order":0,"comment_status":"closed","ping_status":"closed","template":"","meta":{"_acf_changed":false,"inline_featured_image":false,"_themeisle_gutenberg_block_has_review":false,"footnotes":""},"categories":[],"tags":[],"class_list":["post-5166","page","type-page","status-publish","hentry"],"acf":[],"_links":{"self":[{"href":"https:\/\/www.celec.gob.ec\/transelectric\/wp-json\/wp\/v2\/pages\/5166","targetHints":{"allow":["GET"]}}],"collection":[{"href":"https:\/\/www.celec.gob.ec\/transelectric\/wp-json\/wp\/v2\/pages"}],"about":[{"href":"https:\/\/www.celec.gob.ec\/transelectric\/wp-json\/wp\/v2\/types\/page"}],"author":[{"embeddable":true,"href":"https:\/\/www.celec.gob.ec\/transelectric\/wp-json\/wp\/v2\/users\/1"}],"replies":[{"embeddable":true,"href":"https:\/\/www.celec.gob.ec\/transelectric\/wp-json\/wp\/v2\/comments?post=5166"}],"version-history":[{"count":1,"href":"https:\/\/www.celec.gob.ec\/transelectric\/wp-json\/wp\/v2\/pages\/5166\/revisions"}],"predecessor-version":[{"id":5167,"href":"https:\/\/www.celec.gob.ec\/transelectric\/wp-json\/wp\/v2\/pages\/5166\/revisions\/5167"}],"wp:attachment":[{"href":"https:\/\/www.celec.gob.ec\/transelectric\/wp-json\/wp\/v2\/media?parent=5166"}],"wp:term":[{"taxonomy":"category","embeddable":true,"href":"https:\/\/www.celec.gob.ec\/transelectric\/wp-json\/wp\/v2\/categories?post=5166"},{"taxonomy":"post_tag","embeddable":true,"href":"https:\/\/www.celec.gob.ec\/transelectric\/wp-json\/wp\/v2\/tags?post=5166"}],"curies":[{"name":"wp","href":"https:\/\/api.w.org\/{rel}","templated":true}]}}