{"id":5629,"date":"2023-06-09T14:13:05","date_gmt":"2023-06-09T19:13:05","guid":{"rendered":"https:\/\/www.celec.gob.ec\/transelectric\/?page_id=5629"},"modified":"2023-06-09T14:43:07","modified_gmt":"2023-06-09T19:43:07","slug":"anexos-sistema-de-transmision-la-avanzada-230-138-kv","status":"publish","type":"page","link":"https:\/\/www.celec.gob.ec\/transelectric\/anexos-sistema-de-transmision-la-avanzada-230-138-kv\/","title":{"rendered":"Anexos sistema de transmisi\u00f3n La Avanzada 230\/138 kV"},"content":{"rendered":"\n<p><a rel=\"noreferrer noopener\" href=\"https:\/\/www.celec.gob.ec\/transelectric\/cartografia-del-sistema-de-transmision-la-avanzada-230-138-kv\/\" target=\"_blank\">ACREDITACI\u00d3N DE LABORATORIO<\/a><br><a rel=\"noreferrer noopener\" href=\"https:\/\/www.celec.gob.ec\/transelectric\/reportes-de-laboratorio-sistema-de-transmision-la-avanzada-230-138-kv-2\/\" target=\"_blank\">REPORTES DE LABORATORIO<\/a><br><a rel=\"noreferrer noopener\" href=\"https:\/\/www.celec.gob.ec\/transelectric\/cartografia-del-sistema-de-transmision-la-avanzada-230-138-kv-2\/\" target=\"_blank\">CARTOGRAF\u00cdA<\/a><br><a rel=\"noreferrer noopener\" href=\"https:\/\/www.celec.gob.ec\/transelectric\/social-sistema-de-transmision-la-avanzada-230-138-kv\/\" target=\"_blank\">SOCIAL<\/a><br><a rel=\"noreferrer noopener\" href=\"https:\/\/www.celec.gob.ec\/transelectric\/images\/stories\/noticias\/2021WEB\/STLaAvanzada\/ANEXOS\/5.%20BIOTICO\/1.%20Anexo%20Fotogr%C3%A1fico%20Biotico.pdf\" target=\"_blank\">BI\u00d3TICO<\/a><\/p>\n","protected":false},"excerpt":{"rendered":"<p>ACREDITACI\u00d3N DE LABORATORIOREPORTES DE LABORATORIOCARTOGRAF\u00cdASOCIALBI\u00d3TICO<\/p>\n","protected":false},"author":1,"featured_media":0,"parent":0,"menu_order":0,"comment_status":"closed","ping_status":"closed","template":"","meta":{"_acf_changed":false,"inline_featured_image":false,"_themeisle_gutenberg_block_has_review":false,"footnotes":""},"categories":[30],"tags":[],"class_list":["post-5629","page","type-page","status-publish","hentry","category-responsabilidad-social"],"acf":[],"_links":{"self":[{"href":"https:\/\/www.celec.gob.ec\/transelectric\/wp-json\/wp\/v2\/pages\/5629","targetHints":{"allow":["GET"]}}],"collection":[{"href":"https:\/\/www.celec.gob.ec\/transelectric\/wp-json\/wp\/v2\/pages"}],"about":[{"href":"https:\/\/www.celec.gob.ec\/transelectric\/wp-json\/wp\/v2\/types\/page"}],"author":[{"embeddable":true,"href":"https:\/\/www.celec.gob.ec\/transelectric\/wp-json\/wp\/v2\/users\/1"}],"replies":[{"embeddable":true,"href":"https:\/\/www.celec.gob.ec\/transelectric\/wp-json\/wp\/v2\/comments?post=5629"}],"version-history":[{"count":3,"href":"https:\/\/www.celec.gob.ec\/transelectric\/wp-json\/wp\/v2\/pages\/5629\/revisions"}],"predecessor-version":[{"id":5674,"href":"https:\/\/www.celec.gob.ec\/transelectric\/wp-json\/wp\/v2\/pages\/5629\/revisions\/5674"}],"wp:attachment":[{"href":"https:\/\/www.celec.gob.ec\/transelectric\/wp-json\/wp\/v2\/media?parent=5629"}],"wp:term":[{"taxonomy":"category","embeddable":true,"href":"https:\/\/www.celec.gob.ec\/transelectric\/wp-json\/wp\/v2\/categories?post=5629"},{"taxonomy":"post_tag","embeddable":true,"href":"https:\/\/www.celec.gob.ec\/transelectric\/wp-json\/wp\/v2\/tags?post=5629"}],"curies":[{"name":"wp","href":"https:\/\/api.w.org\/{rel}","templated":true}]}}