{"id":7292,"date":"2024-01-12T13:56:11","date_gmt":"2024-01-12T18:56:11","guid":{"rendered":"https:\/\/www.celec.gob.ec\/transelectric\/?page_id=7292"},"modified":"2024-01-12T14:12:28","modified_gmt":"2024-01-12T19:12:28","slug":"limites-operativos-del-snt","status":"publish","type":"page","link":"https:\/\/www.celec.gob.ec\/transelectric\/limites-operativos-del-snt\/","title":{"rendered":"L\u00edmites Operativos del SNT"},"content":{"rendered":"Los L\u00edmites Operativos del Sistema Nacional de Transmisi\u00f3n &#8211; SNT. constituyen una informaci\u00f3n de consulta en materia el\u00e9ctrica para los participantes del Sector El\u00e9ctrico Ecuatoriano \u2013 SEE, donde se puede conocer a detalle los datos t\u00e9cnicos de los activos principales de las instalaciones del SNT.\n\n<div style=\"height:50px\" aria-hidden=\"true\" class=\"wp-block-spacer\"><\/div>\n\nPara Ingresar a los limites Operativos del SNT, hacer clic <a href=\"https:\/\/www.celec.gob.ec\/transelectric\/declaraciones-de-parametros-y-limites-operativos\/\">aqu\u00ed<\/a>.","protected":false},"excerpt":{"rendered":"<p>Los L\u00edmites Operativos del Sistema Nacional de Transmisi\u00f3n &#8211; SNT. constituyen una informaci\u00f3n de consulta en materia el\u00e9ctrica para los participantes del Sector El\u00e9ctrico Ecuatoriano \u2013 SEE, donde se puede conocer a detalle los datos t\u00e9cnicos de los activos principales de las instalaciones del SNT. Para Ingresar a los limites Operativos del SNT, hacer clic [&hellip;]<\/p>\n","protected":false},"author":6,"featured_media":0,"parent":0,"menu_order":0,"comment_status":"closed","ping_status":"closed","template":"","meta":{"_acf_changed":false,"inline_featured_image":false,"_themeisle_gutenberg_block_has_review":false,"footnotes":""},"categories":[],"tags":[],"class_list":["post-7292","page","type-page","status-publish","hentry"],"acf":[],"_links":{"self":[{"href":"https:\/\/www.celec.gob.ec\/transelectric\/wp-json\/wp\/v2\/pages\/7292","targetHints":{"allow":["GET"]}}],"collection":[{"href":"https:\/\/www.celec.gob.ec\/transelectric\/wp-json\/wp\/v2\/pages"}],"about":[{"href":"https:\/\/www.celec.gob.ec\/transelectric\/wp-json\/wp\/v2\/types\/page"}],"author":[{"embeddable":true,"href":"https:\/\/www.celec.gob.ec\/transelectric\/wp-json\/wp\/v2\/users\/6"}],"replies":[{"embeddable":true,"href":"https:\/\/www.celec.gob.ec\/transelectric\/wp-json\/wp\/v2\/comments?post=7292"}],"version-history":[{"count":6,"href":"https:\/\/www.celec.gob.ec\/transelectric\/wp-json\/wp\/v2\/pages\/7292\/revisions"}],"predecessor-version":[{"id":7301,"href":"https:\/\/www.celec.gob.ec\/transelectric\/wp-json\/wp\/v2\/pages\/7292\/revisions\/7301"}],"wp:attachment":[{"href":"https:\/\/www.celec.gob.ec\/transelectric\/wp-json\/wp\/v2\/media?parent=7292"}],"wp:term":[{"taxonomy":"category","embeddable":true,"href":"https:\/\/www.celec.gob.ec\/transelectric\/wp-json\/wp\/v2\/categories?post=7292"},{"taxonomy":"post_tag","embeddable":true,"href":"https:\/\/www.celec.gob.ec\/transelectric\/wp-json\/wp\/v2\/tags?post=7292"}],"curies":[{"name":"wp","href":"https:\/\/api.w.org\/{rel}","templated":true}]}}