{"id":9982,"date":"2025-06-11T15:49:00","date_gmt":"2025-06-11T20:49:00","guid":{"rendered":"https:\/\/www.celec.gob.ec\/transelectric\/?page_id=9982"},"modified":"2025-06-11T16:13:36","modified_gmt":"2025-06-11T21:13:36","slug":"proceso-de-seleccion-simple-especialista-de-construccionesde-montaje-electromecanico-11-de-junio-de-2025","status":"publish","type":"page","link":"https:\/\/www.celec.gob.ec\/transelectric\/proceso-de-seleccion-simple-especialista-de-construccionesde-montaje-electromecanico-11-de-junio-de-2025\/","title":{"rendered":"Procesos de Selecci\u00f3n Simple, Circunscripci\u00f3n Territorial Especial Amaz\u00f3nica, 11 de junio de 2025"},"content":{"rendered":"\n<p>Al ser procesos que se realizaran en la Zona Oriente, y en la cual rige la Ley Org\u00e1nica para la planificaci\u00f3n integral de la circunscripci\u00f3n territorial especial Amaz\u00f3nica, en el cual en el Art. 41.1 dice: Derecho al empleo preferente.- Todas las personas naturales y jur\u00eddicas, las empresas p\u00fablicas, privadas, mixtas comunitarias, con capitales nacionales o extranjeros, que realizan sus actividades en la jurisdicci\u00f3n de la Circunscripci\u00f3n Territorial Especial Amaz\u00f3nica contratar\u00e1n a residentes de la misma, no menos del 80% de la n\u00f3mina, para ejecuci\u00f3n de actividades dentro de la Circunscripci\u00f3n, con excepci\u00f3n de aquellas para las que no exista la mano de obra calificada requerida, en la misma; si en los procesos que se est\u00e1n realizando no llega existir el personal necesario se llevar\u00e1 a cabo a nivel nacional.<\/p>\n\n\n\n<p>Los interesados podr\u00e1n postular en la Agencia Encuentra Empleo correspondiente a la oficina en la que se encuentra publicado el proceso (Av. Sevilla de Oro y 24 de mayo, frente al parque central, ubicado en la ciudad de Zamora), hasta las 16h45 del 16 de junio de 2025.<\/p>\n\n\n\n<p class=\"has-text-align-center\"><strong><a href=\"https:\/\/www.celec.gob.ec\/transelectric\/wp-content\/uploads\/2025\/06\/convocatoria-cumbaratza-1.pdf\" data-type=\"link\" data-id=\"https:\/\/www.celec.gob.ec\/transelectric\/wp-content\/uploads\/2025\/06\/convocatoria-cumbaratza-1.pdf\">Para ver el requerimiento\u00a0hacer clic aqu\u00ed<\/a><\/strong><\/p>\n","protected":false},"excerpt":{"rendered":"<p>Al ser procesos que se realizaran en la Zona Oriente, y en la cual rige la Ley Org\u00e1nica para la planificaci\u00f3n integral de la circunscripci\u00f3n territorial especial Amaz\u00f3nica, en el cual en el Art. 41.1 dice: Derecho al empleo preferente.- Todas las personas naturales y jur\u00eddicas, las empresas p\u00fablicas, privadas, mixtas comunitarias, con capitales nacionales [&hellip;]<\/p>\n","protected":false},"author":3,"featured_media":0,"parent":0,"menu_order":0,"comment_status":"closed","ping_status":"closed","template":"","meta":{"_acf_changed":false,"inline_featured_image":false,"_themeisle_gutenberg_block_has_review":false,"footnotes":""},"categories":[],"tags":[],"class_list":["post-9982","page","type-page","status-publish","hentry"],"acf":[],"_links":{"self":[{"href":"https:\/\/www.celec.gob.ec\/transelectric\/wp-json\/wp\/v2\/pages\/9982","targetHints":{"allow":["GET"]}}],"collection":[{"href":"https:\/\/www.celec.gob.ec\/transelectric\/wp-json\/wp\/v2\/pages"}],"about":[{"href":"https:\/\/www.celec.gob.ec\/transelectric\/wp-json\/wp\/v2\/types\/page"}],"author":[{"embeddable":true,"href":"https:\/\/www.celec.gob.ec\/transelectric\/wp-json\/wp\/v2\/users\/3"}],"replies":[{"embeddable":true,"href":"https:\/\/www.celec.gob.ec\/transelectric\/wp-json\/wp\/v2\/comments?post=9982"}],"version-history":[{"count":4,"href":"https:\/\/www.celec.gob.ec\/transelectric\/wp-json\/wp\/v2\/pages\/9982\/revisions"}],"predecessor-version":[{"id":9989,"href":"https:\/\/www.celec.gob.ec\/transelectric\/wp-json\/wp\/v2\/pages\/9982\/revisions\/9989"}],"wp:attachment":[{"href":"https:\/\/www.celec.gob.ec\/transelectric\/wp-json\/wp\/v2\/media?parent=9982"}],"wp:term":[{"taxonomy":"category","embeddable":true,"href":"https:\/\/www.celec.gob.ec\/transelectric\/wp-json\/wp\/v2\/categories?post=9982"},{"taxonomy":"post_tag","embeddable":true,"href":"https:\/\/www.celec.gob.ec\/transelectric\/wp-json\/wp\/v2\/tags?post=9982"}],"curies":[{"name":"wp","href":"https:\/\/api.w.org\/{rel}","templated":true}]}}